{"id":8761,"date":"2021-05-29T22:44:28","date_gmt":"2021-05-29T20:44:28","guid":{"rendered":"https:\/\/kirche-hettenhausen.de\/site\/?page_id=8761"},"modified":"2022-03-19T10:41:16","modified_gmt":"2022-03-19T09:41:16","slug":"zeltplatz-lage","status":"publish","type":"page","link":"https:\/\/www.kirche-hettenhausen.de\/site\/einrichtungen\/zeltplatz-am-hauck\/zeltplatz-lage\/","title":{"rendered":"Zeltplatz &#038; Lage"},"content":{"rendered":"<div class=\"n module-type-text diyfeLiveArea \">\n<p><img loading=\"lazy\" decoding=\"async\" class=\"alignright wp-image-9822 size-full\" src=\"https:\/\/www.kirche-hettenhausen.de\/site\/wp-content\/uploads\/2021\/08\/Logo-Zeltplatz-am-Hauck-440x90-1.png\" alt=\"\" width=\"440\" height=\"90\" srcset=\"https:\/\/www.kirche-hettenhausen.de\/site\/wp-content\/uploads\/2021\/08\/Logo-Zeltplatz-am-Hauck-440x90-1.png 440w, https:\/\/www.kirche-hettenhausen.de\/site\/wp-content\/uploads\/2021\/08\/Logo-Zeltplatz-am-Hauck-440x90-1-300x61.png 300w\" sizes=\"auto, (max-width: 440px) 100vw, 440px\" \/><\/p>\n<\/div>\n<p>&nbsp;<\/p>\n<p>&nbsp;<\/p>\n<p>&nbsp;<\/p>\n<div class=\"n module-type-text diyfeLiveArea \">\n<p>Der Zeltplatz am Hauck wird f\u00fcr organisierte Jugendarbeit (Freizeiten, Zeltlager etc.) von kirchlichen Gruppen, Tr\u00e4ger kommunaler Jugendarbeit sowie Vereinen, Verb\u00e4nden und Schulklassen genutzt. Grunds\u00e4tzlich ist unser Zeltplatz weltweit f\u00fcr alle offen, die nicht gegen geltendes Recht versto\u00dfen und christliche Werte akzeptieren und entsprechend handeln.<\/p>\n<p><em>F\u00fcr Einzelcamper und Wohnmobile ist der Zeltplatz nicht vorgesehen.<\/em><\/p>\n<p>&nbsp;<\/p>\n<\/div>\n<h3><span style=\"color: #db1385;\">Die Lage<\/span><\/h3>\n<p><img loading=\"lazy\" decoding=\"async\" class=\"aligncenter wp-image-8848 size-full\" src=\"https:\/\/www.kirche-hettenhausen.de\/site\/wp-content\/uploads\/2021\/05\/2434781140.jpg\" alt=\"\" width=\"902\" height=\"600\" srcset=\"https:\/\/www.kirche-hettenhausen.de\/site\/wp-content\/uploads\/2021\/05\/2434781140.jpg 902w, https:\/\/www.kirche-hettenhausen.de\/site\/wp-content\/uploads\/2021\/05\/2434781140-300x200.jpg 300w, https:\/\/www.kirche-hettenhausen.de\/site\/wp-content\/uploads\/2021\/05\/2434781140-768x511.jpg 768w, https:\/\/www.kirche-hettenhausen.de\/site\/wp-content\/uploads\/2021\/05\/2434781140-391x260.jpg 391w\" sizes=\"auto, (max-width: 902px) 100vw, 902px\" \/><\/p>\n<div class=\"n module-type-gallery diyfeLiveArea \">\n<div id=\"lightbox-gallery-5792054627\" class=\"ccgalerie clearover\">\n<div id=\"gallery_thumb_2481495966\" class=\"thumb_pro3\">\n<p>&nbsp;<\/p>\n<p class=\"innerthumbnail\">Der Zeltplatz am Hauck befindet sich in Hessen, genauer im Dreil\u00e4ndereck Hessen, Th\u00fcringen und Bayern (Franken). Er liegt im <a href=\"https:\/\/www.biosphaerenreservat-rhoen.de\/\" target=\"_blank\" rel=\"noopener\">Biosph\u00e4renreservat Rh\u00f6n<\/a> am Rande des h\u00f6chstgelegenen Dorfes Hessens: Dalherda, ein Stadtteil von Gersfeld (Rh\u00f6n) im Landkreis Fulda, 20 Autominuten von Fulda entfernt. Die Wasserkuppe, Hessens h\u00f6chster Berg mit seinen vielf\u00e4ltigen Freizeitm\u00f6glichkeiten, ist ca. 25 Autominuten entfernt.<\/p>\n<div class=\"n module-type-text diyfeLiveArea \">\n<p>Ganz genau:<\/p>\n<p>Gichenbacher Stra\u00dfe 20<br \/>\n36129 Gersfeld (Rh\u00f6n)-Dalherda<\/p>\n<p>50\u00b025&#8217;12.39&#8243;N<br \/>\n9\u00b049&#8217;55.67&#8243;E<\/p>\n<p><strong>Einkaufsm\u00f6glichkeiten und Apotheke, Arzt<\/strong> etc. sind in den 5 Kilometer entfernten Orten Schmalnau und Thalau zu finden. Der n\u00e4chstgelegene Bahnhof ist ebenfalls in Schmalnau.<\/p>\n<p>&nbsp;<\/p>\n<\/div>\n<\/div>\n<\/div>\n<div id=\"wp_osm_\" class=\"wp_osm\" style=\"width: 100%; height: 250px\" data-lon=\"6519310\" data-lat=\"1094400\" data-zoom=\"17\">\r\n\r\n\t<div class=\"ol-popup\">\r\n\r\n\t    <a href=\"#\" class=\"ol-popup-closer\"><\/a>\r\n\r\n\t    <div class=\"popup-content\"><\/div>\r\n\r\n\t<\/div>\r\n\r\n\t<div class=\"marker\" data-icon=\"https:\/\/kirche-hettenhausen.de\/site\/wp-content\/plugins\/wp-open-street-map\/images\/markers\/marker.png\" data-lon=\"1094460\" data-lat=\"6519370\" data-name=\"Zeltplatz am Hauck\" data-description=\"Zeltplatz am Hauck\"><\/div>\r\n<\/div>\n<p>&nbsp;<\/p>\n<p>&nbsp;<\/p>\n<div id=\"lightbox-gallery-5792054627\" class=\"ccgalerie clearover\">\n<div id=\"gallery_thumb_2481495966\" class=\"thumb_pro3\">\n<h3 class=\"innerthumbnail\"><span style=\"color: #db1385;\">Der Platz<\/span><\/h3>\n<h4><div id=\"metaslider-id-8887\" style=\"width: 100%;\" class=\"ml-slider-3-107-0 metaslider metaslider-nivo metaslider-8887 ml-slider ms-theme-default\" role=\"region\" aria-label=\"Zeltplatz Au\u00dfengel\u00e4nde\" data-height=\"600\" data-width=\"500\">\n    <div id=\"metaslider_container_8887\">\n        <div class='slider-wrapper theme-default'><div class='ribbon'><\/div><div id='metaslider_8887' class='nivoSlider'><img loading=\"lazy\" decoding=\"async\" src=\"https:\/\/www.kirche-hettenhausen.de\/site\/wp-content\/uploads\/2021\/05\/IMG-20210519-WA0028-500x600.jpg\" height=\"600\" width=\"500\" title=\"Zeltplatz am Hauck\" alt=\"\" class=\"slider-8887 slide-8888 msDefaultImage\" \/><img loading=\"lazy\" decoding=\"async\" src=\"https:\/\/www.kirche-hettenhausen.de\/site\/wp-content\/uploads\/2021\/05\/IMG-20210519-WA0026-500x600.jpg\" height=\"600\" width=\"500\" title=\"Zeltplatz am Hauck\" alt=\"\" class=\"slider-8887 slide-8889 msDefaultImage\" \/><img loading=\"lazy\" decoding=\"async\" src=\"https:\/\/www.kirche-hettenhausen.de\/site\/wp-content\/uploads\/2021\/05\/IMG-20210519-WA0025-500x600.jpg\" height=\"600\" width=\"500\" title=\"Zeltplatz am Hauck\" alt=\"\" class=\"slider-8887 slide-8890 msDefaultImage\" \/><img loading=\"lazy\" decoding=\"async\" src=\"https:\/\/www.kirche-hettenhausen.de\/site\/wp-content\/uploads\/2021\/05\/IMG-20210519-WA0024-500x600.jpg\" height=\"600\" width=\"500\" title=\"Zeltplatz am Hauck\" alt=\"\" class=\"slider-8887 slide-8891 msDefaultImage\" \/><img loading=\"lazy\" decoding=\"async\" src=\"https:\/\/www.kirche-hettenhausen.de\/site\/wp-content\/uploads\/2021\/05\/IMG-20210519-WA0022-500x600.jpg\" height=\"600\" width=\"500\" title=\"Zeltplatz am Hauck\" alt=\"\" class=\"slider-8887 slide-8892 msDefaultImage\" \/><img loading=\"lazy\" decoding=\"async\" src=\"https:\/\/www.kirche-hettenhausen.de\/site\/wp-content\/uploads\/2021\/05\/IMG-20210519-WA0020-500x600.jpg\" height=\"600\" width=\"500\" title=\"Zeltplatz am Hauck\" alt=\"\" class=\"slider-8887 slide-8893 msDefaultImage\" \/><img loading=\"lazy\" decoding=\"async\" src=\"https:\/\/www.kirche-hettenhausen.de\/site\/wp-content\/uploads\/2021\/05\/IMG-20210519-WA0019-500x600.jpg\" height=\"600\" width=\"500\" title=\"Zeltplatz am Hauck\" alt=\"\" class=\"slider-8887 slide-8894 msDefaultImage\" \/><img loading=\"lazy\" decoding=\"async\" src=\"https:\/\/www.kirche-hettenhausen.de\/site\/wp-content\/uploads\/2021\/05\/2439919778-249x299.jpg\" height=\"600\" width=\"500\" title=\"Zeltplatz am Hauck\" alt=\"\" class=\"slider-8887 slide-8895 msDefaultImage\" \/><img loading=\"lazy\" decoding=\"async\" src=\"https:\/\/www.kirche-hettenhausen.de\/site\/wp-content\/uploads\/2021\/05\/2439919693-250x300.jpg\" height=\"600\" width=\"500\" title=\"Zeltplatz am Hauck\" alt=\"\" class=\"slider-8887 slide-8896 msDefaultImage\" \/><img loading=\"lazy\" decoding=\"async\" src=\"https:\/\/www.kirche-hettenhausen.de\/site\/wp-content\/uploads\/2021\/05\/2439919228-255x306.jpg\" height=\"600\" width=\"500\" title=\"Zeltplatz am Hauck\" alt=\"\" class=\"slider-8887 slide-8897 msDefaultImage\" \/><img loading=\"lazy\" decoding=\"async\" src=\"https:\/\/www.kirche-hettenhausen.de\/site\/wp-content\/uploads\/2021\/05\/2439919229-255x306.jpg\" height=\"600\" width=\"500\" title=\"Zeltplatz am Hauck\" alt=\"\" class=\"slider-8887 slide-8898 msDefaultImage\" \/><img loading=\"lazy\" decoding=\"async\" src=\"https:\/\/www.kirche-hettenhausen.de\/site\/wp-content\/uploads\/2021\/05\/2439919230-255x306.jpg\" height=\"600\" width=\"500\" title=\"Zeltplatz am Hauck\" alt=\"\" class=\"slider-8887 slide-8899 msDefaultImage\" \/><img loading=\"lazy\" decoding=\"async\" src=\"https:\/\/www.kirche-hettenhausen.de\/site\/wp-content\/uploads\/2021\/05\/2439919231-249x299.jpg\" height=\"600\" width=\"500\" title=\"Zeltplatz am Hauck\" alt=\"\" class=\"slider-8887 slide-8900 msDefaultImage\" \/><img loading=\"lazy\" decoding=\"async\" src=\"https:\/\/www.kirche-hettenhausen.de\/site\/wp-content\/uploads\/2021\/05\/2439919232-249x299.jpg\" height=\"600\" width=\"500\" title=\"Zeltplatz am Hauck\" alt=\"\" class=\"slider-8887 slide-8901 msDefaultImage\" \/><img loading=\"lazy\" decoding=\"async\" src=\"https:\/\/www.kirche-hettenhausen.de\/site\/wp-content\/uploads\/2021\/05\/2439919233-249x299.jpg\" height=\"600\" width=\"500\" title=\"Zeltplatz am Hauck\" alt=\"\" class=\"slider-8887 slide-8902 msDefaultImage\" \/><img loading=\"lazy\" decoding=\"async\" src=\"https:\/\/www.kirche-hettenhausen.de\/site\/wp-content\/uploads\/2021\/05\/2439919227-201x241.jpg\" height=\"600\" width=\"500\" title=\"Zeltplatz am Hauck\" alt=\"\" class=\"slider-8887 slide-8903 msDefaultImage\" \/><img loading=\"lazy\" decoding=\"async\" src=\"https:\/\/www.kirche-hettenhausen.de\/site\/wp-content\/uploads\/2021\/05\/2439919226-249x299.jpg\" height=\"600\" width=\"500\" title=\"Zeltplatz am Hauck\" alt=\"\" class=\"slider-8887 slide-8904 msDefaultImage\" \/><img loading=\"lazy\" decoding=\"async\" src=\"https:\/\/www.kirche-hettenhausen.de\/site\/wp-content\/uploads\/2021\/05\/2439919225-249x299.jpg\" height=\"600\" width=\"500\" title=\"Zeltplatz am Hauck\" alt=\"\" class=\"slider-8887 slide-8905 msDefaultImage\" \/><img loading=\"lazy\" decoding=\"async\" src=\"https:\/\/www.kirche-hettenhausen.de\/site\/wp-content\/uploads\/2021\/05\/2439919224-255x306.jpg\" height=\"600\" width=\"500\" title=\"Zeltplatz am Hauck\" alt=\"\" class=\"slider-8887 slide-8906 msDefaultImage\" \/><img loading=\"lazy\" decoding=\"async\" src=\"https:\/\/www.kirche-hettenhausen.de\/site\/wp-content\/uploads\/2021\/05\/2439919223-226x272.jpg\" height=\"600\" width=\"500\" title=\"Zeltplatz am Hauck\" alt=\"\" class=\"slider-8887 slide-8907 msDefaultImage\" \/><img loading=\"lazy\" decoding=\"async\" src=\"https:\/\/www.kirche-hettenhausen.de\/site\/wp-content\/uploads\/2021\/05\/2439919222-255x306.jpg\" height=\"600\" width=\"500\" title=\"Zeltplatz am Hauck\" alt=\"\" class=\"slider-8887 slide-8908 msDefaultImage\" \/><img loading=\"lazy\" decoding=\"async\" src=\"https:\/\/www.kirche-hettenhausen.de\/site\/wp-content\/uploads\/2021\/01\/Zeltplatz-Dalherda_5-500x600.jpg\" height=\"600\" width=\"500\" title=\"Zeltplatz Am Hauck\" alt=\"Zeltplatz Dalherda\" class=\"slider-8887 slide-8909 msDefaultImage\" \/><img loading=\"lazy\" decoding=\"async\" src=\"https:\/\/www.kirche-hettenhausen.de\/site\/wp-content\/uploads\/2021\/01\/Zeltplatz-Dalherda_4-500x600.jpg\" height=\"600\" width=\"500\" title=\"Zeltplatz Am Hauck\" alt=\"Zeltplatz Dalherda\" class=\"slider-8887 slide-8910 msDefaultImage\" \/><img loading=\"lazy\" decoding=\"async\" src=\"https:\/\/www.kirche-hettenhausen.de\/site\/wp-content\/uploads\/2021\/01\/Zeltplatz-Dalherda_3-500x600.jpg\" height=\"600\" width=\"500\" title=\"Zeltplatz Am Hauck\" alt=\"Zeltplatz Dalherda\" class=\"slider-8887 slide-8911 msDefaultImage\" \/><img loading=\"lazy\" decoding=\"async\" src=\"https:\/\/www.kirche-hettenhausen.de\/site\/wp-content\/uploads\/2021\/01\/Zeltplatz-Dalherda_2-500x600.jpg\" height=\"600\" width=\"500\" title=\"Zeltplatz Am Hauck\" alt=\"Zeltplatz Dalherda\" class=\"slider-8887 slide-8912 msDefaultImage\" \/><img loading=\"lazy\" decoding=\"async\" src=\"https:\/\/www.kirche-hettenhausen.de\/site\/wp-content\/uploads\/2021\/01\/Zeltplatz-Dalherda_1-500x600.jpg\" height=\"600\" width=\"500\" title=\"Zeltplatz Am Hauck\" alt=\"Zeltplatz Dalherda\" class=\"slider-8887 slide-8913 msDefaultImage\" \/><img loading=\"lazy\" decoding=\"async\" src=\"https:\/\/www.kirche-hettenhausen.de\/site\/wp-content\/uploads\/2021\/01\/Zeltplatz-Dalherda_6-500x600.jpg\" height=\"600\" width=\"500\" title=\"Zeltplatz Am Hauck\" alt=\"Zeltplatz Dalherda\" class=\"slider-8887 slide-8914 msDefaultImage\" \/><img loading=\"lazy\" decoding=\"async\" src=\"https:\/\/www.kirche-hettenhausen.de\/site\/wp-content\/uploads\/2021\/06\/20210611_193730-500x600.jpg\" height=\"600\" width=\"500\" title=\"Zeltplatz am Hauck\" alt=\"Zeltplatz Dalherda Kreuz\" class=\"slider-8887 slide-9244 msDefaultImage\" \/><img loading=\"lazy\" decoding=\"async\" src=\"https:\/\/www.kirche-hettenhausen.de\/site\/wp-content\/uploads\/2021\/06\/20210611_193743-500x600.jpg\" height=\"600\" width=\"500\" title=\"Zeltplatz am Hauck\" alt=\"Zeltplatz Dalherda Pfingstrose\" class=\"slider-8887 slide-9245 msDefaultImage\" \/><img loading=\"lazy\" decoding=\"async\" src=\"https:\/\/www.kirche-hettenhausen.de\/site\/wp-content\/uploads\/2021\/06\/20210611_193710-rotated-e1623505042709-500x600.jpg\" height=\"600\" width=\"500\" title=\"Zeltplatz am Hauck\" alt=\"Zeltplatz Dalherda Pfingstrose\" class=\"slider-8887 slide-9246 msDefaultImage\" \/><img loading=\"lazy\" decoding=\"async\" src=\"https:\/\/www.kirche-hettenhausen.de\/site\/wp-content\/uploads\/2021\/06\/20210611_182635-500x600.jpg\" height=\"600\" width=\"500\" title=\"Zeltplatz am Hauck\" alt=\"Zeltplatz Dalherda Modernisierung 2012\" class=\"slider-8887 slide-9247 msDefaultImage\" \/><\/div><\/div>\n        \n    <\/div>\n<\/div><\/h4>\n<p>&nbsp;<\/p>\n<\/div>\n<div>\n<div class=\"n module-type-text diyfeLiveArea \">\n<p>Sehr idyllisch am Waldrand gelegen befindet sich unser Zeltplatz am Hauck. Auf <strong>8000 m\u00b2<\/strong> sind Platz zum Zelten, Spielen und Toben, er bietet <strong>Platz f\u00fcr bis zu 120 Personen<\/strong>.<\/p>\n<p>In der D\u00e4mmerung, besonders in der Fr\u00fch, kann man auch sehr gut Wild beobachten.<\/p>\n<p>Der umliegende Wald kann erkundet werden, auch mit gef\u00fchrten Naturwanderungen.<\/p>\n<p>Auf dem Zeltplatz befindet sich ein <a href=\"https:\/\/www.kirche-hettenhausen.de\/site\/einrichtungen\/zeltplatz-am-hauck\/gebaeude\/\"><strong>Haus mit K\u00fcche, Duschen, Toiletten, Waschr\u00e4umen und\u00a0Aufenthaltsraum<\/strong><\/a> in moderner Ausstattung.<\/p>\n<p>Au\u00dferdem gibt es vom erloschenen Vulkan, dem Hauck, herab eine prima Rodelbahn. Im Sommer lohnt ein Besuch im nahegelegenen <a href=\"https:\/\/schwimmbad-dalherda.de\/\" target=\"_blank\" rel=\"noopener\"><strong>Schwimmbad von Dalherda<\/strong><\/a><strong>.<\/strong><\/p>\n<\/div>\n<\/div>\n<\/div>\n<\/div>\n","protected":false},"excerpt":{"rendered":"<p>&nbsp; &nbsp; &nbsp; Der Zeltplatz am Hauck wird f\u00fcr organisierte Jugendarbeit (Freizeiten, Zeltlager etc.) von kirchlichen Gruppen, Tr\u00e4ger kommunaler Jugendarbeit sowie Vereinen, Verb\u00e4nden und Schulklassen genutzt. Grunds\u00e4tzlich ist unser Zeltplatz weltweit f\u00fcr alle offen, die nicht gegen geltendes Recht versto\u00dfen und christliche Werte akzeptieren und entsprechend handeln. F\u00fcr Einzelcamper und Wohnmobile ist der Zeltplatz nicht [&hellip;]<\/p>\n","protected":false},"author":2,"featured_media":8873,"parent":6735,"menu_order":10,"comment_status":"closed","ping_status":"closed","template":"","meta":{"footnotes":""},"class_list":["post-8761","page","type-page","status-publish","has-post-thumbnail","hentry"],"yoast_head":"<!-- This site is optimized with the Yoast SEO plugin v27.3 - https:\/\/yoast.com\/product\/yoast-seo-wordpress\/ -->\n<title>Zeltplatz &amp; Lage - Ev.-luth. Kirchengemeinde Hettenhausen - Dalherda<\/title>\n<meta name=\"description\" content=\"Ev.-luth. Kirchengemeinde Hettenhausen - Dalherda - Zeltplatz am Hauck - Zeltplatz &amp; Lage -\" \/>\n<meta name=\"robots\" content=\"index, follow, max-snippet:-1, max-image-preview:large, max-video-preview:-1\" \/>\n<link rel=\"canonical\" href=\"https:\/\/www.kirche-hettenhausen.de\/site\/einrichtungen\/zeltplatz-am-hauck\/zeltplatz-lage\/\" \/>\n<meta property=\"og:locale\" content=\"de_DE\" \/>\n<meta property=\"og:type\" content=\"article\" \/>\n<meta property=\"og:title\" content=\"Zeltplatz &amp; Lage - Ev.-luth. Kirchengemeinde Hettenhausen - Dalherda\" \/>\n<meta property=\"og:description\" content=\"Ev.-luth. Kirchengemeinde Hettenhausen - Dalherda - Zeltplatz am Hauck - Zeltplatz &amp; Lage -\" \/>\n<meta property=\"og:url\" content=\"https:\/\/www.kirche-hettenhausen.de\/site\/einrichtungen\/zeltplatz-am-hauck\/zeltplatz-lage\/\" \/>\n<meta property=\"og:site_name\" content=\"Ev.-luth. Kirchengemeinde Hettenhausen - Dalherda\" \/>\n<meta property=\"article:modified_time\" content=\"2022-03-19T09:41:16+00:00\" \/>\n<meta property=\"og:image\" content=\"https:\/\/www.kirche-hettenhausen.de\/site\/wp-content\/uploads\/2021\/05\/2439919693.jpg\" \/>\n\t<meta property=\"og:image:width\" content=\"400\" \/>\n\t<meta property=\"og:image:height\" content=\"300\" \/>\n\t<meta property=\"og:image:type\" content=\"image\/jpeg\" \/>\n<meta name=\"twitter:card\" content=\"summary_large_image\" \/>\n<meta name=\"twitter:label1\" content=\"Gesch\u00e4tzte Lesezeit\" \/>\n\t<meta name=\"twitter:data1\" content=\"2\u00a0Minuten\" \/>\n<script type=\"application\/ld+json\" class=\"yoast-schema-graph\">{\"@context\":\"https:\\\/\\\/schema.org\",\"@graph\":[{\"@type\":\"WebPage\",\"@id\":\"https:\\\/\\\/www.kirche-hettenhausen.de\\\/site\\\/einrichtungen\\\/zeltplatz-am-hauck\\\/zeltplatz-lage\\\/\",\"url\":\"https:\\\/\\\/www.kirche-hettenhausen.de\\\/site\\\/einrichtungen\\\/zeltplatz-am-hauck\\\/zeltplatz-lage\\\/\",\"name\":\"Zeltplatz & Lage - Ev.-luth. Kirchengemeinde Hettenhausen - Dalherda\",\"isPartOf\":{\"@id\":\"https:\\\/\\\/www.kirche-hettenhausen.de\\\/site\\\/#website\"},\"primaryImageOfPage\":{\"@id\":\"https:\\\/\\\/www.kirche-hettenhausen.de\\\/site\\\/einrichtungen\\\/zeltplatz-am-hauck\\\/zeltplatz-lage\\\/#primaryimage\"},\"image\":{\"@id\":\"https:\\\/\\\/www.kirche-hettenhausen.de\\\/site\\\/einrichtungen\\\/zeltplatz-am-hauck\\\/zeltplatz-lage\\\/#primaryimage\"},\"thumbnailUrl\":\"https:\\\/\\\/www.kirche-hettenhausen.de\\\/site\\\/wp-content\\\/uploads\\\/2021\\\/05\\\/2439919693.jpg\",\"datePublished\":\"2021-05-29T20:44:28+00:00\",\"dateModified\":\"2022-03-19T09:41:16+00:00\",\"description\":\"Ev.-luth. Kirchengemeinde Hettenhausen - Dalherda - Zeltplatz am Hauck - Zeltplatz & Lage -\",\"breadcrumb\":{\"@id\":\"https:\\\/\\\/www.kirche-hettenhausen.de\\\/site\\\/einrichtungen\\\/zeltplatz-am-hauck\\\/zeltplatz-lage\\\/#breadcrumb\"},\"inLanguage\":\"de\",\"potentialAction\":[{\"@type\":\"ReadAction\",\"target\":[\"https:\\\/\\\/www.kirche-hettenhausen.de\\\/site\\\/einrichtungen\\\/zeltplatz-am-hauck\\\/zeltplatz-lage\\\/\"]}]},{\"@type\":\"ImageObject\",\"inLanguage\":\"de\",\"@id\":\"https:\\\/\\\/www.kirche-hettenhausen.de\\\/site\\\/einrichtungen\\\/zeltplatz-am-hauck\\\/zeltplatz-lage\\\/#primaryimage\",\"url\":\"https:\\\/\\\/www.kirche-hettenhausen.de\\\/site\\\/wp-content\\\/uploads\\\/2021\\\/05\\\/2439919693.jpg\",\"contentUrl\":\"https:\\\/\\\/www.kirche-hettenhausen.de\\\/site\\\/wp-content\\\/uploads\\\/2021\\\/05\\\/2439919693.jpg\",\"width\":400,\"height\":300},{\"@type\":\"BreadcrumbList\",\"@id\":\"https:\\\/\\\/www.kirche-hettenhausen.de\\\/site\\\/einrichtungen\\\/zeltplatz-am-hauck\\\/zeltplatz-lage\\\/#breadcrumb\",\"itemListElement\":[{\"@type\":\"ListItem\",\"position\":1,\"name\":\"Startseite\",\"item\":\"https:\\\/\\\/www.kirche-hettenhausen.de\\\/site\\\/\"},{\"@type\":\"ListItem\",\"position\":2,\"name\":\"Einrichtungen\",\"item\":\"https:\\\/\\\/www.kirche-hettenhausen.de\\\/site\\\/einrichtungen\\\/\"},{\"@type\":\"ListItem\",\"position\":3,\"name\":\"Zeltplatz am Hauck\",\"item\":\"https:\\\/\\\/www.kirche-hettenhausen.de\\\/site\\\/einrichtungen\\\/zeltplatz-am-hauck\\\/\"},{\"@type\":\"ListItem\",\"position\":4,\"name\":\"Zeltplatz &#038; Lage\"}]},{\"@type\":\"WebSite\",\"@id\":\"https:\\\/\\\/www.kirche-hettenhausen.de\\\/site\\\/#website\",\"url\":\"https:\\\/\\\/www.kirche-hettenhausen.de\\\/site\\\/\",\"name\":\"Ev.-luth. Kirchengemeinde Hettenhausen - Dalherda\",\"description\":\"Homepage der Ev.-luth. Kirchengemeinde Hettenhausen - Dalherda\",\"potentialAction\":[{\"@type\":\"SearchAction\",\"target\":{\"@type\":\"EntryPoint\",\"urlTemplate\":\"https:\\\/\\\/www.kirche-hettenhausen.de\\\/site\\\/?s={search_term_string}\"},\"query-input\":{\"@type\":\"PropertyValueSpecification\",\"valueRequired\":true,\"valueName\":\"search_term_string\"}}],\"inLanguage\":\"de\"}]}<\/script>\n<!-- \/ Yoast SEO plugin. -->","yoast_head_json":{"title":"Zeltplatz & Lage - Ev.-luth. Kirchengemeinde Hettenhausen - Dalherda","description":"Ev.-luth. Kirchengemeinde Hettenhausen - Dalherda - Zeltplatz am Hauck - Zeltplatz & Lage -","robots":{"index":"index","follow":"follow","max-snippet":"max-snippet:-1","max-image-preview":"max-image-preview:large","max-video-preview":"max-video-preview:-1"},"canonical":"https:\/\/www.kirche-hettenhausen.de\/site\/einrichtungen\/zeltplatz-am-hauck\/zeltplatz-lage\/","og_locale":"de_DE","og_type":"article","og_title":"Zeltplatz & Lage - Ev.-luth. Kirchengemeinde Hettenhausen - Dalherda","og_description":"Ev.-luth. Kirchengemeinde Hettenhausen - Dalherda - Zeltplatz am Hauck - Zeltplatz & Lage -","og_url":"https:\/\/www.kirche-hettenhausen.de\/site\/einrichtungen\/zeltplatz-am-hauck\/zeltplatz-lage\/","og_site_name":"Ev.-luth. Kirchengemeinde Hettenhausen - Dalherda","article_modified_time":"2022-03-19T09:41:16+00:00","og_image":[{"width":400,"height":300,"url":"https:\/\/www.kirche-hettenhausen.de\/site\/wp-content\/uploads\/2021\/05\/2439919693.jpg","type":"image\/jpeg"}],"twitter_card":"summary_large_image","twitter_misc":{"Gesch\u00e4tzte Lesezeit":"2\u00a0Minuten"},"schema":{"@context":"https:\/\/schema.org","@graph":[{"@type":"WebPage","@id":"https:\/\/www.kirche-hettenhausen.de\/site\/einrichtungen\/zeltplatz-am-hauck\/zeltplatz-lage\/","url":"https:\/\/www.kirche-hettenhausen.de\/site\/einrichtungen\/zeltplatz-am-hauck\/zeltplatz-lage\/","name":"Zeltplatz & Lage - Ev.-luth. Kirchengemeinde Hettenhausen - Dalherda","isPartOf":{"@id":"https:\/\/www.kirche-hettenhausen.de\/site\/#website"},"primaryImageOfPage":{"@id":"https:\/\/www.kirche-hettenhausen.de\/site\/einrichtungen\/zeltplatz-am-hauck\/zeltplatz-lage\/#primaryimage"},"image":{"@id":"https:\/\/www.kirche-hettenhausen.de\/site\/einrichtungen\/zeltplatz-am-hauck\/zeltplatz-lage\/#primaryimage"},"thumbnailUrl":"https:\/\/www.kirche-hettenhausen.de\/site\/wp-content\/uploads\/2021\/05\/2439919693.jpg","datePublished":"2021-05-29T20:44:28+00:00","dateModified":"2022-03-19T09:41:16+00:00","description":"Ev.-luth. Kirchengemeinde Hettenhausen - Dalherda - Zeltplatz am Hauck - Zeltplatz & Lage -","breadcrumb":{"@id":"https:\/\/www.kirche-hettenhausen.de\/site\/einrichtungen\/zeltplatz-am-hauck\/zeltplatz-lage\/#breadcrumb"},"inLanguage":"de","potentialAction":[{"@type":"ReadAction","target":["https:\/\/www.kirche-hettenhausen.de\/site\/einrichtungen\/zeltplatz-am-hauck\/zeltplatz-lage\/"]}]},{"@type":"ImageObject","inLanguage":"de","@id":"https:\/\/www.kirche-hettenhausen.de\/site\/einrichtungen\/zeltplatz-am-hauck\/zeltplatz-lage\/#primaryimage","url":"https:\/\/www.kirche-hettenhausen.de\/site\/wp-content\/uploads\/2021\/05\/2439919693.jpg","contentUrl":"https:\/\/www.kirche-hettenhausen.de\/site\/wp-content\/uploads\/2021\/05\/2439919693.jpg","width":400,"height":300},{"@type":"BreadcrumbList","@id":"https:\/\/www.kirche-hettenhausen.de\/site\/einrichtungen\/zeltplatz-am-hauck\/zeltplatz-lage\/#breadcrumb","itemListElement":[{"@type":"ListItem","position":1,"name":"Startseite","item":"https:\/\/www.kirche-hettenhausen.de\/site\/"},{"@type":"ListItem","position":2,"name":"Einrichtungen","item":"https:\/\/www.kirche-hettenhausen.de\/site\/einrichtungen\/"},{"@type":"ListItem","position":3,"name":"Zeltplatz am Hauck","item":"https:\/\/www.kirche-hettenhausen.de\/site\/einrichtungen\/zeltplatz-am-hauck\/"},{"@type":"ListItem","position":4,"name":"Zeltplatz &#038; Lage"}]},{"@type":"WebSite","@id":"https:\/\/www.kirche-hettenhausen.de\/site\/#website","url":"https:\/\/www.kirche-hettenhausen.de\/site\/","name":"Ev.-luth. Kirchengemeinde Hettenhausen - Dalherda","description":"Homepage der Ev.-luth. Kirchengemeinde Hettenhausen - Dalherda","potentialAction":[{"@type":"SearchAction","target":{"@type":"EntryPoint","urlTemplate":"https:\/\/www.kirche-hettenhausen.de\/site\/?s={search_term_string}"},"query-input":{"@type":"PropertyValueSpecification","valueRequired":true,"valueName":"search_term_string"}}],"inLanguage":"de"}]}},"_links":{"self":[{"href":"https:\/\/www.kirche-hettenhausen.de\/site\/wp-json\/wp\/v2\/pages\/8761","targetHints":{"allow":["GET"]}}],"collection":[{"href":"https:\/\/www.kirche-hettenhausen.de\/site\/wp-json\/wp\/v2\/pages"}],"about":[{"href":"https:\/\/www.kirche-hettenhausen.de\/site\/wp-json\/wp\/v2\/types\/page"}],"author":[{"embeddable":true,"href":"https:\/\/www.kirche-hettenhausen.de\/site\/wp-json\/wp\/v2\/users\/2"}],"replies":[{"embeddable":true,"href":"https:\/\/www.kirche-hettenhausen.de\/site\/wp-json\/wp\/v2\/comments?post=8761"}],"version-history":[{"count":21,"href":"https:\/\/www.kirche-hettenhausen.de\/site\/wp-json\/wp\/v2\/pages\/8761\/revisions"}],"predecessor-version":[{"id":11307,"href":"https:\/\/www.kirche-hettenhausen.de\/site\/wp-json\/wp\/v2\/pages\/8761\/revisions\/11307"}],"up":[{"embeddable":true,"href":"https:\/\/www.kirche-hettenhausen.de\/site\/wp-json\/wp\/v2\/pages\/6735"}],"wp:featuredmedia":[{"embeddable":true,"href":"https:\/\/www.kirche-hettenhausen.de\/site\/wp-json\/wp\/v2\/media\/8873"}],"wp:attachment":[{"href":"https:\/\/www.kirche-hettenhausen.de\/site\/wp-json\/wp\/v2\/media?parent=8761"}],"curies":[{"name":"wp","href":"https:\/\/api.w.org\/{rel}","templated":true}]}}