{"id":6754,"date":"2020-12-26T14:03:59","date_gmt":"2020-12-26T13:03:59","guid":{"rendered":"https:\/\/kirche-hettenhausen.de\/site\/?page_id=6754"},"modified":"2026-01-18T14:08:15","modified_gmt":"2026-01-18T13:08:15","slug":"melanchthonhaus-poppenhausen","status":"publish","type":"page","link":"https:\/\/www.kirche-hettenhausen.de\/site\/unsere-kirchen\/melanchthonhaus-poppenhausen\/","title":{"rendered":"Melanchthonhaus Poppenhausen"},"content":{"rendered":"<p><img loading=\"lazy\" decoding=\"async\" class=\"wp-image-7334 size-full alignnone\" src=\"https:\/\/www.kirche-hettenhausen.de\/site\/wp-content\/uploads\/2021\/01\/Melanchthonhaus-Poppenhausen_3.jpg\" alt=\"Melanchthonhaus Glockenturm\" width=\"768\" height=\"626\" srcset=\"https:\/\/www.kirche-hettenhausen.de\/site\/wp-content\/uploads\/2021\/01\/Melanchthonhaus-Poppenhausen_3.jpg 768w, https:\/\/www.kirche-hettenhausen.de\/site\/wp-content\/uploads\/2021\/01\/Melanchthonhaus-Poppenhausen_3-300x245.jpg 300w\" sizes=\"auto, (max-width: 768px) 100vw, 768px\" \/><\/p>\n<h3><span style=\"color: #db1385;\">Gemeindezentrum der Ev.-luth. Kirchengemeinde Hettenhausen &#8211; Dalherda<\/span><\/h3>\n<p>Eubestra\u00dfe 6<br \/>\n36163 Poppenhausen (Wasserkuppe)<\/p>\n<p>Hier feiern wir regelm\u00e4\u00dfig unsere <a href=\"https:\/\/www.kirche-hettenhausen.de\/site\/gottesdienste\/\">Gottesdienste<\/a>\u00a0in Poppenhausen.<\/p>\n<p>Der Gemeinderaum im EG kann f\u00fcr Veranstaltungen, Familienfeiern u. \u00e4. gemietet werden. Bei Fragen zur Nutzung oder Reservierung wenden Sie sich bitte an<\/p>\n<p>Ulrich Walter<br \/>\nTelefon: <a href=\"tel:+4966581307\">+49 (0) 6658 1307<\/a><\/p>\n<p>\u27a1\u00a0 <a href=\"https:\/\/www.kirche-hettenhausen.de\/site\/wp-content\/uploads\/2022\/10\/Benutzungsordnung-und-Mietvertrag-Gemeinderaum-Melanchthonhaus-11_2022.pdf\" target=\"_blank\" rel=\"noopener\">Benutzungsordnung und Mietvertrag<\/a><\/p>\n<p>&nbsp;<\/p>\n\n\t\t<style type=\"text\/css\">\n\t\t\t#gallery-1 {\n\t\t\t\tmargin: auto;\n\t\t\t}\n\t\t\t#gallery-1 .gallery-item {\n\t\t\t\tfloat: left;\n\t\t\t\tmargin-top: 10px;\n\t\t\t\ttext-align: center;\n\t\t\t\twidth: 100%;\n\t\t\t}\n\t\t\t#gallery-1 img {\n\t\t\t\tborder: 2px solid #cfcfcf;\n\t\t\t}\n\t\t\t#gallery-1 .gallery-caption {\n\t\t\t\tmargin-left: 0;\n\t\t\t}\n\t\t\t\/* see gallery_shortcode() in wp-includes\/media.php *\/\n\t\t<\/style>\n\t\t<div id='gallery-1' class='gallery galleryid-6754 gallery-columns-1 gallery-size-full'><dl class='gallery-item'>\n\t\t\t<dt class='gallery-icon landscape'>\n\t\t\t\t<img loading=\"lazy\" decoding=\"async\" width=\"1024\" height=\"768\" src=\"https:\/\/www.kirche-hettenhausen.de\/site\/wp-content\/uploads\/2021\/01\/Melanchthonhaus-Gottesdienstraum_2.jpg\" class=\"attachment-full size-full\" alt=\"Melanchthonhaus Gottesdienst\" srcset=\"https:\/\/www.kirche-hettenhausen.de\/site\/wp-content\/uploads\/2021\/01\/Melanchthonhaus-Gottesdienstraum_2.jpg 1024w, https:\/\/www.kirche-hettenhausen.de\/site\/wp-content\/uploads\/2021\/01\/Melanchthonhaus-Gottesdienstraum_2-300x225.jpg 300w, https:\/\/www.kirche-hettenhausen.de\/site\/wp-content\/uploads\/2021\/01\/Melanchthonhaus-Gottesdienstraum_2-768x576.jpg 768w\" sizes=\"auto, (max-width: 1024px) 100vw, 1024px\" \/>\n\t\t\t<\/dt><\/dl><br style=\"clear: both\" \/>\n\t\t<\/div>\n\n<p>&nbsp;<\/p>\n<h4><a href=\"https:\/\/www.kirche-hettenhausen.de\/site\/einrichtungen\/melanchthonhaus\/geschichtlicher-exkurs-poppenhausen\/\">Geschichtlicher Exkurs<\/a><\/h4>\n<p>&nbsp;<\/p>\n<div id=\"wp_osm_\" class=\"wp_osm\" style=\"width: 100%; height: 250px\" data-lon=\"6531180\" data-lat=\"1098810\" data-zoom=\"15\">\r\n\r\n\t<div class=\"ol-popup\">\r\n\r\n\t    <a href=\"#\" class=\"ol-popup-closer\"><\/a>\r\n\r\n\t    <div class=\"popup-content\"><\/div>\r\n\r\n\t<\/div>\r\n\r\n\t<div class=\"marker\" data-icon=\"https:\/\/kirche-hettenhausen.de\/site\/wp-content\/plugins\/wp-open-street-map\/images\/markers\/marker.png\" data-lon=\"1099160\" data-lat=\"6531060\" data-name=\"Melanchthonhaus\" data-description=\"Melanchthonhaus\"><\/div>\r\n<\/div>\n","protected":false},"excerpt":{"rendered":"<p>Gemeindezentrum der Ev.-luth. Kirchengemeinde Hettenhausen &#8211; Dalherda Eubestra\u00dfe 6 36163 Poppenhausen (Wasserkuppe) Hier feiern wir regelm\u00e4\u00dfig unsere Gottesdienste\u00a0in Poppenhausen. Der Gemeinderaum im EG kann f\u00fcr Veranstaltungen, Familienfeiern u. \u00e4. gemietet werden. Bei Fragen zur Nutzung oder Reservierung wenden Sie sich bitte an Ulrich Walter Telefon: +49 (0) 6658 1307 \u27a1\u00a0 Benutzungsordnung und Mietvertrag &nbsp; &nbsp; [&hellip;]<\/p>\n","protected":false},"author":2,"featured_media":7334,"parent":6771,"menu_order":30,"comment_status":"closed","ping_status":"closed","template":"","meta":{"footnotes":""},"class_list":["post-6754","page","type-page","status-publish","has-post-thumbnail","hentry"],"yoast_head":"<!-- This site is optimized with the Yoast SEO plugin v27.5 - https:\/\/yoast.com\/product\/yoast-seo-wordpress\/ -->\n<title>Melanchthonhaus Poppenhausen - Ev.-luth. Kirchengemeinde Hettenhausen - Dalherda<\/title>\n<meta name=\"description\" content=\"Ev.-luth. Kirchengemeinde Hettenhausen - Dalherda Melanchthonhaus Poppenhausen Gemeindezentrum der Ev.-luth. Kirchengemeinde Hettenhausen - Dalherda\" \/>\n<meta name=\"robots\" content=\"index, follow, max-snippet:-1, max-image-preview:large, max-video-preview:-1\" \/>\n<link rel=\"canonical\" href=\"https:\/\/www.kirche-hettenhausen.de\/site\/unsere-kirchen\/melanchthonhaus-poppenhausen\/\" \/>\n<meta property=\"og:locale\" content=\"de_DE\" \/>\n<meta property=\"og:type\" content=\"article\" \/>\n<meta property=\"og:title\" content=\"Melanchthonhaus Poppenhausen - Ev.-luth. Kirchengemeinde Hettenhausen - Dalherda\" \/>\n<meta property=\"og:description\" content=\"Ev.-luth. Kirchengemeinde Hettenhausen - Dalherda Melanchthonhaus Poppenhausen Gemeindezentrum der Ev.-luth. Kirchengemeinde Hettenhausen - Dalherda\" \/>\n<meta property=\"og:url\" content=\"https:\/\/www.kirche-hettenhausen.de\/site\/unsere-kirchen\/melanchthonhaus-poppenhausen\/\" \/>\n<meta property=\"og:site_name\" content=\"Ev.-luth. Kirchengemeinde Hettenhausen - Dalherda\" \/>\n<meta property=\"article:modified_time\" content=\"2026-01-18T13:08:15+00:00\" \/>\n<meta property=\"og:image\" content=\"https:\/\/www.kirche-hettenhausen.de\/site\/wp-content\/uploads\/2021\/01\/Melanchthonhaus-Poppenhausen_3.jpg\" \/>\n\t<meta property=\"og:image:width\" content=\"768\" \/>\n\t<meta property=\"og:image:height\" content=\"626\" \/>\n\t<meta property=\"og:image:type\" content=\"image\/jpeg\" \/>\n<meta name=\"twitter:card\" content=\"summary_large_image\" \/>\n<meta name=\"twitter:label1\" content=\"Gesch\u00e4tzte Lesezeit\" \/>\n\t<meta name=\"twitter:data1\" content=\"1\u00a0Minute\" \/>\n<script type=\"application\/ld+json\" class=\"yoast-schema-graph\">{\"@context\":\"https:\\\/\\\/schema.org\",\"@graph\":[{\"@type\":\"WebPage\",\"@id\":\"https:\\\/\\\/www.kirche-hettenhausen.de\\\/site\\\/unsere-kirchen\\\/melanchthonhaus-poppenhausen\\\/\",\"url\":\"https:\\\/\\\/www.kirche-hettenhausen.de\\\/site\\\/unsere-kirchen\\\/melanchthonhaus-poppenhausen\\\/\",\"name\":\"Melanchthonhaus Poppenhausen - Ev.-luth. Kirchengemeinde Hettenhausen - Dalherda\",\"isPartOf\":{\"@id\":\"https:\\\/\\\/www.kirche-hettenhausen.de\\\/site\\\/#website\"},\"primaryImageOfPage\":{\"@id\":\"https:\\\/\\\/www.kirche-hettenhausen.de\\\/site\\\/unsere-kirchen\\\/melanchthonhaus-poppenhausen\\\/#primaryimage\"},\"image\":{\"@id\":\"https:\\\/\\\/www.kirche-hettenhausen.de\\\/site\\\/unsere-kirchen\\\/melanchthonhaus-poppenhausen\\\/#primaryimage\"},\"thumbnailUrl\":\"https:\\\/\\\/www.kirche-hettenhausen.de\\\/site\\\/wp-content\\\/uploads\\\/2021\\\/01\\\/Melanchthonhaus-Poppenhausen_3.jpg\",\"datePublished\":\"2020-12-26T13:03:59+00:00\",\"dateModified\":\"2026-01-18T13:08:15+00:00\",\"description\":\"Ev.-luth. Kirchengemeinde Hettenhausen - Dalherda Melanchthonhaus Poppenhausen Gemeindezentrum der Ev.-luth. Kirchengemeinde Hettenhausen - Dalherda\",\"breadcrumb\":{\"@id\":\"https:\\\/\\\/www.kirche-hettenhausen.de\\\/site\\\/unsere-kirchen\\\/melanchthonhaus-poppenhausen\\\/#breadcrumb\"},\"inLanguage\":\"de\",\"potentialAction\":[{\"@type\":\"ReadAction\",\"target\":[\"https:\\\/\\\/www.kirche-hettenhausen.de\\\/site\\\/unsere-kirchen\\\/melanchthonhaus-poppenhausen\\\/\"]}]},{\"@type\":\"ImageObject\",\"inLanguage\":\"de\",\"@id\":\"https:\\\/\\\/www.kirche-hettenhausen.de\\\/site\\\/unsere-kirchen\\\/melanchthonhaus-poppenhausen\\\/#primaryimage\",\"url\":\"https:\\\/\\\/www.kirche-hettenhausen.de\\\/site\\\/wp-content\\\/uploads\\\/2021\\\/01\\\/Melanchthonhaus-Poppenhausen_3.jpg\",\"contentUrl\":\"https:\\\/\\\/www.kirche-hettenhausen.de\\\/site\\\/wp-content\\\/uploads\\\/2021\\\/01\\\/Melanchthonhaus-Poppenhausen_3.jpg\",\"width\":768,\"height\":626,\"caption\":\"Melanchthonhaus Glockenturm\"},{\"@type\":\"BreadcrumbList\",\"@id\":\"https:\\\/\\\/www.kirche-hettenhausen.de\\\/site\\\/unsere-kirchen\\\/melanchthonhaus-poppenhausen\\\/#breadcrumb\",\"itemListElement\":[{\"@type\":\"ListItem\",\"position\":1,\"name\":\"Startseite\",\"item\":\"https:\\\/\\\/www.kirche-hettenhausen.de\\\/site\\\/\"},{\"@type\":\"ListItem\",\"position\":2,\"name\":\"Unsere Kirchen\",\"item\":\"https:\\\/\\\/www.kirche-hettenhausen.de\\\/site\\\/unsere-kirchen\\\/\"},{\"@type\":\"ListItem\",\"position\":3,\"name\":\"Melanchthonhaus Poppenhausen\"}]},{\"@type\":\"WebSite\",\"@id\":\"https:\\\/\\\/www.kirche-hettenhausen.de\\\/site\\\/#website\",\"url\":\"https:\\\/\\\/www.kirche-hettenhausen.de\\\/site\\\/\",\"name\":\"Ev.-luth. Kirchengemeinde Hettenhausen - Dalherda\",\"description\":\"Homepage der Ev.-luth. Kirchengemeinde Hettenhausen - Dalherda\",\"potentialAction\":[{\"@type\":\"SearchAction\",\"target\":{\"@type\":\"EntryPoint\",\"urlTemplate\":\"https:\\\/\\\/www.kirche-hettenhausen.de\\\/site\\\/?s={search_term_string}\"},\"query-input\":{\"@type\":\"PropertyValueSpecification\",\"valueRequired\":true,\"valueName\":\"search_term_string\"}}],\"inLanguage\":\"de\"}]}<\/script>\n<!-- \/ Yoast SEO plugin. -->","yoast_head_json":{"title":"Melanchthonhaus Poppenhausen - Ev.-luth. Kirchengemeinde Hettenhausen - Dalherda","description":"Ev.-luth. Kirchengemeinde Hettenhausen - Dalherda Melanchthonhaus Poppenhausen Gemeindezentrum der Ev.-luth. Kirchengemeinde Hettenhausen - Dalherda","robots":{"index":"index","follow":"follow","max-snippet":"max-snippet:-1","max-image-preview":"max-image-preview:large","max-video-preview":"max-video-preview:-1"},"canonical":"https:\/\/www.kirche-hettenhausen.de\/site\/unsere-kirchen\/melanchthonhaus-poppenhausen\/","og_locale":"de_DE","og_type":"article","og_title":"Melanchthonhaus Poppenhausen - Ev.-luth. Kirchengemeinde Hettenhausen - Dalherda","og_description":"Ev.-luth. Kirchengemeinde Hettenhausen - Dalherda Melanchthonhaus Poppenhausen Gemeindezentrum der Ev.-luth. Kirchengemeinde Hettenhausen - Dalherda","og_url":"https:\/\/www.kirche-hettenhausen.de\/site\/unsere-kirchen\/melanchthonhaus-poppenhausen\/","og_site_name":"Ev.-luth. Kirchengemeinde Hettenhausen - Dalherda","article_modified_time":"2026-01-18T13:08:15+00:00","og_image":[{"width":768,"height":626,"url":"https:\/\/www.kirche-hettenhausen.de\/site\/wp-content\/uploads\/2021\/01\/Melanchthonhaus-Poppenhausen_3.jpg","type":"image\/jpeg"}],"twitter_card":"summary_large_image","twitter_misc":{"Gesch\u00e4tzte Lesezeit":"1\u00a0Minute"},"schema":{"@context":"https:\/\/schema.org","@graph":[{"@type":"WebPage","@id":"https:\/\/www.kirche-hettenhausen.de\/site\/unsere-kirchen\/melanchthonhaus-poppenhausen\/","url":"https:\/\/www.kirche-hettenhausen.de\/site\/unsere-kirchen\/melanchthonhaus-poppenhausen\/","name":"Melanchthonhaus Poppenhausen - Ev.-luth. Kirchengemeinde Hettenhausen - Dalherda","isPartOf":{"@id":"https:\/\/www.kirche-hettenhausen.de\/site\/#website"},"primaryImageOfPage":{"@id":"https:\/\/www.kirche-hettenhausen.de\/site\/unsere-kirchen\/melanchthonhaus-poppenhausen\/#primaryimage"},"image":{"@id":"https:\/\/www.kirche-hettenhausen.de\/site\/unsere-kirchen\/melanchthonhaus-poppenhausen\/#primaryimage"},"thumbnailUrl":"https:\/\/www.kirche-hettenhausen.de\/site\/wp-content\/uploads\/2021\/01\/Melanchthonhaus-Poppenhausen_3.jpg","datePublished":"2020-12-26T13:03:59+00:00","dateModified":"2026-01-18T13:08:15+00:00","description":"Ev.-luth. Kirchengemeinde Hettenhausen - Dalherda Melanchthonhaus Poppenhausen Gemeindezentrum der Ev.-luth. Kirchengemeinde Hettenhausen - Dalherda","breadcrumb":{"@id":"https:\/\/www.kirche-hettenhausen.de\/site\/unsere-kirchen\/melanchthonhaus-poppenhausen\/#breadcrumb"},"inLanguage":"de","potentialAction":[{"@type":"ReadAction","target":["https:\/\/www.kirche-hettenhausen.de\/site\/unsere-kirchen\/melanchthonhaus-poppenhausen\/"]}]},{"@type":"ImageObject","inLanguage":"de","@id":"https:\/\/www.kirche-hettenhausen.de\/site\/unsere-kirchen\/melanchthonhaus-poppenhausen\/#primaryimage","url":"https:\/\/www.kirche-hettenhausen.de\/site\/wp-content\/uploads\/2021\/01\/Melanchthonhaus-Poppenhausen_3.jpg","contentUrl":"https:\/\/www.kirche-hettenhausen.de\/site\/wp-content\/uploads\/2021\/01\/Melanchthonhaus-Poppenhausen_3.jpg","width":768,"height":626,"caption":"Melanchthonhaus Glockenturm"},{"@type":"BreadcrumbList","@id":"https:\/\/www.kirche-hettenhausen.de\/site\/unsere-kirchen\/melanchthonhaus-poppenhausen\/#breadcrumb","itemListElement":[{"@type":"ListItem","position":1,"name":"Startseite","item":"https:\/\/www.kirche-hettenhausen.de\/site\/"},{"@type":"ListItem","position":2,"name":"Unsere Kirchen","item":"https:\/\/www.kirche-hettenhausen.de\/site\/unsere-kirchen\/"},{"@type":"ListItem","position":3,"name":"Melanchthonhaus Poppenhausen"}]},{"@type":"WebSite","@id":"https:\/\/www.kirche-hettenhausen.de\/site\/#website","url":"https:\/\/www.kirche-hettenhausen.de\/site\/","name":"Ev.-luth. Kirchengemeinde Hettenhausen - Dalherda","description":"Homepage der Ev.-luth. Kirchengemeinde Hettenhausen - Dalherda","potentialAction":[{"@type":"SearchAction","target":{"@type":"EntryPoint","urlTemplate":"https:\/\/www.kirche-hettenhausen.de\/site\/?s={search_term_string}"},"query-input":{"@type":"PropertyValueSpecification","valueRequired":true,"valueName":"search_term_string"}}],"inLanguage":"de"}]}},"_links":{"self":[{"href":"https:\/\/www.kirche-hettenhausen.de\/site\/wp-json\/wp\/v2\/pages\/6754","targetHints":{"allow":["GET"]}}],"collection":[{"href":"https:\/\/www.kirche-hettenhausen.de\/site\/wp-json\/wp\/v2\/pages"}],"about":[{"href":"https:\/\/www.kirche-hettenhausen.de\/site\/wp-json\/wp\/v2\/types\/page"}],"author":[{"embeddable":true,"href":"https:\/\/www.kirche-hettenhausen.de\/site\/wp-json\/wp\/v2\/users\/2"}],"replies":[{"embeddable":true,"href":"https:\/\/www.kirche-hettenhausen.de\/site\/wp-json\/wp\/v2\/comments?post=6754"}],"version-history":[{"count":33,"href":"https:\/\/www.kirche-hettenhausen.de\/site\/wp-json\/wp\/v2\/pages\/6754\/revisions"}],"predecessor-version":[{"id":17113,"href":"https:\/\/www.kirche-hettenhausen.de\/site\/wp-json\/wp\/v2\/pages\/6754\/revisions\/17113"}],"up":[{"embeddable":true,"href":"https:\/\/www.kirche-hettenhausen.de\/site\/wp-json\/wp\/v2\/pages\/6771"}],"wp:featuredmedia":[{"embeddable":true,"href":"https:\/\/www.kirche-hettenhausen.de\/site\/wp-json\/wp\/v2\/media\/7334"}],"wp:attachment":[{"href":"https:\/\/www.kirche-hettenhausen.de\/site\/wp-json\/wp\/v2\/media?parent=6754"}],"curies":[{"name":"wp","href":"https:\/\/api.w.org\/{rel}","templated":true}]}}