{"id":304,"date":"2014-12-07T22:34:00","date_gmt":"2014-12-07T21:34:00","guid":{"rendered":"https:\/\/kirche-hettenhausen.de\/site\/?page_id=304"},"modified":"2026-01-18T00:00:31","modified_gmt":"2026-01-17T23:00:31","slug":"links-downloads","status":"publish","type":"page","link":"https:\/\/www.kirche-hettenhausen.de\/site\/kontakt\/links-downloads\/","title":{"rendered":"Links &#038; Downloads"},"content":{"rendered":"<p><a href=\"https:\/\/www.kirchensteuer-wirkt.de\/\"><img loading=\"lazy\" decoding=\"async\" class=\"alignleft wp-image-15189 size-medium\" src=\"https:\/\/www.kirche-hettenhausen.de\/site\/wp-content\/uploads\/2024\/09\/QR-Code_KiWi_inklSchriftzug-300x95.jpg\" alt=\"\" width=\"300\" height=\"95\" srcset=\"https:\/\/www.kirche-hettenhausen.de\/site\/wp-content\/uploads\/2024\/09\/QR-Code_KiWi_inklSchriftzug-300x95.jpg 300w, https:\/\/www.kirche-hettenhausen.de\/site\/wp-content\/uploads\/2024\/09\/QR-Code_KiWi_inklSchriftzug-768x242.jpg 768w, https:\/\/www.kirche-hettenhausen.de\/site\/wp-content\/uploads\/2024\/09\/QR-Code_KiWi_inklSchriftzug-816x258.jpg 816w, https:\/\/www.kirche-hettenhausen.de\/site\/wp-content\/uploads\/2024\/09\/QR-Code_KiWi_inklSchriftzug.jpg 922w\" sizes=\"auto, (max-width: 300px) 100vw, 300px\" \/><\/a><br \/>\n<strong><a href=\"https:\/\/www.kirchensteuer-wirkt.de\/\">Kirchensteuer wirkt! Erstaunlich. Erlebbar. Evangelisch. (kirchensteuer-wirkt.de)<\/a><\/strong><\/p>\n<p>&nbsp;<\/p>\n<p><strong>Unsere Kirchengemeinde auf YouTube<\/strong>:<br \/>\n<a href=\"https:\/\/youtube.com\/channel\/UCXDs6cNoL2LylM8V0CRe5FA\" target=\"_blank\" rel=\"noopener\">https:\/\/youtube.com\/channel\/UCXDs6cNoL2LylM8V0CRe5FA<\/a><\/p>\n<p>&nbsp;<\/p>\n<h3><span style=\"color: #db1385;\">Kooperationsraum Rh\u00f6n<\/span><\/h3>\n<p><a href=\"https:\/\/www.ev-kirche-bieberstein-dipperz.de\" target=\"_blank\" rel=\"noopener noreferrer\">Ev. Kirchengemeinde Bieberstein-Dipperz<\/a><br \/>\n<a href=\"http:\/\/www.kirche-gersfeld.de\" target=\"_blank\" rel=\"noopener noreferrer\">Ev.-luth. Kirchengemeinde Gersfeld (Rh\u00f6n)<\/a><br \/>\n<a href=\"http:\/\/www.ev-kirche-hilders.de\" target=\"_blank\" rel=\"noopener noreferrer\">Ev. Kirchengemeinde Hilders<\/a><br \/>\n<a href=\"https:\/\/www.kirche-tann.de\" target=\"_blank\" rel=\"noopener noreferrer\">Ev.-luth. Kirchengemeinde Tann (Rh\u00f6n)<\/a><br \/>\n<a href=\"https:\/\/www.kirche-tann.de\" target=\"_blank\" rel=\"noopener\">Ev. Kirchengemeinde Habel<\/a><br \/>\n<a href=\"https:\/\/www.kirche-tann.de\" target=\"_blank\" rel=\"noopener\">Ev. Kirchengemeinde Neuswarts<\/a><\/p>\n<p>&nbsp;<\/p>\n<p><a href=\"http:\/\/www.ekd.de\" target=\"_blank\" rel=\"noopener noreferrer\">Evangelische Kirche in Deutschland<\/a><br \/>\n<a href=\"http:\/\/www.ekkw.de\" target=\"_blank\" rel=\"noopener noreferrer\">Evangelische Kirche von Kurhessen-Waldeck<\/a><br \/>\n<a href=\"http:\/\/www.sprengel-hanau-hersfeld.de\" target=\"_blank\" rel=\"noopener noreferrer\">Sprengel Hanau-Hersfeld<\/a><br \/>\n<a href=\"https:\/\/fulda-evangelisch.de\/\" target=\"_blank\" rel=\"noopener noreferrer\">Kirchenkreis Fulda<\/a><br \/>\n<a href=\"http:\/\/www.kirchenkreisamt-fulda.de\" target=\"_blank\" rel=\"noopener noreferrer\">Kirchenkreisamt Fulda<\/a><\/p>\n<p><a href=\"https:\/\/www.vcp-hettenhausen.de\" target=\"_blank\" rel=\"noopener noreferrer\">VCP Hettenhausen &#8211; Stamm Gottfried von Ebersberg<\/a><br \/>\n<u><a href=\"http:\/\/www.ej-fulda.de\/\" target=\"_blank\" rel=\"noopener\">EJFD &#8211; Evangelische Jugend Fulda<\/a><\/u><\/p>\n<p><a href=\"http:\/\/www.gersfeld.de\" target=\"_blank\" rel=\"noopener noreferrer\">Stadt Gersfeld (Rh\u00f6n)<\/a><br \/>\n<a href=\"https:\/\/www.ebersburg.de\/de\/\" target=\"_blank\" rel=\"noopener\">Gemeinde Ebersburg<\/a><br \/>\n<a href=\"https:\/\/www.poppenhausen-wasserkuppe.de\/de\/\" target=\"_blank\" rel=\"noopener\">Gemeinde Poppenhausen (Wasserkuppe)<\/a><\/p>\n<p><a href=\"https:\/\/gs-hettenhausen.gersfeld.schule.hessen.de\/\" target=\"_blank\" rel=\"noopener noreferrer\">Astrid-Lindgren-Schule Hettenhausen (Rh\u00f6n)<\/a><br \/>\n<a href=\"http:\/\/www.kghettenhausen.de\" target=\"_blank\" rel=\"noopener noreferrer\">Kirmesgesellschaft Hettenhausen 1993 e.V.<\/a><br \/>\n<a href=\"https:\/\/www.feuerwehr-hettenhausen.de\" target=\"_blank\" rel=\"noopener\">Freiwillige Feuerwehr Hettenhausen (Rh\u00f6n)<\/a><br \/>\n<a href=\"http:\/\/www.mit-und-fuer.de\" target=\"_blank\" rel=\"noopener noreferrer\">Miteinander &#8211; F\u00fcreinander Oberes Fuldatal e.V.<\/a><\/p>\n<p>&nbsp;<\/p>\n<table style=\"border-collapse: collapse; width: 100%; height: 720px;\">\n<tbody>\n<tr style=\"height: 136px;\">\n<td style=\"width: 16.6667%; vertical-align: top; height: 136px;\"><a href=\"https:\/\/www.radwegekirche.de\/\"><img loading=\"lazy\" decoding=\"async\" class=\"alignleft wp-image-4266 size-full\" src=\"https:\/\/www.kirche-hettenhausen.de\/site\/wp-content\/uploads\/2020\/04\/signet_radwegekirche_rdax_200x200-e1745486962393.jpg\" alt=\"\" width=\"70\" height=\"70\" \/><\/a><\/td>\n<td style=\"width: 83.3333%; vertical-align: top; height: 136px;\"><strong>Projekt des F\u00f6rdervereins Radwegekirche Milseburg e.V.<br \/>\n<\/strong><a href=\"http:\/\/www.radwegekirche.de\" target=\"_blank\" rel=\"noopener noreferrer\">Radwegekirche Milseburg<\/a><\/td>\n<\/tr>\n<tr style=\"height: 79px;\">\n<td style=\"width: 16.6667%; vertical-align: top; height: 79px;\"><a href=\"https:\/\/schwimmbad-dalherda.de\/\"><img loading=\"lazy\" decoding=\"async\" class=\"alignleft wp-image-8758 size-full\" src=\"https:\/\/www.kirche-hettenhausen.de\/site\/wp-content\/uploads\/2021\/05\/Schwimmbadverein-Dalherda-e1745486986121.jpg\" alt=\"\" width=\"100\" height=\"63\" \/><\/a><\/td>\n<td style=\"width: 83.3333%; vertical-align: top; height: 79px;\"><strong>Verein zur F\u00f6rderung des Schwimmbades Dalherda<br \/>\n<\/strong><a href=\"https:\/\/schwimmbad-dalherda.de\/\" target=\"_blank\" rel=\"noopener\">Schwimmbad Dalherda<\/a><\/td>\n<\/tr>\n<tr style=\"height: 184px;\">\n<td style=\"width: 16.6667%; height: 184px; vertical-align: top;\"><a href=\"https:\/\/www.kirchenjahr-evangelisch.de\"><img loading=\"lazy\" decoding=\"async\" class=\"alignleft wp-image-11579 size-full\" src=\"https:\/\/www.kirche-hettenhausen.de\/site\/wp-content\/uploads\/2022\/06\/Plakat-Kirchenjahr-evangelisch-e1745486887161.jpg\" alt=\"\" width=\"70\" height=\"99\" \/><\/a><\/td>\n<td style=\"width: 83.3333%; height: 184px; vertical-align: top;\"><strong>Entdecken Sie das Kirchenjahr, seine hohen Feiertage, seine Texte und Br\u00e4uche:<br \/>\n<\/strong><a href=\"https:\/\/www.kirchenjahr-evangelisch.de\" target=\"_blank\" rel=\"noopener\">kirchenjahr-evangelisch.de<\/a>(auch als <a href=\"https:\/\/www.kirchenjahr-evangelisch.de\/mitmachen.php#app\" target=\"_blank\" rel=\"noopener\">App f\u00fcr iOS und Android<\/a>)<\/td>\n<\/tr>\n<tr style=\"height: 129px;\">\n<td style=\"width: 16.6667%; height: 129px; vertical-align: top;\"><a href=\"https:\/\/ekd.kirchenlandkarte.de\/\"><img loading=\"lazy\" decoding=\"async\" class=\"alignleft wp-image-3223 size-full\" src=\"https:\/\/www.kirche-hettenhausen.de\/site\/wp-content\/uploads\/2019\/09\/Kirchen-App-Logo_1-e1745484877885.jpg\" alt=\"\" width=\"70\" height=\"70\" \/><\/a><\/td>\n<td style=\"width: 83.3333%; height: 129px; vertical-align: top;\"><strong>Mit Computer, Tablet oder Smartphone Kirchen entdecken<\/strong>:<br \/>\n<a href=\"https:\/\/ekd.kirchenlandkarte.de\/\" target=\"_blank\" rel=\"noopener noreferrer\">Kirchen-App der Evangelischen Kirche in Deutschland (EKD)<\/a><\/td>\n<\/tr>\n<tr style=\"height: 168px;\">\n<td style=\"width: 16.6667%; vertical-align: top; height: 168px;\"><img loading=\"lazy\" decoding=\"async\" class=\"alignnone wp-image-4253 size-full\" src=\"https:\/\/www.kirche-hettenhausen.de\/site\/wp-content\/uploads\/2020\/04\/blick_0320_nichtimheft1_rdax_200x282-e1745486938302.jpg\" alt=\"\" width=\"70\" height=\"99\" \/><\/td>\n<td style=\"width: 83.3333%; vertical-align: top; height: 168px;\">Unter <a href=\"http:\/\/www.ekkw.de\/blick-in-die-kirche\/einblicke\/bonus_18562.htm\" target=\"_blank\" rel=\"noopener noreferrer\">http:\/\/www.ekkw.de\/blick-in-die-kirche\/einblicke\/bonus_18562.htm<\/a> kann man sich das neu erschienene<strong> \u00ab<a href=\"https:\/\/www.kirche-hettenhausen.de\/site\/wp-content\/uploads\/2020\/04\/Gebetsheft-in-Krisenzeiten.pdf\" target=\"_blank\" rel=\"noopener noreferrer\">Gebetsheft in Krisenzeiten<\/a>\u00bb<\/strong> kostenlos herunterladen, das die Redaktion von \u00abblick in die kirche\u00bb neu aufgelegt hat. Auf 32 Seiten im handlichen Format sind Gebete zu verschiedenen Lebenssituationen gesammelt, mit einem Schwerpunkt auf Krisensituationen.<\/td>\n<\/tr>\n<tr style=\"height: 24px;\">\n<td style=\"width: 16.6667%; height: 24px; vertical-align: top;\"><a href=\"http:\/\/archion.de\"><img loading=\"lazy\" decoding=\"async\" class=\"alignnone wp-image-5033 size-full\" src=\"https:\/\/www.kirche-hettenhausen.de\/site\/wp-content\/uploads\/2020\/06\/aktuell_200610_archiv_disi_archion-e1745484910292.jpg\" alt=\"Kirchenb\u00fccher verzeichnen Taufen, Trauungen, Beerdigungen und Konfirmationen. Sie sind wichtige Quelle f\u00fcr die Familien- und Ahnenforschung. Das Onlineportal \u00abArchion\u00bb macht jetzt auch die Kirchenb\u00fccher der EKKW durchsuchbar. (Screenshot des Portals)\" width=\"100\" height=\"67\" \/><\/a><\/td>\n<td style=\"width: 83.3333%; height: 24px; vertical-align: top;\">Das <strong>Kirchenbuch-Portal \u00abArchion\u00bb<\/strong>, das komfortabel Familienforschung und Ahnenforschung erm\u00f6glicht, finden Sie unter: <a href=\"https:\/\/www.archion.de\/\" target=\"_blank\" rel=\"noopener noreferrer\">archion.de<\/a><strong><br \/>\n<\/strong><span style=\"font-size: 10pt;\">Kirchenb\u00fccher verzeichnen Taufen, Trauungen, Beerdigungen und Konfirmationen. Sie sind wichtige Quelle f\u00fcr die Familien- und Ahnenforschung. Das Onlineportal \u00abArchion\u00bb macht jetzt auch die Kirchenb\u00fccher der EKKW durchsuchbar. (Screenshot des Portals)<\/span><\/td>\n<\/tr>\n<\/tbody>\n<\/table>\n<h4><\/h4>\n<p>&nbsp;<\/p>\n<h4>Wo findet man einen Taufspruch?<\/h4>\n<p>Taufspr\u00fcche m\u00fcssen aus der Bibel stammen. Einen passenden Vers zu finden, ist f\u00fcr T\u00e4uflinge oder Eltern und Paten nicht immer eine leichte Aufgabe. Der Pfarrer kann dabei behilflich sein. Unter <a href=\"http:\/\/www.taufspruch.de\" target=\"_blank\" rel=\"noopener noreferrer\">www.taufspruch.de<\/a> ist eine gro\u00dfe Sammlung von Taufspr\u00fcchen zusammengestellt.<\/p>\n<h4>Wo finde ich einen Konfirmationsspruch?<\/h4>\n<p>Konfirmationsspr\u00fcche finden sich in der Bibel. Manche Pastorin oder mancher Pfarrer stellt f\u00fcr die Konfirmandinnen und Konfirmanden eine Liste mit Spr\u00fcchen zusammen, aus denen sie sich einen Spruch heraussuchen k\u00f6nnen. Manche Jugendliche suchen selbst in der Bibel oder w\u00e4hlen Spr\u00fcche, die schon bei ihren Eltern, Gro\u00dfeltern oder Paten Konfirmationsspr\u00fcche waren. Siehe auch: <a href=\"http:\/\/www.konfiweb.de\" target=\"_blank\" rel=\"noopener noreferrer\">www.konfiweb.de<\/a><\/p>\n<h4>Wo finden wir einen Trauspruch?<\/h4>\n<p>Der Pfarrer f\u00fchrt mit dem Brautpaar ein Traugespr\u00e4ch. Empfehlenswert ist es, wenn das Brautpaar sich vor dem Gespr\u00e4ch einen Trauspruch aussucht. Unter <a href=\"http:\/\/www.trauspruch.de\" target=\"_blank\" rel=\"noopener noreferrer\">www.trauspruch.de<\/a> finden Sie eine Auswahl. Auch der Pfarrer ist gerne dabei behilflich.<\/p>\n","protected":false},"excerpt":{"rendered":"<p>Kirchensteuer wirkt! Erstaunlich. Erlebbar. Evangelisch. (kirchensteuer-wirkt.de) &nbsp; Unsere Kirchengemeinde auf YouTube: https:\/\/youtube.com\/channel\/UCXDs6cNoL2LylM8V0CRe5FA &nbsp; Kooperationsraum Rh\u00f6n Ev. Kirchengemeinde Bieberstein-Dipperz Ev.-luth. Kirchengemeinde Gersfeld (Rh\u00f6n) Ev. Kirchengemeinde Hilders Ev.-luth. Kirchengemeinde Tann (Rh\u00f6n) Ev. Kirchengemeinde Habel Ev. Kirchengemeinde Neuswarts &nbsp; Evangelische Kirche in Deutschland Evangelische Kirche von Kurhessen-Waldeck Sprengel Hanau-Hersfeld Kirchenkreis Fulda Kirchenkreisamt Fulda VCP Hettenhausen &#8211; Stamm Gottfried [&hellip;]<\/p>\n","protected":false},"author":2,"featured_media":7686,"parent":27,"menu_order":70,"comment_status":"closed","ping_status":"open","template":"","meta":{"footnotes":""},"class_list":["post-304","page","type-page","status-publish","has-post-thumbnail","hentry"],"yoast_head":"<!-- This site is optimized with the Yoast SEO plugin v27.3 - https:\/\/yoast.com\/product\/yoast-seo-wordpress\/ -->\n<title>Links &amp; Downloads - Ev.-luth. Kirchengemeinde Hettenhausen - Dalherda<\/title>\n<meta name=\"description\" content=\"Ev.-luth. Kirchengemeinde Hettenhausen - Dalherda - Links &amp; Downloads -\" \/>\n<meta name=\"robots\" content=\"index, follow, max-snippet:-1, max-image-preview:large, max-video-preview:-1\" \/>\n<link rel=\"canonical\" href=\"https:\/\/www.kirche-hettenhausen.de\/site\/kontakt\/links-downloads\/\" \/>\n<meta property=\"og:locale\" content=\"de_DE\" \/>\n<meta property=\"og:type\" content=\"article\" \/>\n<meta property=\"og:title\" content=\"Links &amp; Downloads - Ev.-luth. Kirchengemeinde Hettenhausen - Dalherda\" \/>\n<meta property=\"og:description\" content=\"Ev.-luth. Kirchengemeinde Hettenhausen - Dalherda - Links &amp; Downloads -\" \/>\n<meta property=\"og:url\" content=\"https:\/\/www.kirche-hettenhausen.de\/site\/kontakt\/links-downloads\/\" \/>\n<meta property=\"og:site_name\" content=\"Ev.-luth. Kirchengemeinde Hettenhausen - Dalherda\" \/>\n<meta property=\"article:modified_time\" content=\"2026-01-17T23:00:31+00:00\" \/>\n<meta property=\"og:image\" content=\"https:\/\/www.kirche-hettenhausen.de\/site\/wp-content\/uploads\/2021\/02\/60742_pfarramt_rgb.jpg\" \/>\n\t<meta property=\"og:image:width\" content=\"1286\" \/>\n\t<meta property=\"og:image:height\" content=\"401\" \/>\n\t<meta property=\"og:image:type\" content=\"image\/jpeg\" \/>\n<meta name=\"twitter:card\" content=\"summary_large_image\" \/>\n<meta name=\"twitter:label1\" content=\"Gesch\u00e4tzte Lesezeit\" \/>\n\t<meta name=\"twitter:data1\" content=\"4\u00a0Minuten\" \/>\n<script type=\"application\/ld+json\" class=\"yoast-schema-graph\">{\"@context\":\"https:\\\/\\\/schema.org\",\"@graph\":[{\"@type\":\"WebPage\",\"@id\":\"https:\\\/\\\/www.kirche-hettenhausen.de\\\/site\\\/kontakt\\\/links-downloads\\\/\",\"url\":\"https:\\\/\\\/www.kirche-hettenhausen.de\\\/site\\\/kontakt\\\/links-downloads\\\/\",\"name\":\"Links & Downloads - Ev.-luth. Kirchengemeinde Hettenhausen - Dalherda\",\"isPartOf\":{\"@id\":\"https:\\\/\\\/www.kirche-hettenhausen.de\\\/site\\\/#website\"},\"primaryImageOfPage\":{\"@id\":\"https:\\\/\\\/www.kirche-hettenhausen.de\\\/site\\\/kontakt\\\/links-downloads\\\/#primaryimage\"},\"image\":{\"@id\":\"https:\\\/\\\/www.kirche-hettenhausen.de\\\/site\\\/kontakt\\\/links-downloads\\\/#primaryimage\"},\"thumbnailUrl\":\"https:\\\/\\\/www.kirche-hettenhausen.de\\\/site\\\/wp-content\\\/uploads\\\/2021\\\/02\\\/60742_pfarramt_rgb.jpg\",\"datePublished\":\"2014-12-07T21:34:00+00:00\",\"dateModified\":\"2026-01-17T23:00:31+00:00\",\"description\":\"Ev.-luth. Kirchengemeinde Hettenhausen - Dalherda - Links & Downloads -\",\"breadcrumb\":{\"@id\":\"https:\\\/\\\/www.kirche-hettenhausen.de\\\/site\\\/kontakt\\\/links-downloads\\\/#breadcrumb\"},\"inLanguage\":\"de\",\"potentialAction\":[{\"@type\":\"ReadAction\",\"target\":[\"https:\\\/\\\/www.kirche-hettenhausen.de\\\/site\\\/kontakt\\\/links-downloads\\\/\"]}]},{\"@type\":\"ImageObject\",\"inLanguage\":\"de\",\"@id\":\"https:\\\/\\\/www.kirche-hettenhausen.de\\\/site\\\/kontakt\\\/links-downloads\\\/#primaryimage\",\"url\":\"https:\\\/\\\/www.kirche-hettenhausen.de\\\/site\\\/wp-content\\\/uploads\\\/2021\\\/02\\\/60742_pfarramt_rgb.jpg\",\"contentUrl\":\"https:\\\/\\\/www.kirche-hettenhausen.de\\\/site\\\/wp-content\\\/uploads\\\/2021\\\/02\\\/60742_pfarramt_rgb.jpg\",\"width\":1286,\"height\":401},{\"@type\":\"BreadcrumbList\",\"@id\":\"https:\\\/\\\/www.kirche-hettenhausen.de\\\/site\\\/kontakt\\\/links-downloads\\\/#breadcrumb\",\"itemListElement\":[{\"@type\":\"ListItem\",\"position\":1,\"name\":\"Startseite\",\"item\":\"https:\\\/\\\/www.kirche-hettenhausen.de\\\/site\\\/\"},{\"@type\":\"ListItem\",\"position\":2,\"name\":\"Kontakt\",\"item\":\"https:\\\/\\\/www.kirche-hettenhausen.de\\\/site\\\/kontakt\\\/\"},{\"@type\":\"ListItem\",\"position\":3,\"name\":\"Links &#038; Downloads\"}]},{\"@type\":\"WebSite\",\"@id\":\"https:\\\/\\\/www.kirche-hettenhausen.de\\\/site\\\/#website\",\"url\":\"https:\\\/\\\/www.kirche-hettenhausen.de\\\/site\\\/\",\"name\":\"Ev.-luth. Kirchengemeinde Hettenhausen - Dalherda\",\"description\":\"Homepage der Ev.-luth. Kirchengemeinde Hettenhausen - Dalherda\",\"potentialAction\":[{\"@type\":\"SearchAction\",\"target\":{\"@type\":\"EntryPoint\",\"urlTemplate\":\"https:\\\/\\\/www.kirche-hettenhausen.de\\\/site\\\/?s={search_term_string}\"},\"query-input\":{\"@type\":\"PropertyValueSpecification\",\"valueRequired\":true,\"valueName\":\"search_term_string\"}}],\"inLanguage\":\"de\"}]}<\/script>\n<!-- \/ Yoast SEO plugin. -->","yoast_head_json":{"title":"Links & Downloads - Ev.-luth. Kirchengemeinde Hettenhausen - Dalherda","description":"Ev.-luth. Kirchengemeinde Hettenhausen - Dalherda - Links & Downloads -","robots":{"index":"index","follow":"follow","max-snippet":"max-snippet:-1","max-image-preview":"max-image-preview:large","max-video-preview":"max-video-preview:-1"},"canonical":"https:\/\/www.kirche-hettenhausen.de\/site\/kontakt\/links-downloads\/","og_locale":"de_DE","og_type":"article","og_title":"Links & Downloads - Ev.-luth. Kirchengemeinde Hettenhausen - Dalherda","og_description":"Ev.-luth. Kirchengemeinde Hettenhausen - Dalherda - Links & Downloads -","og_url":"https:\/\/www.kirche-hettenhausen.de\/site\/kontakt\/links-downloads\/","og_site_name":"Ev.-luth. Kirchengemeinde Hettenhausen - Dalherda","article_modified_time":"2026-01-17T23:00:31+00:00","og_image":[{"width":1286,"height":401,"url":"https:\/\/www.kirche-hettenhausen.de\/site\/wp-content\/uploads\/2021\/02\/60742_pfarramt_rgb.jpg","type":"image\/jpeg"}],"twitter_card":"summary_large_image","twitter_misc":{"Gesch\u00e4tzte Lesezeit":"4\u00a0Minuten"},"schema":{"@context":"https:\/\/schema.org","@graph":[{"@type":"WebPage","@id":"https:\/\/www.kirche-hettenhausen.de\/site\/kontakt\/links-downloads\/","url":"https:\/\/www.kirche-hettenhausen.de\/site\/kontakt\/links-downloads\/","name":"Links & Downloads - Ev.-luth. Kirchengemeinde Hettenhausen - Dalherda","isPartOf":{"@id":"https:\/\/www.kirche-hettenhausen.de\/site\/#website"},"primaryImageOfPage":{"@id":"https:\/\/www.kirche-hettenhausen.de\/site\/kontakt\/links-downloads\/#primaryimage"},"image":{"@id":"https:\/\/www.kirche-hettenhausen.de\/site\/kontakt\/links-downloads\/#primaryimage"},"thumbnailUrl":"https:\/\/www.kirche-hettenhausen.de\/site\/wp-content\/uploads\/2021\/02\/60742_pfarramt_rgb.jpg","datePublished":"2014-12-07T21:34:00+00:00","dateModified":"2026-01-17T23:00:31+00:00","description":"Ev.-luth. Kirchengemeinde Hettenhausen - Dalherda - Links & Downloads -","breadcrumb":{"@id":"https:\/\/www.kirche-hettenhausen.de\/site\/kontakt\/links-downloads\/#breadcrumb"},"inLanguage":"de","potentialAction":[{"@type":"ReadAction","target":["https:\/\/www.kirche-hettenhausen.de\/site\/kontakt\/links-downloads\/"]}]},{"@type":"ImageObject","inLanguage":"de","@id":"https:\/\/www.kirche-hettenhausen.de\/site\/kontakt\/links-downloads\/#primaryimage","url":"https:\/\/www.kirche-hettenhausen.de\/site\/wp-content\/uploads\/2021\/02\/60742_pfarramt_rgb.jpg","contentUrl":"https:\/\/www.kirche-hettenhausen.de\/site\/wp-content\/uploads\/2021\/02\/60742_pfarramt_rgb.jpg","width":1286,"height":401},{"@type":"BreadcrumbList","@id":"https:\/\/www.kirche-hettenhausen.de\/site\/kontakt\/links-downloads\/#breadcrumb","itemListElement":[{"@type":"ListItem","position":1,"name":"Startseite","item":"https:\/\/www.kirche-hettenhausen.de\/site\/"},{"@type":"ListItem","position":2,"name":"Kontakt","item":"https:\/\/www.kirche-hettenhausen.de\/site\/kontakt\/"},{"@type":"ListItem","position":3,"name":"Links &#038; Downloads"}]},{"@type":"WebSite","@id":"https:\/\/www.kirche-hettenhausen.de\/site\/#website","url":"https:\/\/www.kirche-hettenhausen.de\/site\/","name":"Ev.-luth. Kirchengemeinde Hettenhausen - Dalherda","description":"Homepage der Ev.-luth. Kirchengemeinde Hettenhausen - Dalherda","potentialAction":[{"@type":"SearchAction","target":{"@type":"EntryPoint","urlTemplate":"https:\/\/www.kirche-hettenhausen.de\/site\/?s={search_term_string}"},"query-input":{"@type":"PropertyValueSpecification","valueRequired":true,"valueName":"search_term_string"}}],"inLanguage":"de"}]}},"_links":{"self":[{"href":"https:\/\/www.kirche-hettenhausen.de\/site\/wp-json\/wp\/v2\/pages\/304","targetHints":{"allow":["GET"]}}],"collection":[{"href":"https:\/\/www.kirche-hettenhausen.de\/site\/wp-json\/wp\/v2\/pages"}],"about":[{"href":"https:\/\/www.kirche-hettenhausen.de\/site\/wp-json\/wp\/v2\/types\/page"}],"author":[{"embeddable":true,"href":"https:\/\/www.kirche-hettenhausen.de\/site\/wp-json\/wp\/v2\/users\/2"}],"replies":[{"embeddable":true,"href":"https:\/\/www.kirche-hettenhausen.de\/site\/wp-json\/wp\/v2\/comments?post=304"}],"version-history":[{"count":117,"href":"https:\/\/www.kirche-hettenhausen.de\/site\/wp-json\/wp\/v2\/pages\/304\/revisions"}],"predecessor-version":[{"id":17109,"href":"https:\/\/www.kirche-hettenhausen.de\/site\/wp-json\/wp\/v2\/pages\/304\/revisions\/17109"}],"up":[{"embeddable":true,"href":"https:\/\/www.kirche-hettenhausen.de\/site\/wp-json\/wp\/v2\/pages\/27"}],"wp:featuredmedia":[{"embeddable":true,"href":"https:\/\/www.kirche-hettenhausen.de\/site\/wp-json\/wp\/v2\/media\/7686"}],"wp:attachment":[{"href":"https:\/\/www.kirche-hettenhausen.de\/site\/wp-json\/wp\/v2\/media?parent=304"}],"curies":[{"name":"wp","href":"https:\/\/api.w.org\/{rel}","templated":true}]}}