{"id":1758,"date":"2018-07-15T19:18:21","date_gmt":"2018-07-15T17:18:21","guid":{"rendered":"https:\/\/kirche-hettenhausen.de\/site\/?page_id=1758"},"modified":"2026-01-17T23:49:42","modified_gmt":"2026-01-17T22:49:42","slug":"engagiert-mitgestalten","status":"publish","type":"page","link":"https:\/\/www.kirche-hettenhausen.de\/site\/engagiert-mitgestalten\/","title":{"rendered":"engagiert! MITGESTALTEN"},"content":{"rendered":"<p><img loading=\"lazy\" decoding=\"async\" class=\"alignnone\" src=\"https:\/\/www.kirche-hettenhausen.de\/site\/wp-content\/uploads\/2018\/07\/1476886816-8153-1140.jpg\" alt=\"\" width=\"1140\" height=\"813\" \/><\/p>\n<div id=\"cc-m-11940902127\" class=\"j-module n j-hr \">\n<p>&nbsp;<\/p>\n<hr \/>\n<\/div>\n<div id=\"cc-m-11436343627\" class=\"j-module n j-text \">\n<h2 style=\"text-align: center;\"><span style=\"color: #db1385;\">Es sind verschiedene Gaben; aber es ist ein Geist.<br \/>\n<\/span><span style=\"color: #db1385;\">Und es sind verschiedene \u00c4mter; aber es ist ein Herr.<br \/>\nUnd es sind verschiedene Kr\u00e4fte; aber es ist ein Gott, der da wirkt alles in allen.<br \/>\nDurch einen jeden offenbart sich der Geist zum Nutzen aller.<\/span><\/h2>\n<h4 style=\"text-align: center;\">1. Korinther 12,4-7<\/h4>\n<p>&nbsp;<\/p>\n<\/div>\n<p>Wir sind dankbar, dass es in unserer Gemeinde Menschen gibt, die immer wieder bereit sind, ihre F\u00e4higkeiten und Begabungen einzubringen. Das ist eine M\u00f6glichkeit, ganz praktisch am Reich Gottes in unserer Gemeinde mitzubauen und in dem einen Geist am Aufbau und Weiterbau der Kirche Jesu Christi mitzuwirken.<\/p>\n<p>Daher unsere herzliche Einladung an alle, die auch mithelfen wollen:<\/p>\n<p>&nbsp;<\/p>\n<div id=\"cc-m-11436343627\" class=\"j-module n j-text \">\n<p>Interessierte mit ihren Ideen und Lust am Mitmachen sind immer herzlich willkommen!<\/p>\n<p>Hier haben Sie die M\u00f6glichkeit, je nach Ihren Begabungen und Interessen Ihren richtigen Ort zum Mitwirken zu finden.<\/p>\n<p>Schauen Sie \u00fcber die Stichworte nach, was Ihnen liegt und worauf Sie Lust haben &#8211; wir machen Ihnen Vorschl\u00e4ge, wie und wo Sie Ihre Begabungen einbringen k\u00f6nnen. Dabei sind manche Vorschl\u00e4ge auch mehrfach unter den Rubriken zu finden.<\/p>\n<p>Oder vielleicht haben Sie auch ganz neue Ideen? Nur zu, sprechen Sie uns an \ud83d\ude42<\/p>\n<p>&nbsp;<\/p>\n<\/div>\n<div id=\"cc-m-11436445427\" class=\"j-module n j-header \">\n<h3 id=\"cc-m-header-11436445427\" class=\"\"><span style=\"color: #db1385;\">Engagement ausprobieren<\/span><\/h3>\n<\/div>\n<div id=\"cc-m-11436455927\" class=\"j-module n j-text \">\n<p>Wir m\u00f6chten Ihnen Mut machen, einen Verantwortlichen anzusprechen und ein Engagement auszuprobieren. Sie sollen die M\u00f6glichkeit haben, Ihr passendes Engagement zu finden. Sie haben die Freiheit, Ihre Mitarbeit zu begrenzen und\u00a0auch wieder zu beenden.<\/p>\n<p>&nbsp;<\/p>\n<\/div>\n<h3><span style=\"color: #db1385;\">Ansprechpartner<\/span><\/h3>\n<p>Marion Friedrich<br \/>\n<a href=\"mailto:m.friedrich@www.kirche-hettenhausen.de\" target=\"_blank\" rel=\"noopener\">m.friedrich@www.kirche-hettenhausen.de<\/a><\/p>\n<p>oder die genannten Personen bzw. Verantwortlichen (siehe auch unter <a href=\"https:\/\/www.kirche-hettenhausen.de\/site\/engagiert-mitgestalten\/gruppen\/\" target=\"_blank\" rel=\"noopener noreferrer\">Gruppen)<\/a><\/p>\n","protected":false},"excerpt":{"rendered":"<p>&nbsp; Es sind verschiedene Gaben; aber es ist ein Geist. Und es sind verschiedene \u00c4mter; aber es ist ein Herr. Und es sind verschiedene Kr\u00e4fte; aber es ist ein Gott, der da wirkt alles in allen. Durch einen jeden offenbart sich der Geist zum Nutzen aller. 1. Korinther 12,4-7 &nbsp; Wir sind dankbar, dass es [&hellip;]<\/p>\n","protected":false},"author":2,"featured_media":1761,"parent":0,"menu_order":3,"comment_status":"closed","ping_status":"closed","template":"","meta":{"footnotes":""},"class_list":["post-1758","page","type-page","status-publish","has-post-thumbnail","hentry"],"yoast_head":"<!-- This site is optimized with the Yoast SEO plugin v27.4 - https:\/\/yoast.com\/product\/yoast-seo-wordpress\/ -->\n<title>engagiert! MITGESTALTEN - Ev.-luth. Kirchengemeinde Hettenhausen - Dalherda<\/title>\n<meta name=\"description\" content=\"Ev.-luth. Kirchengemeinde Hettenhausen - Dalherda - engagiert! MITGESTALTEN\" \/>\n<meta name=\"robots\" content=\"index, follow, max-snippet:-1, max-image-preview:large, max-video-preview:-1\" \/>\n<link rel=\"canonical\" href=\"https:\/\/www.kirche-hettenhausen.de\/site\/engagiert-mitgestalten\/\" \/>\n<meta property=\"og:locale\" content=\"de_DE\" \/>\n<meta property=\"og:type\" content=\"article\" \/>\n<meta property=\"og:title\" content=\"engagiert! MITGESTALTEN - Ev.-luth. Kirchengemeinde Hettenhausen - Dalherda\" \/>\n<meta property=\"og:description\" content=\"Ev.-luth. Kirchengemeinde Hettenhausen - Dalherda - engagiert! MITGESTALTEN\" \/>\n<meta property=\"og:url\" content=\"https:\/\/www.kirche-hettenhausen.de\/site\/engagiert-mitgestalten\/\" \/>\n<meta property=\"og:site_name\" content=\"Ev.-luth. Kirchengemeinde Hettenhausen - Dalherda\" \/>\n<meta property=\"article:modified_time\" content=\"2026-01-17T22:49:42+00:00\" \/>\n<meta property=\"og:image\" content=\"https:\/\/www.kirche-hettenhausen.de\/site\/wp-content\/uploads\/2018\/07\/1476886816-8153-1140.jpg\" \/>\n\t<meta property=\"og:image:width\" content=\"1140\" \/>\n\t<meta property=\"og:image:height\" content=\"813\" \/>\n\t<meta property=\"og:image:type\" content=\"image\/jpeg\" \/>\n<meta name=\"twitter:card\" content=\"summary_large_image\" \/>\n<meta name=\"twitter:label1\" content=\"Gesch\u00e4tzte Lesezeit\" \/>\n\t<meta name=\"twitter:data1\" content=\"2\u00a0Minuten\" \/>\n<script type=\"application\/ld+json\" class=\"yoast-schema-graph\">{\"@context\":\"https:\\\/\\\/schema.org\",\"@graph\":[{\"@type\":\"WebPage\",\"@id\":\"https:\\\/\\\/www.kirche-hettenhausen.de\\\/site\\\/engagiert-mitgestalten\\\/\",\"url\":\"https:\\\/\\\/www.kirche-hettenhausen.de\\\/site\\\/engagiert-mitgestalten\\\/\",\"name\":\"engagiert! MITGESTALTEN - Ev.-luth. Kirchengemeinde Hettenhausen - Dalherda\",\"isPartOf\":{\"@id\":\"https:\\\/\\\/www.kirche-hettenhausen.de\\\/site\\\/#website\"},\"primaryImageOfPage\":{\"@id\":\"https:\\\/\\\/www.kirche-hettenhausen.de\\\/site\\\/engagiert-mitgestalten\\\/#primaryimage\"},\"image\":{\"@id\":\"https:\\\/\\\/www.kirche-hettenhausen.de\\\/site\\\/engagiert-mitgestalten\\\/#primaryimage\"},\"thumbnailUrl\":\"https:\\\/\\\/www.kirche-hettenhausen.de\\\/site\\\/wp-content\\\/uploads\\\/2018\\\/07\\\/1476886816-8153-1140.jpg\",\"datePublished\":\"2018-07-15T17:18:21+00:00\",\"dateModified\":\"2026-01-17T22:49:42+00:00\",\"description\":\"Ev.-luth. Kirchengemeinde Hettenhausen - Dalherda - engagiert! MITGESTALTEN\",\"breadcrumb\":{\"@id\":\"https:\\\/\\\/www.kirche-hettenhausen.de\\\/site\\\/engagiert-mitgestalten\\\/#breadcrumb\"},\"inLanguage\":\"de\",\"potentialAction\":[{\"@type\":\"ReadAction\",\"target\":[\"https:\\\/\\\/www.kirche-hettenhausen.de\\\/site\\\/engagiert-mitgestalten\\\/\"]}]},{\"@type\":\"ImageObject\",\"inLanguage\":\"de\",\"@id\":\"https:\\\/\\\/www.kirche-hettenhausen.de\\\/site\\\/engagiert-mitgestalten\\\/#primaryimage\",\"url\":\"https:\\\/\\\/www.kirche-hettenhausen.de\\\/site\\\/wp-content\\\/uploads\\\/2018\\\/07\\\/1476886816-8153-1140.jpg\",\"contentUrl\":\"https:\\\/\\\/www.kirche-hettenhausen.de\\\/site\\\/wp-content\\\/uploads\\\/2018\\\/07\\\/1476886816-8153-1140.jpg\",\"width\":1140,\"height\":813,\"caption\":\"engagiert MITGESTALTEN\"},{\"@type\":\"BreadcrumbList\",\"@id\":\"https:\\\/\\\/www.kirche-hettenhausen.de\\\/site\\\/engagiert-mitgestalten\\\/#breadcrumb\",\"itemListElement\":[{\"@type\":\"ListItem\",\"position\":1,\"name\":\"Startseite\",\"item\":\"https:\\\/\\\/www.kirche-hettenhausen.de\\\/site\\\/\"},{\"@type\":\"ListItem\",\"position\":2,\"name\":\"engagiert! MITGESTALTEN\"}]},{\"@type\":\"WebSite\",\"@id\":\"https:\\\/\\\/www.kirche-hettenhausen.de\\\/site\\\/#website\",\"url\":\"https:\\\/\\\/www.kirche-hettenhausen.de\\\/site\\\/\",\"name\":\"Ev.-luth. Kirchengemeinde Hettenhausen - Dalherda\",\"description\":\"Homepage der Ev.-luth. Kirchengemeinde Hettenhausen - Dalherda\",\"potentialAction\":[{\"@type\":\"SearchAction\",\"target\":{\"@type\":\"EntryPoint\",\"urlTemplate\":\"https:\\\/\\\/www.kirche-hettenhausen.de\\\/site\\\/?s={search_term_string}\"},\"query-input\":{\"@type\":\"PropertyValueSpecification\",\"valueRequired\":true,\"valueName\":\"search_term_string\"}}],\"inLanguage\":\"de\"}]}<\/script>\n<!-- \/ Yoast SEO plugin. -->","yoast_head_json":{"title":"engagiert! MITGESTALTEN - Ev.-luth. Kirchengemeinde Hettenhausen - Dalherda","description":"Ev.-luth. Kirchengemeinde Hettenhausen - Dalherda - engagiert! MITGESTALTEN","robots":{"index":"index","follow":"follow","max-snippet":"max-snippet:-1","max-image-preview":"max-image-preview:large","max-video-preview":"max-video-preview:-1"},"canonical":"https:\/\/www.kirche-hettenhausen.de\/site\/engagiert-mitgestalten\/","og_locale":"de_DE","og_type":"article","og_title":"engagiert! MITGESTALTEN - Ev.-luth. Kirchengemeinde Hettenhausen - Dalherda","og_description":"Ev.-luth. Kirchengemeinde Hettenhausen - Dalherda - engagiert! MITGESTALTEN","og_url":"https:\/\/www.kirche-hettenhausen.de\/site\/engagiert-mitgestalten\/","og_site_name":"Ev.-luth. Kirchengemeinde Hettenhausen - Dalherda","article_modified_time":"2026-01-17T22:49:42+00:00","og_image":[{"width":1140,"height":813,"url":"https:\/\/www.kirche-hettenhausen.de\/site\/wp-content\/uploads\/2018\/07\/1476886816-8153-1140.jpg","type":"image\/jpeg"}],"twitter_card":"summary_large_image","twitter_misc":{"Gesch\u00e4tzte Lesezeit":"2\u00a0Minuten"},"schema":{"@context":"https:\/\/schema.org","@graph":[{"@type":"WebPage","@id":"https:\/\/www.kirche-hettenhausen.de\/site\/engagiert-mitgestalten\/","url":"https:\/\/www.kirche-hettenhausen.de\/site\/engagiert-mitgestalten\/","name":"engagiert! MITGESTALTEN - Ev.-luth. Kirchengemeinde Hettenhausen - Dalherda","isPartOf":{"@id":"https:\/\/www.kirche-hettenhausen.de\/site\/#website"},"primaryImageOfPage":{"@id":"https:\/\/www.kirche-hettenhausen.de\/site\/engagiert-mitgestalten\/#primaryimage"},"image":{"@id":"https:\/\/www.kirche-hettenhausen.de\/site\/engagiert-mitgestalten\/#primaryimage"},"thumbnailUrl":"https:\/\/www.kirche-hettenhausen.de\/site\/wp-content\/uploads\/2018\/07\/1476886816-8153-1140.jpg","datePublished":"2018-07-15T17:18:21+00:00","dateModified":"2026-01-17T22:49:42+00:00","description":"Ev.-luth. Kirchengemeinde Hettenhausen - Dalherda - engagiert! MITGESTALTEN","breadcrumb":{"@id":"https:\/\/www.kirche-hettenhausen.de\/site\/engagiert-mitgestalten\/#breadcrumb"},"inLanguage":"de","potentialAction":[{"@type":"ReadAction","target":["https:\/\/www.kirche-hettenhausen.de\/site\/engagiert-mitgestalten\/"]}]},{"@type":"ImageObject","inLanguage":"de","@id":"https:\/\/www.kirche-hettenhausen.de\/site\/engagiert-mitgestalten\/#primaryimage","url":"https:\/\/www.kirche-hettenhausen.de\/site\/wp-content\/uploads\/2018\/07\/1476886816-8153-1140.jpg","contentUrl":"https:\/\/www.kirche-hettenhausen.de\/site\/wp-content\/uploads\/2018\/07\/1476886816-8153-1140.jpg","width":1140,"height":813,"caption":"engagiert MITGESTALTEN"},{"@type":"BreadcrumbList","@id":"https:\/\/www.kirche-hettenhausen.de\/site\/engagiert-mitgestalten\/#breadcrumb","itemListElement":[{"@type":"ListItem","position":1,"name":"Startseite","item":"https:\/\/www.kirche-hettenhausen.de\/site\/"},{"@type":"ListItem","position":2,"name":"engagiert! MITGESTALTEN"}]},{"@type":"WebSite","@id":"https:\/\/www.kirche-hettenhausen.de\/site\/#website","url":"https:\/\/www.kirche-hettenhausen.de\/site\/","name":"Ev.-luth. Kirchengemeinde Hettenhausen - Dalherda","description":"Homepage der Ev.-luth. Kirchengemeinde Hettenhausen - Dalherda","potentialAction":[{"@type":"SearchAction","target":{"@type":"EntryPoint","urlTemplate":"https:\/\/www.kirche-hettenhausen.de\/site\/?s={search_term_string}"},"query-input":{"@type":"PropertyValueSpecification","valueRequired":true,"valueName":"search_term_string"}}],"inLanguage":"de"}]}},"_links":{"self":[{"href":"https:\/\/www.kirche-hettenhausen.de\/site\/wp-json\/wp\/v2\/pages\/1758","targetHints":{"allow":["GET"]}}],"collection":[{"href":"https:\/\/www.kirche-hettenhausen.de\/site\/wp-json\/wp\/v2\/pages"}],"about":[{"href":"https:\/\/www.kirche-hettenhausen.de\/site\/wp-json\/wp\/v2\/types\/page"}],"author":[{"embeddable":true,"href":"https:\/\/www.kirche-hettenhausen.de\/site\/wp-json\/wp\/v2\/users\/2"}],"replies":[{"embeddable":true,"href":"https:\/\/www.kirche-hettenhausen.de\/site\/wp-json\/wp\/v2\/comments?post=1758"}],"version-history":[{"count":20,"href":"https:\/\/www.kirche-hettenhausen.de\/site\/wp-json\/wp\/v2\/pages\/1758\/revisions"}],"predecessor-version":[{"id":17105,"href":"https:\/\/www.kirche-hettenhausen.de\/site\/wp-json\/wp\/v2\/pages\/1758\/revisions\/17105"}],"wp:featuredmedia":[{"embeddable":true,"href":"https:\/\/www.kirche-hettenhausen.de\/site\/wp-json\/wp\/v2\/media\/1761"}],"wp:attachment":[{"href":"https:\/\/www.kirche-hettenhausen.de\/site\/wp-json\/wp\/v2\/media?parent=1758"}],"curies":[{"name":"wp","href":"https:\/\/api.w.org\/{rel}","templated":true}]}}