{"id":142,"date":"2014-11-29T17:55:53","date_gmt":"2014-11-29T16:55:53","guid":{"rendered":"https:\/\/kirche-hettenhausen.de\/site\/?page_id=142"},"modified":"2021-02-22T20:33:43","modified_gmt":"2021-02-22T19:33:43","slug":"trauung","status":"publish","type":"page","link":"https:\/\/www.kirche-hettenhausen.de\/site\/fragen-antworten\/trauung\/","title":{"rendered":"Trauung"},"content":{"rendered":"<h2><img loading=\"lazy\" decoding=\"async\" class=\"alignright wp-image-7692 size-medium\" src=\"https:\/\/www.kirche-hettenhausen.de\/site\/wp-content\/uploads\/2021\/02\/60941_trauung_rgb-300x264.jpg\" alt=\"\" width=\"300\" height=\"264\" srcset=\"https:\/\/www.kirche-hettenhausen.de\/site\/wp-content\/uploads\/2021\/02\/60941_trauung_rgb-300x264.jpg 300w, https:\/\/www.kirche-hettenhausen.de\/site\/wp-content\/uploads\/2021\/02\/60941_trauung_rgb.jpg 470w\" sizes=\"auto, (max-width: 300px) 100vw, 300px\" \/><span style=\"color: #db1385;\">Informationen zur Trauung<\/span><\/h2>\n<h4>Welche Bedeutung hat die kirchliche Trauung?<\/h4>\n<p>Bei der kirchlichen Trauung empfangen die Eheleute Gottes Segen f\u00fcr ihren gemeinsamen Lebensweg. Das sichtbare Zeichen dieses Segens ist die Handauflegung. Der Segen bedeutet, dass sich Gott in besonderer Weise Menschen zuwendet und sie begleitet. Die kirchliche Trauung hat nicht die Bedeutung einer Eheschlie\u00dfung. Darum wird das Paar nicht gefragt, ob es die Ehe eingehen will, sondern Gebot f\u00fchren will. Mit dem Ja-Wort verschlie\u00dft das Ehepaar nicht die Augen davor, dass die Ehe in Krisen geraten oder sogar scheitern kann. Der Glaube und der Bezug auf das Trauversprechen k\u00f6nnen mit dazu beitragen, die Ehe zu erhalten \u2013 in guten und in schlechten Tagen.<\/p>\n<p>&nbsp;<\/p>\n<h4>Was geschieht bei einer kirchlichen Trauung?<\/h4>\n<p>Eine kirchliche Trauung ist ein \u00f6ffentlicher Gottesdienst. Es wird gebetet und gesungen. Texte der Bibel kommen zur Sprache. In der Predigt wird der Trauspruch f\u00fcr das Paar, die Familien und die Gemeinde ausgelegt. H\u00f6hepunkt der kirchlichen Trauung ist nach den Traufragen die Segnung des Paares. Neben der festgelegten Ordnung gibt es verschiedene M\u00f6glichkeiten der individuellen Gestaltung \u2013 bei der Auswahl der Lieder und der Musik, bei der Beteiligung von Freunden und Verwandten im Gottesdienst \u2013 z. B. bei Lesungen und Gebeten.<\/p>\n<p>&nbsp;<\/p>\n<h4>Was muss man zur Anmeldung mitbringen?<\/h4>\n<p>Bei der Anmeldung zu einer Trauung muss die Mitgliedschaft in der Evangelischen Kirche nachgewiesen werden. Der Pfarrer f\u00fchrt mit dem Brautpaar ein Traugespr\u00e4ch, bei dem es um die christliche Sicht auf die Ehe geht und die Einzelheiten des Gottesdienstes besprochen werden. Vor der kirchlichen Trauung ist die standesamtliche Heiratsurkunde vorzulegen. Empfehlenswert ist es, wenn das Brautpaar sich vor dem Gespr\u00e4ch einen Trauspruch aussucht. Auf <a href=\"http:\/\/www.trauspruch.de\" target=\"_blank\" rel=\"noopener noreferrer\">www.trauspruch.de<\/a> finden Sie eine Auswahl. Auch der Pfarrer ist gerne dabei behilflich.<\/p>\n<p>&nbsp;<\/p>\n<h4>Wann sollte eine Trauung angemeldet werden?<\/h4>\n<p>Es empfiehlt sich immer, eine geplante Hochzeit so fr\u00fch wie m\u00f6glich anzumelden. Das ist vor allen f\u00fcr die Nutzungsplanung der Kirche, in der die Trauung stattfinden soll, wichtig. Ebenso muss der Termin mit dem Pfarrer, der die Trauung halten soll, abgesprochen werden.<\/p>\n<p>&nbsp;<\/p>\n<h4>Kostet die Trauung Geld?<\/h4>\n<p>F\u00fcr die kirchliche Trauung fallen f\u00fcr Gemeindeglieder keine Geb\u00fchren an. Weil Traugottesdienste oft mit einem h\u00f6heren Aufwand verbunden sind, erbitten manche Gemeinden von ortsfremden Ehepaaren eine Geb\u00fchr f\u00fcr die Nutzung der Kirchen. Bitte beachten Sie, dass f\u00fcr die musikalische Ausgestaltung des Gottesdienstes (Organist etc.) Kosten entstehen, die nicht von der Kirchengemeinde getragen werden.<\/p>\n<p>&nbsp;<\/p>\n<h4>Gibt es eine \u00f6kumenische Trauung?<\/h4>\n<p>Nein. Geh\u00f6ren die Eheleute unterschiedlichen Konfessionen an, kann in der evangelischen oder katholischen Kirche eine Trauung unter der Beteiligung von Geistlichen beider Konfessionen stattfinden. Die Trauung wird konfessionell jedoch der Kirche zugeordnet, in der sie stattfindet.<\/p>\n<p>&nbsp;<\/p>\n<h4>Wir sind beide nicht in der Kirche. K\u00f6nnen wir uns kirchlich trauen lassen?<\/h4>\n<p>Nein, das ist nicht m\u00f6glich. Sie k\u00f6nnen aber durch die Taufe Mitglied der Kirche werden und damit auch das Recht der kirchlichen Trauung erwerben. Sprechen Sie rechtzeitig mit einem Pfarrer, weil die Vorbereitung auf die Taufe Zeit beansprucht.<\/p>\n<p>&nbsp;<\/p>\n<h4>Nur einer von uns ist in der Kirche. K\u00f6nnen wir uns kirchlich trauen lassen?<\/h4>\n<p>Ja, die kirchliche Trauung ist ein Gottesdienst zur Eheschlie\u00dfung, der auch dann stattfinden kann, wenn die Ehefrau oder der Ehemann nicht zur Gemeinde geh\u00f6rt. Die Besonderheiten der Gottesdienstgestaltung werden im Traugespr\u00e4ch gekl\u00e4rt.<\/p>\n<p>&nbsp;<\/p>\n<h4>K\u00f6nnen wir uns aussuchen, in welcher Kirche wir uns trauen lassen wollen?<\/h4>\n<p>Ja, das k\u00f6nnen Sie sich aussuchen. Sie m\u00fcssen sich dann mit der Gemeinde der Kirche Ihrer Wahl in Verbindung setzen. Die Einzelheiten \u2013 z. B. Nachweis Ihrer Kirchenmitgliedschaft oder die Terminfragen \u2013 sind mit der \u201eGastkirche\u201c zu kl\u00e4ren.<\/p>\n<p>&nbsp;<\/p>\n<h4>Kann uns ein befreundeter Pfarrer oder eine befreundete Pfarrerin trauen?<\/h4>\n<p>Ja, das ist m\u00f6glich. Besprechen Sie Ihren Wunsch mit dem Pfarrer der Kirche, in der Sie sich trauen lassen wollen und holen Sie dessen Einverst\u00e4ndnis ein.<\/p>\n<p>&nbsp;<\/p>\n<h4>K\u00f6nnen sich Paare, die schon Kinder haben, kirchlich trauen lassen?<\/h4>\n<p>Ja, das ist ohne weiteres m\u00f6glich. Je nach Alter der Kinder k\u00f6nnen Sie sie in den Ablauf des Traugottesdienstes einbeziehen.<\/p>\n<p>&nbsp;<\/p>\n<h4>K\u00f6nnen wir Tag und Uhrzeit der kirchlichen Trauung w\u00e4hlen?<\/h4>\n<p>In der Regel k\u00f6nnen Sie Tag und Uhrzeit Ihrer Trauung selbst bestimmen, sofern es in einer Kirchengemeinde keine andere Regelung gibt. Bitte beachten Sie, dass nach der kirchlichen Tradition in der Karwoche \u2013 der Woche vor Ostern \u2013 keine Trauungen stattfinden.<\/p>\n<p>&nbsp;<\/p>\n<h4>Kann man auch Ehejubil\u00e4en kirchlich feiern?<\/h4>\n<p>Ja. Es gibt kirchliche Formen, um dieses Jubil\u00e4um \u2013 Silberne, Goldene, Diamantene Hochzeit usw. \u2013 zu feiern. Sprechen Sie dar\u00fcber mit Ihrem Pfarrer.<\/p>\n<p>&nbsp;<\/p>\n<h4>K\u00f6nnen wir die Kirche nach unseren Vorstellungen schm\u00fccken?<\/h4>\n<p>In der Regel ja. Wichtig ist, dass Ihre Anliegen und W\u00fcnsche rechtzeitig mit der K\u00fcsterin der Kirchengemeinde abgesprochen werden.<\/p>\n<p>&nbsp;<\/p>\n<h4>Gibt es ein kirchliches Ritual anl\u00e4sslich einer Scheidung?<\/h4>\n<p>Nein, in unserer Kirche gibt es bislang keinen festen Gottesdienstverlauf, um Scheidungssituationen zu gestalten. Dennoch ist es m\u00f6glich, dass ein Pfarrer in Form von seelsorgerlichen Gespr\u00e4chen Hilfe anbieten kann.<\/p>\n<p>&nbsp;<\/p>\n<h4>Kann ich mich kirchlich trauen lassen, wenn ich geschieden bin?<\/h4>\n<p>Ja, eine evangelische Trauung ist auch nach einer Scheidung m\u00f6glich.<\/p>\n<p>&nbsp;<\/p>\n<h4>K\u00f6nnen wir uns als homosexuelles Paar kirchlich trauen lassen?<\/h4>\n<p>Nein, das ist nicht m\u00f6glich. Sie k\u00f6nnen sich jedoch, wenn ein Pfarrer dies theologisch und seelsorgerlich verantwortet, als gleichgeschlechtliches Paar segnen lassen.<\/p>\n<p>&nbsp;<\/p>\n<p><strong>In den einzelnen Gemeinden unserer Landeskirche gibt es viele regionale Unterschiede. Die vorstehenden Antworten richten sich zun\u00e4chst an den Zust\u00e4ndigkeitsbereich der Evangelisch-lutherischen Kirchengemeinde Hettenhausen &#8211; Dalherda.<\/strong><\/p>\n<p>Die Ordnung bzw. den Ablauf einer kirchlichen Trauung in der Ev.-luth. Kirchengemeinde Hettenhausen &#8211; Dalherda finden Sie <a href=\"https:\/\/www.kirche-hettenhausen.de\/site\/wp-content\/uploads\/2014\/11\/ablauf.doc\" target=\"_blank\" rel=\"noopener noreferrer\">hier [26 KB]<\/a>.<\/p>\n<p>Zur Anmeldung Ihrer kirchlichen Trauung ben\u00f6tigen wir einige Daten. <a href=\"https:\/\/www.kirche-hettenhausen.de\/site\/wp-content\/uploads\/2014\/11\/anmeldung-zur-trauung.pdf\" target=\"_blank\" rel=\"noopener noreferrer\">Hier [8 KB]<\/a> finden Sie ein Formular, das Ihnen helfen kann, die n\u00f6tigen Daten beim Traugespr\u00e4ch bereitzuhalten.<\/p>\n","protected":false},"excerpt":{"rendered":"<p>Informationen zur Trauung Welche Bedeutung hat die kirchliche Trauung? Bei der kirchlichen Trauung empfangen die Eheleute Gottes Segen f\u00fcr ihren gemeinsamen Lebensweg. Das sichtbare Zeichen dieses Segens ist die Handauflegung. Der Segen bedeutet, dass sich Gott in besonderer Weise Menschen zuwendet und sie begleitet. Die kirchliche Trauung hat nicht die Bedeutung einer Eheschlie\u00dfung. Darum wird [&hellip;]<\/p>\n","protected":false},"author":1,"featured_media":7692,"parent":96,"menu_order":30,"comment_status":"closed","ping_status":"open","template":"","meta":{"footnotes":""},"class_list":["post-142","page","type-page","status-publish","has-post-thumbnail","hentry"],"yoast_head":"<!-- This site is optimized with the Yoast SEO plugin v27.5 - https:\/\/yoast.com\/product\/yoast-seo-wordpress\/ -->\n<title>Trauung - Ev.-luth. Kirchengemeinde Hettenhausen - Dalherda<\/title>\n<meta name=\"description\" content=\"Ev.-luth. Kirchengemeinde Hettenhausen - Dalherda - Trauung - Welche Bedeutung hat die kirchliche Trauung?\" \/>\n<meta name=\"robots\" content=\"index, follow, max-snippet:-1, max-image-preview:large, max-video-preview:-1\" \/>\n<link rel=\"canonical\" href=\"https:\/\/www.kirche-hettenhausen.de\/site\/fragen-antworten\/trauung\/\" \/>\n<meta property=\"og:locale\" content=\"de_DE\" \/>\n<meta property=\"og:type\" content=\"article\" \/>\n<meta property=\"og:title\" content=\"Trauung - Ev.-luth. Kirchengemeinde Hettenhausen - Dalherda\" \/>\n<meta property=\"og:description\" content=\"Ev.-luth. Kirchengemeinde Hettenhausen - Dalherda - Trauung - Welche Bedeutung hat die kirchliche Trauung?\" \/>\n<meta property=\"og:url\" content=\"https:\/\/www.kirche-hettenhausen.de\/site\/fragen-antworten\/trauung\/\" \/>\n<meta property=\"og:site_name\" content=\"Ev.-luth. Kirchengemeinde Hettenhausen - Dalherda\" \/>\n<meta property=\"article:modified_time\" content=\"2021-02-22T19:33:43+00:00\" \/>\n<meta property=\"og:image\" content=\"https:\/\/www.kirche-hettenhausen.de\/site\/wp-content\/uploads\/2021\/02\/60941_trauung_rgb.jpg\" \/>\n\t<meta property=\"og:image:width\" content=\"470\" \/>\n\t<meta property=\"og:image:height\" content=\"413\" \/>\n\t<meta property=\"og:image:type\" content=\"image\/jpeg\" \/>\n<meta name=\"twitter:card\" content=\"summary_large_image\" \/>\n<meta name=\"twitter:label1\" content=\"Gesch\u00e4tzte Lesezeit\" \/>\n\t<meta name=\"twitter:data1\" content=\"5\u00a0Minuten\" \/>\n<script type=\"application\/ld+json\" class=\"yoast-schema-graph\">{\"@context\":\"https:\\\/\\\/schema.org\",\"@graph\":[{\"@type\":\"WebPage\",\"@id\":\"https:\\\/\\\/www.kirche-hettenhausen.de\\\/site\\\/fragen-antworten\\\/trauung\\\/\",\"url\":\"https:\\\/\\\/www.kirche-hettenhausen.de\\\/site\\\/fragen-antworten\\\/trauung\\\/\",\"name\":\"Trauung - Ev.-luth. Kirchengemeinde Hettenhausen - Dalherda\",\"isPartOf\":{\"@id\":\"https:\\\/\\\/www.kirche-hettenhausen.de\\\/site\\\/#website\"},\"primaryImageOfPage\":{\"@id\":\"https:\\\/\\\/www.kirche-hettenhausen.de\\\/site\\\/fragen-antworten\\\/trauung\\\/#primaryimage\"},\"image\":{\"@id\":\"https:\\\/\\\/www.kirche-hettenhausen.de\\\/site\\\/fragen-antworten\\\/trauung\\\/#primaryimage\"},\"thumbnailUrl\":\"https:\\\/\\\/www.kirche-hettenhausen.de\\\/site\\\/wp-content\\\/uploads\\\/2021\\\/02\\\/60941_trauung_rgb.jpg\",\"datePublished\":\"2014-11-29T16:55:53+00:00\",\"dateModified\":\"2021-02-22T19:33:43+00:00\",\"description\":\"Ev.-luth. Kirchengemeinde Hettenhausen - Dalherda - Trauung - Welche Bedeutung hat die kirchliche Trauung?\",\"breadcrumb\":{\"@id\":\"https:\\\/\\\/www.kirche-hettenhausen.de\\\/site\\\/fragen-antworten\\\/trauung\\\/#breadcrumb\"},\"inLanguage\":\"de\",\"potentialAction\":[{\"@type\":\"ReadAction\",\"target\":[\"https:\\\/\\\/www.kirche-hettenhausen.de\\\/site\\\/fragen-antworten\\\/trauung\\\/\"]}]},{\"@type\":\"ImageObject\",\"inLanguage\":\"de\",\"@id\":\"https:\\\/\\\/www.kirche-hettenhausen.de\\\/site\\\/fragen-antworten\\\/trauung\\\/#primaryimage\",\"url\":\"https:\\\/\\\/www.kirche-hettenhausen.de\\\/site\\\/wp-content\\\/uploads\\\/2021\\\/02\\\/60941_trauung_rgb.jpg\",\"contentUrl\":\"https:\\\/\\\/www.kirche-hettenhausen.de\\\/site\\\/wp-content\\\/uploads\\\/2021\\\/02\\\/60941_trauung_rgb.jpg\",\"width\":470,\"height\":413},{\"@type\":\"BreadcrumbList\",\"@id\":\"https:\\\/\\\/www.kirche-hettenhausen.de\\\/site\\\/fragen-antworten\\\/trauung\\\/#breadcrumb\",\"itemListElement\":[{\"@type\":\"ListItem\",\"position\":1,\"name\":\"Startseite\",\"item\":\"https:\\\/\\\/www.kirche-hettenhausen.de\\\/site\\\/\"},{\"@type\":\"ListItem\",\"position\":2,\"name\":\"Fragen &#038; Antworten\",\"item\":\"https:\\\/\\\/www.kirche-hettenhausen.de\\\/site\\\/fragen-antworten\\\/\"},{\"@type\":\"ListItem\",\"position\":3,\"name\":\"Trauung\"}]},{\"@type\":\"WebSite\",\"@id\":\"https:\\\/\\\/www.kirche-hettenhausen.de\\\/site\\\/#website\",\"url\":\"https:\\\/\\\/www.kirche-hettenhausen.de\\\/site\\\/\",\"name\":\"Ev.-luth. Kirchengemeinde Hettenhausen - Dalherda\",\"description\":\"Homepage der Ev.-luth. Kirchengemeinde Hettenhausen - Dalherda\",\"potentialAction\":[{\"@type\":\"SearchAction\",\"target\":{\"@type\":\"EntryPoint\",\"urlTemplate\":\"https:\\\/\\\/www.kirche-hettenhausen.de\\\/site\\\/?s={search_term_string}\"},\"query-input\":{\"@type\":\"PropertyValueSpecification\",\"valueRequired\":true,\"valueName\":\"search_term_string\"}}],\"inLanguage\":\"de\"}]}<\/script>\n<!-- \/ Yoast SEO plugin. -->","yoast_head_json":{"title":"Trauung - Ev.-luth. Kirchengemeinde Hettenhausen - Dalherda","description":"Ev.-luth. Kirchengemeinde Hettenhausen - Dalherda - Trauung - Welche Bedeutung hat die kirchliche Trauung?","robots":{"index":"index","follow":"follow","max-snippet":"max-snippet:-1","max-image-preview":"max-image-preview:large","max-video-preview":"max-video-preview:-1"},"canonical":"https:\/\/www.kirche-hettenhausen.de\/site\/fragen-antworten\/trauung\/","og_locale":"de_DE","og_type":"article","og_title":"Trauung - Ev.-luth. Kirchengemeinde Hettenhausen - Dalherda","og_description":"Ev.-luth. Kirchengemeinde Hettenhausen - Dalherda - Trauung - Welche Bedeutung hat die kirchliche Trauung?","og_url":"https:\/\/www.kirche-hettenhausen.de\/site\/fragen-antworten\/trauung\/","og_site_name":"Ev.-luth. Kirchengemeinde Hettenhausen - Dalherda","article_modified_time":"2021-02-22T19:33:43+00:00","og_image":[{"width":470,"height":413,"url":"https:\/\/www.kirche-hettenhausen.de\/site\/wp-content\/uploads\/2021\/02\/60941_trauung_rgb.jpg","type":"image\/jpeg"}],"twitter_card":"summary_large_image","twitter_misc":{"Gesch\u00e4tzte Lesezeit":"5\u00a0Minuten"},"schema":{"@context":"https:\/\/schema.org","@graph":[{"@type":"WebPage","@id":"https:\/\/www.kirche-hettenhausen.de\/site\/fragen-antworten\/trauung\/","url":"https:\/\/www.kirche-hettenhausen.de\/site\/fragen-antworten\/trauung\/","name":"Trauung - Ev.-luth. Kirchengemeinde Hettenhausen - Dalherda","isPartOf":{"@id":"https:\/\/www.kirche-hettenhausen.de\/site\/#website"},"primaryImageOfPage":{"@id":"https:\/\/www.kirche-hettenhausen.de\/site\/fragen-antworten\/trauung\/#primaryimage"},"image":{"@id":"https:\/\/www.kirche-hettenhausen.de\/site\/fragen-antworten\/trauung\/#primaryimage"},"thumbnailUrl":"https:\/\/www.kirche-hettenhausen.de\/site\/wp-content\/uploads\/2021\/02\/60941_trauung_rgb.jpg","datePublished":"2014-11-29T16:55:53+00:00","dateModified":"2021-02-22T19:33:43+00:00","description":"Ev.-luth. Kirchengemeinde Hettenhausen - Dalherda - Trauung - Welche Bedeutung hat die kirchliche Trauung?","breadcrumb":{"@id":"https:\/\/www.kirche-hettenhausen.de\/site\/fragen-antworten\/trauung\/#breadcrumb"},"inLanguage":"de","potentialAction":[{"@type":"ReadAction","target":["https:\/\/www.kirche-hettenhausen.de\/site\/fragen-antworten\/trauung\/"]}]},{"@type":"ImageObject","inLanguage":"de","@id":"https:\/\/www.kirche-hettenhausen.de\/site\/fragen-antworten\/trauung\/#primaryimage","url":"https:\/\/www.kirche-hettenhausen.de\/site\/wp-content\/uploads\/2021\/02\/60941_trauung_rgb.jpg","contentUrl":"https:\/\/www.kirche-hettenhausen.de\/site\/wp-content\/uploads\/2021\/02\/60941_trauung_rgb.jpg","width":470,"height":413},{"@type":"BreadcrumbList","@id":"https:\/\/www.kirche-hettenhausen.de\/site\/fragen-antworten\/trauung\/#breadcrumb","itemListElement":[{"@type":"ListItem","position":1,"name":"Startseite","item":"https:\/\/www.kirche-hettenhausen.de\/site\/"},{"@type":"ListItem","position":2,"name":"Fragen &#038; Antworten","item":"https:\/\/www.kirche-hettenhausen.de\/site\/fragen-antworten\/"},{"@type":"ListItem","position":3,"name":"Trauung"}]},{"@type":"WebSite","@id":"https:\/\/www.kirche-hettenhausen.de\/site\/#website","url":"https:\/\/www.kirche-hettenhausen.de\/site\/","name":"Ev.-luth. Kirchengemeinde Hettenhausen - Dalherda","description":"Homepage der Ev.-luth. Kirchengemeinde Hettenhausen - Dalherda","potentialAction":[{"@type":"SearchAction","target":{"@type":"EntryPoint","urlTemplate":"https:\/\/www.kirche-hettenhausen.de\/site\/?s={search_term_string}"},"query-input":{"@type":"PropertyValueSpecification","valueRequired":true,"valueName":"search_term_string"}}],"inLanguage":"de"}]}},"_links":{"self":[{"href":"https:\/\/www.kirche-hettenhausen.de\/site\/wp-json\/wp\/v2\/pages\/142","targetHints":{"allow":["GET"]}}],"collection":[{"href":"https:\/\/www.kirche-hettenhausen.de\/site\/wp-json\/wp\/v2\/pages"}],"about":[{"href":"https:\/\/www.kirche-hettenhausen.de\/site\/wp-json\/wp\/v2\/types\/page"}],"author":[{"embeddable":true,"href":"https:\/\/www.kirche-hettenhausen.de\/site\/wp-json\/wp\/v2\/users\/1"}],"replies":[{"embeddable":true,"href":"https:\/\/www.kirche-hettenhausen.de\/site\/wp-json\/wp\/v2\/comments?post=142"}],"version-history":[{"count":22,"href":"https:\/\/www.kirche-hettenhausen.de\/site\/wp-json\/wp\/v2\/pages\/142\/revisions"}],"predecessor-version":[{"id":7874,"href":"https:\/\/www.kirche-hettenhausen.de\/site\/wp-json\/wp\/v2\/pages\/142\/revisions\/7874"}],"up":[{"embeddable":true,"href":"https:\/\/www.kirche-hettenhausen.de\/site\/wp-json\/wp\/v2\/pages\/96"}],"wp:featuredmedia":[{"embeddable":true,"href":"https:\/\/www.kirche-hettenhausen.de\/site\/wp-json\/wp\/v2\/media\/7692"}],"wp:attachment":[{"href":"https:\/\/www.kirche-hettenhausen.de\/site\/wp-json\/wp\/v2\/media?parent=142"}],"curies":[{"name":"wp","href":"https:\/\/api.w.org\/{rel}","templated":true}]}}