{"id":1175,"date":"2017-01-15T18:24:54","date_gmt":"2017-01-15T17:24:54","guid":{"rendered":"https:\/\/kirche-hettenhausen.de\/site\/?page_id=1175"},"modified":"2021-06-06T13:57:09","modified_gmt":"2021-06-06T11:57:09","slug":"entstehung-der-modellkirche","status":"publish","type":"page","link":"https:\/\/www.kirche-hettenhausen.de\/site\/unsere-kirchen\/kirche-st-georg-hettenhausen\/entstehung-der-modellkirche\/","title":{"rendered":"Entstehung der Modellkirche"},"content":{"rendered":"<p>&nbsp;<\/p>\n<h2>Modellkirche &#8211; Gro\u00dfes im kleinen Ma\u00dfstab<\/h2>\n<p>&nbsp;<\/p>\n<div id=\"attachment_194\" style=\"width: 386px\" class=\"wp-caption alignright\"><a href=\"https:\/\/www.kirche-hettenhausen.de\/site\/wp-content\/uploads\/2014\/11\/modellkirche.jpg\" target=\"_blank\" rel=\"noopener noreferrer\"><img loading=\"lazy\" decoding=\"async\" aria-describedby=\"caption-attachment-194\" class=\"wp-image-194 size-full\" src=\"https:\/\/www.kirche-hettenhausen.de\/site\/wp-content\/uploads\/2014\/11\/modellkirche.jpg\" alt=\"modellkirche\" width=\"376\" height=\"314\" srcset=\"https:\/\/www.kirche-hettenhausen.de\/site\/wp-content\/uploads\/2014\/11\/modellkirche.jpg 376w, https:\/\/www.kirche-hettenhausen.de\/site\/wp-content\/uploads\/2014\/11\/modellkirche-300x250.jpg 300w\" sizes=\"auto, (max-width: 376px) 100vw, 376px\" \/><\/a><p id=\"caption-attachment-194\" class=\"wp-caption-text\">\u00dcbergabe der Modellkirche an die Kirchengemeinde (Silvester 2012)<\/p><\/div>\n<h3 style=\"text-align: center;\">\u00a0Die Entstehung des Modells der<br \/>\nEv.-luth. Pfarrkirche St. Georg<\/h3>\n<h2><\/h2>\n<p>&nbsp;<\/p>\n<p style=\"text-align: center;\"><em>Der Mensch braucht Stunden,<\/em><br \/>\n<em>wo er sich sammelt und in sich hineinlebt.<\/em><br \/>\n<em> (Albert Schweitzer)<\/em><\/p>\n<p>&nbsp;<\/p>\n<p>&nbsp;<\/p>\n<p>Vor vielen Jahren habe ich eine Dekupiers\u00e4ge geschenkt bekommen und versuche seitdem Dekoratives aus Holz zu bauen oder Gesehenes nachzubauen. Als meine Familie im April 2011 zu einer Goldenen Hochzeit nach Marburg in die Martinskirche eingeladen war, beeindruckte mich ein Kirchenmodell, das dort im Vorraum der Kirche stand. Beim n\u00e4heren Betrachten fragte mich meine Tochter Sienna, ob ich auch eine Kirche bauen kann. Schmunzelnd verneinte ich und antwortete, dass dies nicht m\u00f6glich sei. Der Gedanke aber, dass meine damals 5-j\u00e4hrige Tochter mir dies ernsthaft zutraut, gab mir Selbstvertrauen. Ich hatte mir schon lange ein Modell f\u00fcr unsere Kirche in Hettenhausen gew\u00fcnscht. Mich packte der Ehrgeiz und ich beschloss f\u00fcr mich, es zumindest zu versuchen. Die Wahrscheinlichkeit, dass ich dieses Werk wirklich vollenden w\u00fcrde, war trotz aller Euphorie sehr gering, sodass ich vorerst niemanden von meinem Plan erz\u00e4hlte.<\/p>\n<p>Am n\u00e4chsten Tag ging ich, nachdem ich die Kinder in den Kindergarten gebracht hatte, in die Kirche um die erste Bank auszumessen und detailliert zu fotografieren. Ich rechnete die Ma\u00dfe zun\u00e4chst im Ma\u00dfstab 1:20, merkte aber schnell, dass dies als Modell zu gro\u00df geworden w\u00e4re, also verkleinerte ich es nochmals &#8211; in den Ma\u00dfstab 1:40.<\/p>\n<p>Erst nach einigen Wochen erz\u00e4hlte ich meiner Oma Hedwig von meinem Vorhaben und erst nach zehn Monaten meinem Mann Eugen und unseren Kindern. Zu diesem Zeitpunkt hatte ich den gr\u00f6\u00dften Teil des Innenraums fertiggestellt. Nach 708 Tagen und unz\u00e4hligen Kurzbesuchen in der Kirche, nach ca. 450 Fotos und ebenso unz\u00e4hligen, meist nicht mehr erkennbaren Zeichnungen, konnte ich Mitte Dezember 2012 das fertiggestellte Modell Pfarrer Dersch und dem Kirchenvorstand pr\u00e4sentieren.<\/p>\n<p>Besonders m\u00f6chte ich meinem Mann Eugen danken, der mir geduldig beim Zusammenbau geholfen hat, als ich die Geduld verlor und mir Mut gab, als ich verzweifelte. Ich freue mich \u00fcber das Ergebnis und bin dankbar f\u00fcr die Kraft und Ausdauer, die mir gegeben wurden. Als ich am 31.12.2012 zum Altjahresabend mein Modell in dem \u201eOriginal\u201c aufgebaut habe, war ich sehr ger\u00fchrt. Schlie\u00dflich musste ich nun etwas losgeben, was mich als Herzensanliegen lange Zeit begleitet hat. Andererseits freute es mich aber auch, der Kirchengemeinde die Modellkirche \u00fcbergeben zu k\u00f6nnen.<\/p>\n<p>Pfarrer Dersch bat mich, die Entstehungsgeschichte festzuhalten, um sie auch im Kirchen-Kurier mitteilen zu k\u00f6nnen. Das habe ich gerne getan und m\u00f6chte hinzuf\u00fcgen, was mir auch in den vergangenen 1 \u00bd Jahren bei meiner Arbeit deutlich wurde und der r\u00f6mische Philosoph Seneca so formuliert hat: \u201eNicht weil es schwer ist, wagen wir es nicht, sondern weil wir es nicht wagen, ist es schwer.\u201c<\/p>\n<p>(Simone Ke\u00dfler, Gichenbach)<\/p>\n<p>&nbsp;<\/p>\n<p style=\"text-align: center;\"><div id=\"metaslider-id-5281\" style=\"width: 100%;\" class=\"ml-slider-3-108-0 metaslider metaslider-nivo metaslider-5281 ml-slider ms-theme-default\" role=\"region\" aria-label=\"Kirchenmodell\" data-height=\"600\" data-width=\"600\">\n    <div id=\"metaslider_container_5281\">\n        <div class='slider-wrapper theme-default'><div class='ribbon'><\/div><div id='metaslider_5281' class='nivoSlider'><img loading=\"lazy\" decoding=\"async\" src=\"https:\/\/www.kirche-hettenhausen.de\/site\/wp-content\/uploads\/2020\/08\/Kirchenmodell_1-336x336.jpg\" height=\"600\" width=\"600\" title=\"Kirchenmodell_1\" alt=\"Kirchenmodell\" class=\"slider-5281 slide-5282 msDefaultImage\" \/><img loading=\"lazy\" decoding=\"async\" src=\"https:\/\/www.kirche-hettenhausen.de\/site\/wp-content\/uploads\/2020\/08\/Kirchenmodell_2-336x336.jpg\" height=\"600\" width=\"600\" title=\"Kirchenmodell_2\" alt=\"Kirchenmodell\" class=\"slider-5281 slide-5283 msDefaultImage\" \/><img loading=\"lazy\" decoding=\"async\" src=\"https:\/\/www.kirche-hettenhausen.de\/site\/wp-content\/uploads\/2020\/08\/Kirchenmodell_3-rotated-e1596563507213-336x336.jpg\" height=\"600\" width=\"600\" title=\"Kirchenmodell_3\" alt=\"Kirchenmodell\" class=\"slider-5281 slide-5284 msDefaultImage\" \/><img loading=\"lazy\" decoding=\"async\" src=\"https:\/\/www.kirche-hettenhausen.de\/site\/wp-content\/uploads\/2020\/08\/Kirchenmodell_4-rotated-e1596563489371-336x336.jpg\" height=\"600\" width=\"600\" title=\"Kirchenmodell_4\" alt=\"Kirchenmodell\" class=\"slider-5281 slide-5285 msDefaultImage\" \/><img loading=\"lazy\" decoding=\"async\" src=\"https:\/\/www.kirche-hettenhausen.de\/site\/wp-content\/uploads\/2020\/08\/Kirchenmodell_5-scaled-e1596563472857-600x600.jpg\" height=\"600\" width=\"600\" title=\"Kirchenmodell_5\" alt=\"Kirchenmodell\" class=\"slider-5281 slide-5286 msDefaultImage\" \/><img loading=\"lazy\" decoding=\"async\" src=\"https:\/\/www.kirche-hettenhausen.de\/site\/wp-content\/uploads\/2020\/08\/Kirchenmodell_6-rotated-e1596563451332-336x336.jpg\" height=\"600\" width=\"600\" title=\"Kirchenmodell_6\" alt=\"Kirchenmodell\" class=\"slider-5281 slide-5287 msDefaultImage\" \/><img loading=\"lazy\" decoding=\"async\" src=\"https:\/\/www.kirche-hettenhausen.de\/site\/wp-content\/uploads\/2020\/08\/Kirchenmodell_7-rotated-e1596563429268-336x336.jpg\" height=\"600\" width=\"600\" title=\"Kirchenmodell_7\" alt=\"Kirchenmodell\" class=\"slider-5281 slide-5288 msDefaultImage\" \/><img loading=\"lazy\" decoding=\"async\" src=\"https:\/\/www.kirche-hettenhausen.de\/site\/wp-content\/uploads\/2020\/08\/Kirchenmodell_8-rotated-e1596563409418-336x336.jpg\" height=\"600\" width=\"600\" title=\"Kirchenmodell_8\" alt=\"Kirchenmodell\" class=\"slider-5281 slide-5289 msDefaultImage\" \/><img loading=\"lazy\" decoding=\"async\" src=\"https:\/\/www.kirche-hettenhausen.de\/site\/wp-content\/uploads\/2020\/08\/Kirchenmodell_10-rotated-e1596563371839-336x336.jpg\" height=\"600\" width=\"600\" title=\"Kirchenmodell_10\" alt=\"Kirchenmodell\" class=\"slider-5281 slide-5290 msDefaultImage\" \/><img loading=\"lazy\" decoding=\"async\" src=\"https:\/\/www.kirche-hettenhausen.de\/site\/wp-content\/uploads\/2020\/08\/Kirchenmodell_9-rotated-e1596563390640-336x336.jpg\" height=\"600\" width=\"600\" title=\"Kirchenmodell_9\" alt=\"Kirchenmodell\" class=\"slider-5281 slide-5291 msDefaultImage\" \/><img loading=\"lazy\" decoding=\"async\" src=\"https:\/\/www.kirche-hettenhausen.de\/site\/wp-content\/uploads\/2020\/08\/Kirchenmodell_12-rotated-e1596563340653-336x336.jpg\" height=\"600\" width=\"600\" title=\"Kirchenmodell_12\" alt=\"Kirchenmodell\" class=\"slider-5281 slide-5292 msDefaultImage\" \/><img loading=\"lazy\" decoding=\"async\" src=\"https:\/\/www.kirche-hettenhausen.de\/site\/wp-content\/uploads\/2020\/08\/Kirchenmodell_13-rotated-e1596563321832-336x336.jpg\" height=\"600\" width=\"600\" title=\"Kirchenmodell_13\" alt=\"Kirchenmodell\" class=\"slider-5281 slide-5293 msDefaultImage\" \/><img loading=\"lazy\" decoding=\"async\" src=\"https:\/\/www.kirche-hettenhausen.de\/site\/wp-content\/uploads\/2020\/08\/Kirchenmodell_11-336x336.jpg\" height=\"600\" width=\"600\" title=\"Kirchenmodell_11\" alt=\"Kirchenmodell\" class=\"slider-5281 slide-5294 msDefaultImage\" \/><img loading=\"lazy\" decoding=\"async\" src=\"https:\/\/www.kirche-hettenhausen.de\/site\/wp-content\/uploads\/2020\/08\/Kirchenmodell_14-rotated-e1596563304654-336x336.jpg\" height=\"600\" width=\"600\" title=\"Kirchenmodell_14\" alt=\"Kirchenmodell\" class=\"slider-5281 slide-5295 msDefaultImage\" \/><img loading=\"lazy\" decoding=\"async\" src=\"https:\/\/www.kirche-hettenhausen.de\/site\/wp-content\/uploads\/2020\/08\/Kirchenmodell_15-336x336.jpg\" height=\"600\" width=\"600\" title=\"Kirchenmodell_15\" alt=\"Kirchenmodell\" class=\"slider-5281 slide-5296 msDefaultImage\" \/><img loading=\"lazy\" decoding=\"async\" src=\"https:\/\/www.kirche-hettenhausen.de\/site\/wp-content\/uploads\/2020\/08\/Kirchenmodell_16-336x336.jpg\" height=\"600\" width=\"600\" title=\"Kirchenmodell_16\" alt=\"Kirchenmodell\" class=\"slider-5281 slide-5297 msDefaultImage\" \/><img loading=\"lazy\" decoding=\"async\" src=\"https:\/\/www.kirche-hettenhausen.de\/site\/wp-content\/uploads\/2020\/08\/Kirchenmodell_17-336x336.jpg\" height=\"600\" width=\"600\" title=\"Kirchenmodell_17\" alt=\"Kirchenmodell\" class=\"slider-5281 slide-5298 msDefaultImage\" \/><img loading=\"lazy\" decoding=\"async\" src=\"https:\/\/www.kirche-hettenhausen.de\/site\/wp-content\/uploads\/2020\/08\/Kirchenmodell_18-336x336.jpg\" height=\"600\" width=\"600\" title=\"Kirchenmodell_18\" alt=\"Kirchenmodell\" class=\"slider-5281 slide-5299 msDefaultImage\" \/><img loading=\"lazy\" decoding=\"async\" src=\"https:\/\/www.kirche-hettenhausen.de\/site\/wp-content\/uploads\/2020\/08\/Kirchenmodell_19-336x336.jpg\" height=\"600\" width=\"600\" title=\"Kirchenmodell_19\" alt=\"Kirchenmodell\" class=\"slider-5281 slide-5300 msDefaultImage\" \/><img loading=\"lazy\" decoding=\"async\" src=\"https:\/\/www.kirche-hettenhausen.de\/site\/wp-content\/uploads\/2020\/08\/Kirchenmodell_20-336x336.jpg\" height=\"600\" width=\"600\" title=\"Kirchenmodell_20\" alt=\"Kirchenmodell\" class=\"slider-5281 slide-5301 msDefaultImage\" \/><img loading=\"lazy\" decoding=\"async\" src=\"https:\/\/www.kirche-hettenhausen.de\/site\/wp-content\/uploads\/2020\/08\/Kirchenmodell_22-336x336.jpg\" height=\"600\" width=\"600\" title=\"Kirchenmodell_22\" alt=\"Kirchenmodell\" class=\"slider-5281 slide-5302 msDefaultImage\" \/><img loading=\"lazy\" decoding=\"async\" src=\"https:\/\/www.kirche-hettenhausen.de\/site\/wp-content\/uploads\/2020\/08\/Kirchenmodell_21-336x336.jpg\" height=\"600\" width=\"600\" title=\"Kirchenmodell_21\" alt=\"Kirchenmodell\" class=\"slider-5281 slide-5303 msDefaultImage\" \/><img loading=\"lazy\" decoding=\"async\" src=\"https:\/\/www.kirche-hettenhausen.de\/site\/wp-content\/uploads\/2020\/08\/Kirchenmodell_23-336x336.jpg\" height=\"600\" width=\"600\" title=\"Kirchenmodell_23\" alt=\"Kirchenmodell\" class=\"slider-5281 slide-5304 msDefaultImage\" \/><img loading=\"lazy\" decoding=\"async\" src=\"https:\/\/www.kirche-hettenhausen.de\/site\/wp-content\/uploads\/2020\/08\/Kirchenmodell_24-rotated-e1596563161246-336x336.jpg\" height=\"600\" width=\"600\" title=\"Kirchenmodell_24\" alt=\"Kirchenmodell\" class=\"slider-5281 slide-5305 msDefaultImage\" \/><img loading=\"lazy\" decoding=\"async\" src=\"https:\/\/www.kirche-hettenhausen.de\/site\/wp-content\/uploads\/2020\/08\/Kirchenmodell_25-336x336.jpg\" height=\"600\" width=\"600\" title=\"Kirchenmodell_25\" alt=\"Kirchenmodell\" class=\"slider-5281 slide-5306 msDefaultImage\" \/><img loading=\"lazy\" decoding=\"async\" src=\"https:\/\/www.kirche-hettenhausen.de\/site\/wp-content\/uploads\/2020\/08\/Kirchenmodell_26-336x336.jpg\" height=\"600\" width=\"600\" title=\"Kirchenmodell_26\" alt=\"Kirchenmodell\" class=\"slider-5281 slide-5307 msDefaultImage\" \/><img loading=\"lazy\" decoding=\"async\" src=\"https:\/\/www.kirche-hettenhausen.de\/site\/wp-content\/uploads\/2020\/08\/Kirchenmodell_27-rotated-e1596563118636-336x336.jpg\" height=\"600\" width=\"600\" title=\"Kirchenmodell_27\" alt=\"Kirchenmodell\" class=\"slider-5281 slide-5308 msDefaultImage\" \/><img loading=\"lazy\" decoding=\"async\" src=\"https:\/\/www.kirche-hettenhausen.de\/site\/wp-content\/uploads\/2020\/08\/Kirchenmodell_30-rotated-e1596563042983-336x336.jpg\" height=\"600\" width=\"600\" title=\"Kirchenmodell_30\" alt=\"Kirchenmodell\" class=\"slider-5281 slide-5309 msDefaultImage\" \/><img loading=\"lazy\" decoding=\"async\" src=\"https:\/\/www.kirche-hettenhausen.de\/site\/wp-content\/uploads\/2020\/08\/Kirchenmodell_29-336x336.jpg\" height=\"600\" width=\"600\" title=\"Kirchenmodell_29\" alt=\"Kirchenmodell\" class=\"slider-5281 slide-5310 msDefaultImage\" \/><img loading=\"lazy\" decoding=\"async\" src=\"https:\/\/www.kirche-hettenhausen.de\/site\/wp-content\/uploads\/2020\/08\/Kirchenmodell_28-rotated-e1596563099129-336x336.jpg\" height=\"600\" width=\"600\" title=\"Kirchenmodell_28\" alt=\"Kirchenmodell\" class=\"slider-5281 slide-5311 msDefaultImage\" \/><img loading=\"lazy\" decoding=\"async\" src=\"https:\/\/www.kirche-hettenhausen.de\/site\/wp-content\/uploads\/2020\/08\/Kirchenmodell_31-336x336.jpg\" height=\"600\" width=\"600\" title=\"Kirchenmodell_31\" alt=\"Kirchenmodell\" class=\"slider-5281 slide-5312 msDefaultImage\" \/><\/div><\/div>\n        \n    <\/div>\n<\/div>\n","protected":false},"excerpt":{"rendered":"<p>&nbsp; Modellkirche &#8211; Gro\u00dfes im kleinen Ma\u00dfstab &nbsp; \u00a0Die Entstehung des Modells der Ev.-luth. Pfarrkirche St. Georg &nbsp; Der Mensch braucht Stunden, wo er sich sammelt und in sich hineinlebt. (Albert Schweitzer) &nbsp; &nbsp; Vor vielen Jahren habe ich eine Dekupiers\u00e4ge geschenkt bekommen und versuche seitdem Dekoratives aus Holz zu bauen oder Gesehenes nachzubauen. Als [&hellip;]<\/p>\n","protected":false},"author":2,"featured_media":5257,"parent":164,"menu_order":90,"comment_status":"closed","ping_status":"closed","template":"","meta":{"footnotes":""},"class_list":["post-1175","page","type-page","status-publish","has-post-thumbnail","hentry"],"yoast_head":"<!-- This site is optimized with the Yoast SEO plugin v27.5 - https:\/\/yoast.com\/product\/yoast-seo-wordpress\/ -->\n<title>Entstehung der Modellkirche - Ev.-luth. Kirchengemeinde Hettenhausen - Dalherda<\/title>\n<meta name=\"robots\" content=\"index, follow, max-snippet:-1, max-image-preview:large, max-video-preview:-1\" \/>\n<link rel=\"canonical\" href=\"https:\/\/www.kirche-hettenhausen.de\/site\/unsere-kirchen\/kirche-st-georg-hettenhausen\/entstehung-der-modellkirche\/\" \/>\n<meta property=\"og:locale\" content=\"de_DE\" \/>\n<meta property=\"og:type\" content=\"article\" \/>\n<meta property=\"og:title\" content=\"Entstehung der Modellkirche - Ev.-luth. Kirchengemeinde Hettenhausen - Dalherda\" \/>\n<meta property=\"og:description\" content=\"&nbsp; Modellkirche &#8211; Gro\u00dfes im kleinen Ma\u00dfstab &nbsp; \u00a0Die Entstehung des Modells der Ev.-luth. Pfarrkirche St. Georg &nbsp; Der Mensch braucht Stunden, wo er sich sammelt und in sich hineinlebt. (Albert Schweitzer) &nbsp; &nbsp; Vor vielen Jahren habe ich eine Dekupiers\u00e4ge geschenkt bekommen und versuche seitdem Dekoratives aus Holz zu bauen oder Gesehenes nachzubauen. Als [&hellip;]\" \/>\n<meta property=\"og:url\" content=\"https:\/\/www.kirche-hettenhausen.de\/site\/unsere-kirchen\/kirche-st-georg-hettenhausen\/entstehung-der-modellkirche\/\" \/>\n<meta property=\"og:site_name\" content=\"Ev.-luth. Kirchengemeinde Hettenhausen - Dalherda\" \/>\n<meta property=\"article:modified_time\" content=\"2021-06-06T11:57:09+00:00\" \/>\n<meta property=\"og:image\" content=\"https:\/\/www.kirche-hettenhausen.de\/site\/wp-content\/uploads\/2020\/08\/Kirchenmodell_7-rotated-e1596563429268.jpg\" \/>\n\t<meta property=\"og:image:width\" content=\"336\" \/>\n\t<meta property=\"og:image:height\" content=\"448\" \/>\n\t<meta property=\"og:image:type\" content=\"image\/jpeg\" \/>\n<meta name=\"twitter:card\" content=\"summary_large_image\" \/>\n<meta name=\"twitter:label1\" content=\"Gesch\u00e4tzte Lesezeit\" \/>\n\t<meta name=\"twitter:data1\" content=\"2\u00a0Minuten\" \/>\n<script type=\"application\/ld+json\" class=\"yoast-schema-graph\">{\"@context\":\"https:\\\/\\\/schema.org\",\"@graph\":[{\"@type\":\"WebPage\",\"@id\":\"https:\\\/\\\/www.kirche-hettenhausen.de\\\/site\\\/unsere-kirchen\\\/kirche-st-georg-hettenhausen\\\/entstehung-der-modellkirche\\\/\",\"url\":\"https:\\\/\\\/www.kirche-hettenhausen.de\\\/site\\\/unsere-kirchen\\\/kirche-st-georg-hettenhausen\\\/entstehung-der-modellkirche\\\/\",\"name\":\"Entstehung der Modellkirche - Ev.-luth. Kirchengemeinde Hettenhausen - Dalherda\",\"isPartOf\":{\"@id\":\"https:\\\/\\\/www.kirche-hettenhausen.de\\\/site\\\/#website\"},\"primaryImageOfPage\":{\"@id\":\"https:\\\/\\\/www.kirche-hettenhausen.de\\\/site\\\/unsere-kirchen\\\/kirche-st-georg-hettenhausen\\\/entstehung-der-modellkirche\\\/#primaryimage\"},\"image\":{\"@id\":\"https:\\\/\\\/www.kirche-hettenhausen.de\\\/site\\\/unsere-kirchen\\\/kirche-st-georg-hettenhausen\\\/entstehung-der-modellkirche\\\/#primaryimage\"},\"thumbnailUrl\":\"https:\\\/\\\/www.kirche-hettenhausen.de\\\/site\\\/wp-content\\\/uploads\\\/2020\\\/08\\\/Kirchenmodell_7-rotated-e1596563429268.jpg\",\"datePublished\":\"2017-01-15T17:24:54+00:00\",\"dateModified\":\"2021-06-06T11:57:09+00:00\",\"breadcrumb\":{\"@id\":\"https:\\\/\\\/www.kirche-hettenhausen.de\\\/site\\\/unsere-kirchen\\\/kirche-st-georg-hettenhausen\\\/entstehung-der-modellkirche\\\/#breadcrumb\"},\"inLanguage\":\"de\",\"potentialAction\":[{\"@type\":\"ReadAction\",\"target\":[\"https:\\\/\\\/www.kirche-hettenhausen.de\\\/site\\\/unsere-kirchen\\\/kirche-st-georg-hettenhausen\\\/entstehung-der-modellkirche\\\/\"]}]},{\"@type\":\"ImageObject\",\"inLanguage\":\"de\",\"@id\":\"https:\\\/\\\/www.kirche-hettenhausen.de\\\/site\\\/unsere-kirchen\\\/kirche-st-georg-hettenhausen\\\/entstehung-der-modellkirche\\\/#primaryimage\",\"url\":\"https:\\\/\\\/www.kirche-hettenhausen.de\\\/site\\\/wp-content\\\/uploads\\\/2020\\\/08\\\/Kirchenmodell_7-rotated-e1596563429268.jpg\",\"contentUrl\":\"https:\\\/\\\/www.kirche-hettenhausen.de\\\/site\\\/wp-content\\\/uploads\\\/2020\\\/08\\\/Kirchenmodell_7-rotated-e1596563429268.jpg\",\"width\":336,\"height\":448,\"caption\":\"Kirchenmodell\"},{\"@type\":\"BreadcrumbList\",\"@id\":\"https:\\\/\\\/www.kirche-hettenhausen.de\\\/site\\\/unsere-kirchen\\\/kirche-st-georg-hettenhausen\\\/entstehung-der-modellkirche\\\/#breadcrumb\",\"itemListElement\":[{\"@type\":\"ListItem\",\"position\":1,\"name\":\"Startseite\",\"item\":\"https:\\\/\\\/www.kirche-hettenhausen.de\\\/site\\\/\"},{\"@type\":\"ListItem\",\"position\":2,\"name\":\"Unsere Kirchen\",\"item\":\"https:\\\/\\\/www.kirche-hettenhausen.de\\\/site\\\/unsere-kirchen\\\/\"},{\"@type\":\"ListItem\",\"position\":3,\"name\":\"Kirche St. Georg Hettenhausen\",\"item\":\"https:\\\/\\\/www.kirche-hettenhausen.de\\\/site\\\/unsere-kirchen\\\/kirche-st-georg-hettenhausen\\\/\"},{\"@type\":\"ListItem\",\"position\":4,\"name\":\"Entstehung der Modellkirche\"}]},{\"@type\":\"WebSite\",\"@id\":\"https:\\\/\\\/www.kirche-hettenhausen.de\\\/site\\\/#website\",\"url\":\"https:\\\/\\\/www.kirche-hettenhausen.de\\\/site\\\/\",\"name\":\"Ev.-luth. Kirchengemeinde Hettenhausen - Dalherda\",\"description\":\"Homepage der Ev.-luth. Kirchengemeinde Hettenhausen - Dalherda\",\"potentialAction\":[{\"@type\":\"SearchAction\",\"target\":{\"@type\":\"EntryPoint\",\"urlTemplate\":\"https:\\\/\\\/www.kirche-hettenhausen.de\\\/site\\\/?s={search_term_string}\"},\"query-input\":{\"@type\":\"PropertyValueSpecification\",\"valueRequired\":true,\"valueName\":\"search_term_string\"}}],\"inLanguage\":\"de\"}]}<\/script>\n<!-- \/ Yoast SEO plugin. -->","yoast_head_json":{"title":"Entstehung der Modellkirche - Ev.-luth. Kirchengemeinde Hettenhausen - Dalherda","robots":{"index":"index","follow":"follow","max-snippet":"max-snippet:-1","max-image-preview":"max-image-preview:large","max-video-preview":"max-video-preview:-1"},"canonical":"https:\/\/www.kirche-hettenhausen.de\/site\/unsere-kirchen\/kirche-st-georg-hettenhausen\/entstehung-der-modellkirche\/","og_locale":"de_DE","og_type":"article","og_title":"Entstehung der Modellkirche - Ev.-luth. Kirchengemeinde Hettenhausen - Dalherda","og_description":"&nbsp; Modellkirche &#8211; Gro\u00dfes im kleinen Ma\u00dfstab &nbsp; \u00a0Die Entstehung des Modells der Ev.-luth. Pfarrkirche St. Georg &nbsp; Der Mensch braucht Stunden, wo er sich sammelt und in sich hineinlebt. (Albert Schweitzer) &nbsp; &nbsp; Vor vielen Jahren habe ich eine Dekupiers\u00e4ge geschenkt bekommen und versuche seitdem Dekoratives aus Holz zu bauen oder Gesehenes nachzubauen. Als [&hellip;]","og_url":"https:\/\/www.kirche-hettenhausen.de\/site\/unsere-kirchen\/kirche-st-georg-hettenhausen\/entstehung-der-modellkirche\/","og_site_name":"Ev.-luth. Kirchengemeinde Hettenhausen - Dalherda","article_modified_time":"2021-06-06T11:57:09+00:00","og_image":[{"width":336,"height":448,"url":"https:\/\/www.kirche-hettenhausen.de\/site\/wp-content\/uploads\/2020\/08\/Kirchenmodell_7-rotated-e1596563429268.jpg","type":"image\/jpeg"}],"twitter_card":"summary_large_image","twitter_misc":{"Gesch\u00e4tzte Lesezeit":"2\u00a0Minuten"},"schema":{"@context":"https:\/\/schema.org","@graph":[{"@type":"WebPage","@id":"https:\/\/www.kirche-hettenhausen.de\/site\/unsere-kirchen\/kirche-st-georg-hettenhausen\/entstehung-der-modellkirche\/","url":"https:\/\/www.kirche-hettenhausen.de\/site\/unsere-kirchen\/kirche-st-georg-hettenhausen\/entstehung-der-modellkirche\/","name":"Entstehung der Modellkirche - Ev.-luth. Kirchengemeinde Hettenhausen - Dalherda","isPartOf":{"@id":"https:\/\/www.kirche-hettenhausen.de\/site\/#website"},"primaryImageOfPage":{"@id":"https:\/\/www.kirche-hettenhausen.de\/site\/unsere-kirchen\/kirche-st-georg-hettenhausen\/entstehung-der-modellkirche\/#primaryimage"},"image":{"@id":"https:\/\/www.kirche-hettenhausen.de\/site\/unsere-kirchen\/kirche-st-georg-hettenhausen\/entstehung-der-modellkirche\/#primaryimage"},"thumbnailUrl":"https:\/\/www.kirche-hettenhausen.de\/site\/wp-content\/uploads\/2020\/08\/Kirchenmodell_7-rotated-e1596563429268.jpg","datePublished":"2017-01-15T17:24:54+00:00","dateModified":"2021-06-06T11:57:09+00:00","breadcrumb":{"@id":"https:\/\/www.kirche-hettenhausen.de\/site\/unsere-kirchen\/kirche-st-georg-hettenhausen\/entstehung-der-modellkirche\/#breadcrumb"},"inLanguage":"de","potentialAction":[{"@type":"ReadAction","target":["https:\/\/www.kirche-hettenhausen.de\/site\/unsere-kirchen\/kirche-st-georg-hettenhausen\/entstehung-der-modellkirche\/"]}]},{"@type":"ImageObject","inLanguage":"de","@id":"https:\/\/www.kirche-hettenhausen.de\/site\/unsere-kirchen\/kirche-st-georg-hettenhausen\/entstehung-der-modellkirche\/#primaryimage","url":"https:\/\/www.kirche-hettenhausen.de\/site\/wp-content\/uploads\/2020\/08\/Kirchenmodell_7-rotated-e1596563429268.jpg","contentUrl":"https:\/\/www.kirche-hettenhausen.de\/site\/wp-content\/uploads\/2020\/08\/Kirchenmodell_7-rotated-e1596563429268.jpg","width":336,"height":448,"caption":"Kirchenmodell"},{"@type":"BreadcrumbList","@id":"https:\/\/www.kirche-hettenhausen.de\/site\/unsere-kirchen\/kirche-st-georg-hettenhausen\/entstehung-der-modellkirche\/#breadcrumb","itemListElement":[{"@type":"ListItem","position":1,"name":"Startseite","item":"https:\/\/www.kirche-hettenhausen.de\/site\/"},{"@type":"ListItem","position":2,"name":"Unsere Kirchen","item":"https:\/\/www.kirche-hettenhausen.de\/site\/unsere-kirchen\/"},{"@type":"ListItem","position":3,"name":"Kirche St. Georg Hettenhausen","item":"https:\/\/www.kirche-hettenhausen.de\/site\/unsere-kirchen\/kirche-st-georg-hettenhausen\/"},{"@type":"ListItem","position":4,"name":"Entstehung der Modellkirche"}]},{"@type":"WebSite","@id":"https:\/\/www.kirche-hettenhausen.de\/site\/#website","url":"https:\/\/www.kirche-hettenhausen.de\/site\/","name":"Ev.-luth. Kirchengemeinde Hettenhausen - Dalherda","description":"Homepage der Ev.-luth. Kirchengemeinde Hettenhausen - Dalherda","potentialAction":[{"@type":"SearchAction","target":{"@type":"EntryPoint","urlTemplate":"https:\/\/www.kirche-hettenhausen.de\/site\/?s={search_term_string}"},"query-input":{"@type":"PropertyValueSpecification","valueRequired":true,"valueName":"search_term_string"}}],"inLanguage":"de"}]}},"_links":{"self":[{"href":"https:\/\/www.kirche-hettenhausen.de\/site\/wp-json\/wp\/v2\/pages\/1175","targetHints":{"allow":["GET"]}}],"collection":[{"href":"https:\/\/www.kirche-hettenhausen.de\/site\/wp-json\/wp\/v2\/pages"}],"about":[{"href":"https:\/\/www.kirche-hettenhausen.de\/site\/wp-json\/wp\/v2\/types\/page"}],"author":[{"embeddable":true,"href":"https:\/\/www.kirche-hettenhausen.de\/site\/wp-json\/wp\/v2\/users\/2"}],"replies":[{"embeddable":true,"href":"https:\/\/www.kirche-hettenhausen.de\/site\/wp-json\/wp\/v2\/comments?post=1175"}],"version-history":[{"count":20,"href":"https:\/\/www.kirche-hettenhausen.de\/site\/wp-json\/wp\/v2\/pages\/1175\/revisions"}],"predecessor-version":[{"id":6851,"href":"https:\/\/www.kirche-hettenhausen.de\/site\/wp-json\/wp\/v2\/pages\/1175\/revisions\/6851"}],"up":[{"embeddable":true,"href":"https:\/\/www.kirche-hettenhausen.de\/site\/wp-json\/wp\/v2\/pages\/164"}],"wp:featuredmedia":[{"embeddable":true,"href":"https:\/\/www.kirche-hettenhausen.de\/site\/wp-json\/wp\/v2\/media\/5257"}],"wp:attachment":[{"href":"https:\/\/www.kirche-hettenhausen.de\/site\/wp-json\/wp\/v2\/media?parent=1175"}],"curies":[{"name":"wp","href":"https:\/\/api.w.org\/{rel}","templated":true}]}}