{"id":8056,"date":"2021-03-03T23:14:02","date_gmt":"2021-03-03T22:14:02","guid":{"rendered":"https:\/\/kirche-hettenhausen.de\/site\/?post_type=mec-events&#038;p=8056"},"modified":"2022-02-27T12:59:19","modified_gmt":"2022-02-27T11:59:19","slug":"gottesdienst-estomihi-2","status":"publish","type":"mec-events","link":"https:\/\/www.kirche-hettenhausen.de\/site\/events\/gottesdienst-estomihi-2\/","title":{"rendered":"Gottesdienst &#8222;Estomihi&#8220;"},"content":{"rendered":"<p>Gottesdienste in der Ev.-luth. Pfarrkirche St. Georg Hettenhausen feiern wir regelm\u00e4\u00dfig an Sonn- und Feiertagen.<\/p>\n<p>Aus aktuellem Anlass werden im heutigen Gottesdienst die Friedensbem\u00fchungen in der Ukraine Thema sein. Wir wollen gemeinsam f\u00fcr Frieden und die betroffenen Menschen in der Region beten. Auch die Kollekte des heutigen Sonntags ist f\u00fcr die Diakonie-Katastrophenhilfe &#8222;Ukraine&#8220; bestimmt.<\/p>\n<p>Unterst\u00fctzt wird unser Pfarrer dabei von seinem Vater, Pfarrer Dieter Schindelmann.<\/p>\n<p>(Foto: gotischer Schlussstein in der evangelischen Stadtkirche Treysa aus dem 14. Jh., mit Darstellung einer Schutzmantelmadonna &#8211; Pfr. Dieter Schindelmann)<\/p>\n<p>&nbsp;<\/p>\n<p><strong>Wichtig: Bitte beachten Sie die aktuell g\u00fcltigen Zugangs- und Hygieneregelungen, die momentan befolgt werden m\u00fcssen. Sie finden sie <a href=\"https:\/\/www.kirche-hettenhausen.de\/site\/2021\/12\/aktuelle-infos\/\">hier<\/a>. Weitere Infos entnehmen Sie bitte den aktuellen Ank\u00fcndigungen!<\/strong><\/p>\n<p>&nbsp;<\/p>\n<p><strong>Sonntag vor der Passionszeit<\/strong><\/p>\n<h4><\/h4>\n<p style=\"text-align: left;\"><strong>Wochenspruch<\/strong><br \/>\nSeht, wir gehen hinauf nach Jerusalem, und es wird alles vollendet werden, was geschrieben ist durch die Propheten von dem Menschensohn. <em>(Lk 18,31)<\/em><\/p>\n","protected":false},"excerpt":{"rendered":"<p>Gottesdienste in der Ev.-luth. Pfarrkirche St. Georg Hettenhausen feiern wir regelm\u00e4\u00dfig an Sonn- und Feiertagen. Aus aktuellem Anlass werden im heutigen Gottesdienst die Friedensbem\u00fchungen in der Ukraine Thema sein. Wir wollen gemeinsam f\u00fcr Frieden und die betroffenen Menschen in der Region beten. Auch die Kollekte des heutigen Sonntags ist f\u00fcr die Diakonie-Katastrophenhilfe &#8222;Ukraine&#8220; bestimmt. Unterst\u00fctzt [&hellip;]<\/p>\n","protected":false},"author":2,"featured_media":11098,"comment_status":"closed","ping_status":"closed","template":"","tags":[33,128,34],"mec_category":[109,113],"class_list":["post-8056","mec-events","type-mec-events","status-publish","has-post-thumbnail","hentry","tag-gottesdienst","tag-hettenhausen","tag-pfarrkirche-st-georg","mec_category-gottesdienst","mec_category-gottesdienst-hettenhausen"],"yoast_head":"<!-- This site is optimized with the Yoast SEO plugin v27.4 - https:\/\/yoast.com\/product\/yoast-seo-wordpress\/ -->\n<title>Gottesdienst &quot;Estomihi&quot; - Ev.-luth. Kirchengemeinde Hettenhausen - Dalherda<\/title>\n<meta name=\"description\" content=\"Ev.-luth. Kirchengemeinde Hettenhausen - Dalherda - Gottesdienst &quot;Estomihi&quot;\" \/>\n<meta name=\"robots\" content=\"index, follow, max-snippet:-1, max-image-preview:large, max-video-preview:-1\" \/>\n<link rel=\"canonical\" href=\"https:\/\/www.kirche-hettenhausen.de\/site\/events\/gottesdienst-estomihi-2\/\" \/>\n<meta property=\"og:locale\" content=\"de_DE\" \/>\n<meta property=\"og:type\" content=\"article\" \/>\n<meta property=\"og:title\" content=\"Gottesdienst &quot;Estomihi&quot; - Ev.-luth. Kirchengemeinde Hettenhausen - Dalherda\" \/>\n<meta property=\"og:description\" content=\"Ev.-luth. Kirchengemeinde Hettenhausen - Dalherda - Gottesdienst &quot;Estomihi&quot;\" \/>\n<meta property=\"og:url\" content=\"https:\/\/www.kirche-hettenhausen.de\/site\/events\/gottesdienst-estomihi-2\/\" \/>\n<meta property=\"og:site_name\" content=\"Ev.-luth. Kirchengemeinde Hettenhausen - Dalherda\" \/>\n<meta property=\"article:modified_time\" content=\"2022-02-27T11:59:19+00:00\" \/>\n<meta property=\"og:image\" content=\"https:\/\/www.kirche-hettenhausen.de\/site\/wp-content\/uploads\/2022\/02\/20220227_120902-scaled.jpg\" \/>\n\t<meta property=\"og:image:width\" content=\"2560\" \/>\n\t<meta property=\"og:image:height\" content=\"2394\" \/>\n\t<meta property=\"og:image:type\" content=\"image\/jpeg\" \/>\n<meta name=\"twitter:card\" content=\"summary_large_image\" \/>\n<meta name=\"twitter:label1\" content=\"Gesch\u00e4tzte Lesezeit\" \/>\n\t<meta name=\"twitter:data1\" content=\"1\u00a0Minute\" \/>\n<script type=\"application\/ld+json\" class=\"yoast-schema-graph\">{\"@context\":\"https:\\\/\\\/schema.org\",\"@graph\":[{\"@type\":\"WebPage\",\"@id\":\"https:\\\/\\\/www.kirche-hettenhausen.de\\\/site\\\/events\\\/gottesdienst-estomihi-2\\\/\",\"url\":\"https:\\\/\\\/www.kirche-hettenhausen.de\\\/site\\\/events\\\/gottesdienst-estomihi-2\\\/\",\"name\":\"Gottesdienst \\\"Estomihi\\\" - Ev.-luth. Kirchengemeinde Hettenhausen - Dalherda\",\"isPartOf\":{\"@id\":\"https:\\\/\\\/www.kirche-hettenhausen.de\\\/site\\\/#website\"},\"primaryImageOfPage\":{\"@id\":\"https:\\\/\\\/www.kirche-hettenhausen.de\\\/site\\\/events\\\/gottesdienst-estomihi-2\\\/#primaryimage\"},\"image\":{\"@id\":\"https:\\\/\\\/www.kirche-hettenhausen.de\\\/site\\\/events\\\/gottesdienst-estomihi-2\\\/#primaryimage\"},\"thumbnailUrl\":\"https:\\\/\\\/www.kirche-hettenhausen.de\\\/site\\\/wp-content\\\/uploads\\\/2022\\\/02\\\/20220227_120902-scaled.jpg\",\"datePublished\":\"2021-03-03T22:14:02+00:00\",\"dateModified\":\"2022-02-27T11:59:19+00:00\",\"description\":\"Ev.-luth. Kirchengemeinde Hettenhausen - Dalherda - Gottesdienst \\\"Estomihi\\\"\",\"breadcrumb\":{\"@id\":\"https:\\\/\\\/www.kirche-hettenhausen.de\\\/site\\\/events\\\/gottesdienst-estomihi-2\\\/#breadcrumb\"},\"inLanguage\":\"de\",\"potentialAction\":[{\"@type\":\"ReadAction\",\"target\":[\"https:\\\/\\\/www.kirche-hettenhausen.de\\\/site\\\/events\\\/gottesdienst-estomihi-2\\\/\"]}]},{\"@type\":\"ImageObject\",\"inLanguage\":\"de\",\"@id\":\"https:\\\/\\\/www.kirche-hettenhausen.de\\\/site\\\/events\\\/gottesdienst-estomihi-2\\\/#primaryimage\",\"url\":\"https:\\\/\\\/www.kirche-hettenhausen.de\\\/site\\\/wp-content\\\/uploads\\\/2022\\\/02\\\/20220227_120902-scaled.jpg\",\"contentUrl\":\"https:\\\/\\\/www.kirche-hettenhausen.de\\\/site\\\/wp-content\\\/uploads\\\/2022\\\/02\\\/20220227_120902-scaled.jpg\",\"width\":2560,\"height\":2394,\"caption\":\"(Foto: gotischer Schlussstein in der evangelischen Stadtkirche Treysa aus dem 14. Jh., mit Darstellung einer Schutzmantelmadonna \u2013 Pfr. Dieter Schindelmann)\"},{\"@type\":\"BreadcrumbList\",\"@id\":\"https:\\\/\\\/www.kirche-hettenhausen.de\\\/site\\\/events\\\/gottesdienst-estomihi-2\\\/#breadcrumb\",\"itemListElement\":[{\"@type\":\"ListItem\",\"position\":1,\"name\":\"Startseite\",\"item\":\"https:\\\/\\\/www.kirche-hettenhausen.de\\\/site\\\/\"},{\"@type\":\"ListItem\",\"position\":2,\"name\":\"Veranstaltungen\",\"item\":\"https:\\\/\\\/www.kirche-hettenhausen.de\\\/site\\\/events\\\/\"},{\"@type\":\"ListItem\",\"position\":3,\"name\":\"Gottesdienst &#8222;Estomihi&#8220;\"}]},{\"@type\":\"WebSite\",\"@id\":\"https:\\\/\\\/www.kirche-hettenhausen.de\\\/site\\\/#website\",\"url\":\"https:\\\/\\\/www.kirche-hettenhausen.de\\\/site\\\/\",\"name\":\"Ev.-luth. Kirchengemeinde Hettenhausen - Dalherda\",\"description\":\"Homepage der Ev.-luth. Kirchengemeinde Hettenhausen - Dalherda\",\"potentialAction\":[{\"@type\":\"SearchAction\",\"target\":{\"@type\":\"EntryPoint\",\"urlTemplate\":\"https:\\\/\\\/www.kirche-hettenhausen.de\\\/site\\\/?s={search_term_string}\"},\"query-input\":{\"@type\":\"PropertyValueSpecification\",\"valueRequired\":true,\"valueName\":\"search_term_string\"}}],\"inLanguage\":\"de\"}]}<\/script>\n<!-- \/ Yoast SEO plugin. -->","yoast_head_json":{"title":"Gottesdienst \"Estomihi\" - Ev.-luth. Kirchengemeinde Hettenhausen - Dalherda","description":"Ev.-luth. Kirchengemeinde Hettenhausen - Dalherda - Gottesdienst \"Estomihi\"","robots":{"index":"index","follow":"follow","max-snippet":"max-snippet:-1","max-image-preview":"max-image-preview:large","max-video-preview":"max-video-preview:-1"},"canonical":"https:\/\/www.kirche-hettenhausen.de\/site\/events\/gottesdienst-estomihi-2\/","og_locale":"de_DE","og_type":"article","og_title":"Gottesdienst \"Estomihi\" - Ev.-luth. Kirchengemeinde Hettenhausen - Dalherda","og_description":"Ev.-luth. Kirchengemeinde Hettenhausen - Dalherda - Gottesdienst \"Estomihi\"","og_url":"https:\/\/www.kirche-hettenhausen.de\/site\/events\/gottesdienst-estomihi-2\/","og_site_name":"Ev.-luth. Kirchengemeinde Hettenhausen - Dalherda","article_modified_time":"2022-02-27T11:59:19+00:00","og_image":[{"width":2560,"height":2394,"url":"https:\/\/www.kirche-hettenhausen.de\/site\/wp-content\/uploads\/2022\/02\/20220227_120902-scaled.jpg","type":"image\/jpeg"}],"twitter_card":"summary_large_image","twitter_misc":{"Gesch\u00e4tzte Lesezeit":"1\u00a0Minute"},"schema":{"@context":"https:\/\/schema.org","@graph":[{"@type":"WebPage","@id":"https:\/\/www.kirche-hettenhausen.de\/site\/events\/gottesdienst-estomihi-2\/","url":"https:\/\/www.kirche-hettenhausen.de\/site\/events\/gottesdienst-estomihi-2\/","name":"Gottesdienst \"Estomihi\" - Ev.-luth. Kirchengemeinde Hettenhausen - Dalherda","isPartOf":{"@id":"https:\/\/www.kirche-hettenhausen.de\/site\/#website"},"primaryImageOfPage":{"@id":"https:\/\/www.kirche-hettenhausen.de\/site\/events\/gottesdienst-estomihi-2\/#primaryimage"},"image":{"@id":"https:\/\/www.kirche-hettenhausen.de\/site\/events\/gottesdienst-estomihi-2\/#primaryimage"},"thumbnailUrl":"https:\/\/www.kirche-hettenhausen.de\/site\/wp-content\/uploads\/2022\/02\/20220227_120902-scaled.jpg","datePublished":"2021-03-03T22:14:02+00:00","dateModified":"2022-02-27T11:59:19+00:00","description":"Ev.-luth. Kirchengemeinde Hettenhausen - Dalherda - Gottesdienst \"Estomihi\"","breadcrumb":{"@id":"https:\/\/www.kirche-hettenhausen.de\/site\/events\/gottesdienst-estomihi-2\/#breadcrumb"},"inLanguage":"de","potentialAction":[{"@type":"ReadAction","target":["https:\/\/www.kirche-hettenhausen.de\/site\/events\/gottesdienst-estomihi-2\/"]}]},{"@type":"ImageObject","inLanguage":"de","@id":"https:\/\/www.kirche-hettenhausen.de\/site\/events\/gottesdienst-estomihi-2\/#primaryimage","url":"https:\/\/www.kirche-hettenhausen.de\/site\/wp-content\/uploads\/2022\/02\/20220227_120902-scaled.jpg","contentUrl":"https:\/\/www.kirche-hettenhausen.de\/site\/wp-content\/uploads\/2022\/02\/20220227_120902-scaled.jpg","width":2560,"height":2394,"caption":"(Foto: gotischer Schlussstein in der evangelischen Stadtkirche Treysa aus dem 14. Jh., mit Darstellung einer Schutzmantelmadonna \u2013 Pfr. Dieter Schindelmann)"},{"@type":"BreadcrumbList","@id":"https:\/\/www.kirche-hettenhausen.de\/site\/events\/gottesdienst-estomihi-2\/#breadcrumb","itemListElement":[{"@type":"ListItem","position":1,"name":"Startseite","item":"https:\/\/www.kirche-hettenhausen.de\/site\/"},{"@type":"ListItem","position":2,"name":"Veranstaltungen","item":"https:\/\/www.kirche-hettenhausen.de\/site\/events\/"},{"@type":"ListItem","position":3,"name":"Gottesdienst &#8222;Estomihi&#8220;"}]},{"@type":"WebSite","@id":"https:\/\/www.kirche-hettenhausen.de\/site\/#website","url":"https:\/\/www.kirche-hettenhausen.de\/site\/","name":"Ev.-luth. Kirchengemeinde Hettenhausen - Dalherda","description":"Homepage der Ev.-luth. Kirchengemeinde Hettenhausen - Dalherda","potentialAction":[{"@type":"SearchAction","target":{"@type":"EntryPoint","urlTemplate":"https:\/\/www.kirche-hettenhausen.de\/site\/?s={search_term_string}"},"query-input":{"@type":"PropertyValueSpecification","valueRequired":true,"valueName":"search_term_string"}}],"inLanguage":"de"}]}},"_links":{"self":[{"href":"https:\/\/www.kirche-hettenhausen.de\/site\/wp-json\/wp\/v2\/mec-events\/8056","targetHints":{"allow":["GET"]}}],"collection":[{"href":"https:\/\/www.kirche-hettenhausen.de\/site\/wp-json\/wp\/v2\/mec-events"}],"about":[{"href":"https:\/\/www.kirche-hettenhausen.de\/site\/wp-json\/wp\/v2\/types\/mec-events"}],"author":[{"embeddable":true,"href":"https:\/\/www.kirche-hettenhausen.de\/site\/wp-json\/wp\/v2\/users\/2"}],"replies":[{"embeddable":true,"href":"https:\/\/www.kirche-hettenhausen.de\/site\/wp-json\/wp\/v2\/comments?post=8056"}],"wp:featuredmedia":[{"embeddable":true,"href":"https:\/\/www.kirche-hettenhausen.de\/site\/wp-json\/wp\/v2\/media\/11098"}],"wp:attachment":[{"href":"https:\/\/www.kirche-hettenhausen.de\/site\/wp-json\/wp\/v2\/media?parent=8056"}],"wp:term":[{"taxonomy":"post_tag","embeddable":true,"href":"https:\/\/www.kirche-hettenhausen.de\/site\/wp-json\/wp\/v2\/tags?post=8056"},{"taxonomy":"mec_category","embeddable":true,"href":"https:\/\/www.kirche-hettenhausen.de\/site\/wp-json\/wp\/v2\/mec_category?post=8056"}],"curies":[{"name":"wp","href":"https:\/\/api.w.org\/{rel}","templated":true}]}}

<p>Gottesdienste in der Ev.-luth. Pfarrkirche St. Georg Hettenhausen feiern wir regelmäßig an Sonn- und Feiertagen.</p>
<p>Aus aktuellem Anlass werden im heutigen Gottesdienst die Friedensbemühungen in der Ukraine Thema sein. Wir wollen gemeinsam für Frieden und die betroffenen Menschen in der Region beten. Auch die Kollekte des heutigen Sonntags ist für die Diakonie-Katastrophenhilfe &#8222;Ukraine&#8220; bestimmt.</p>
<p>Unterstützt wird unser Pfarrer dabei von seinem Vater, Pfarrer Dieter Schindelmann.</p>
<p>(Foto: gotischer Schlussstein in der evangelischen Stadtkirche Treysa aus dem 14. Jh., mit Darstellung einer Schutzmantelmadonna &#8211; Pfr. Dieter Schindelmann)</p>
<p>&nbsp;</p>
<p><strong>Wichtig: Bitte beachten Sie die aktuell gültigen Zugangs- und Hygieneregelungen, die momentan befolgt werden müssen. Sie finden sie <a href="https://www.kirche-hettenhausen.de/site/2021/12/aktuelle-infos/">hier</a>. Weitere Infos entnehmen Sie bitte den aktuellen Ankündigungen!</strong></p>
<p>&nbsp;</p>
<p><strong>Sonntag vor der Passionszeit</strong></p>
<h4></h4>
<p style="text-align: left;"><strong>Wochenspruch</strong><br />
Seht, wir gehen hinauf nach Jerusalem, und es wird alles vollendet werden, was geschrieben ist durch die Propheten von dem Menschensohn. <em>(Lk 18,31)</em></p>

<p>Gottesdienste in der Ev.-luth. Pfarrkirche St. Georg Hettenhausen feiern wir regelmäßig an Sonn- und Feiertagen. Aus aktuellem Anlass werden im heutigen Gottesdienst die Friedensbemühungen in der Ukraine Thema sein. Wir wollen gemeinsam für Frieden und die betroffenen Menschen in der Region beten. Auch die Kollekte des heutigen Sonntags ist für die Diakonie-Katastrophenhilfe &#8222;Ukraine&#8220; bestimmt. Unterstützt [&hellip;]</p>

<!-- This site is optimized with the Yoast SEO plugin v27.4 - https://yoast.com/product/yoast-seo-wordpress/ -->
<title>Gottesdienst &quot;Estomihi&quot; - Ev.-luth. Kirchengemeinde Hettenhausen - Dalherda</title>
<meta name="description" content="Ev.-luth. Kirchengemeinde Hettenhausen - Dalherda - Gottesdienst &quot;Estomihi&quot;" />
<meta name="robots" content="index, follow, max-snippet:-1, max-image-preview:large, max-video-preview:-1" />
<link rel="canonical" href="https://www.kirche-hettenhausen.de/site/events/gottesdienst-estomihi-2/" />
<meta property="og:locale" content="de_DE" />
<meta property="og:type" content="article" />
<meta property="og:title" content="Gottesdienst &quot;Estomihi&quot; - Ev.-luth. Kirchengemeinde Hettenhausen - Dalherda" />
<meta property="og:description" content="Ev.-luth. Kirchengemeinde Hettenhausen - Dalherda - Gottesdienst &quot;Estomihi&quot;" />
<meta property="og:url" content="https://www.kirche-hettenhausen.de/site/events/gottesdienst-estomihi-2/" />
<meta property="og:site_name" content="Ev.-luth. Kirchengemeinde Hettenhausen - Dalherda" />
<meta property="article:modified_time" content="2022-02-27T11:59:19+00:00" />
<meta property="og:image" content="https://www.kirche-hettenhausen.de/site/wp-content/uploads/2022/02/20220227_120902-scaled.jpg" />
	<meta property="og:image:width" content="2560" />
	<meta property="og:image:height" content="2394" />
	<meta property="og:image:type" content="image/jpeg" />
<meta name="twitter:card" content="summary_large_image" />
<meta name="twitter:label1" content="Geschätzte Lesezeit" />
	<meta name="twitter:data1" content="1 Minute" />
<script type="application/ld+json" class="yoast-schema-graph">{"@context":"https:\/\/schema.org","@graph":[{"@type":"WebPage","@id":"https:\/\/www.kirche-hettenhausen.de\/site\/events\/gottesdienst-estomihi-2\/","url":"https:\/\/www.kirche-hettenhausen.de\/site\/events\/gottesdienst-estomihi-2\/","name":"Gottesdienst \"Estomihi\" - Ev.-luth. Kirchengemeinde Hettenhausen - Dalherda","isPartOf":{"@id":"https:\/\/www.kirche-hettenhausen.de\/site\/#website"},"primaryImageOfPage":{"@id":"https:\/\/www.kirche-hettenhausen.de\/site\/events\/gottesdienst-estomihi-2\/#primaryimage"},"image":{"@id":"https:\/\/www.kirche-hettenhausen.de\/site\/events\/gottesdienst-estomihi-2\/#primaryimage"},"thumbnailUrl":"https:\/\/www.kirche-hettenhausen.de\/site\/wp-content\/uploads\/2022\/02\/20220227_120902-scaled.jpg","datePublished":"2021-03-03T22:14:02+00:00","dateModified":"2022-02-27T11:59:19+00:00","description":"Ev.-luth. Kirchengemeinde Hettenhausen - Dalherda - Gottesdienst \"Estomihi\"","breadcrumb":{"@id":"https:\/\/www.kirche-hettenhausen.de\/site\/events\/gottesdienst-estomihi-2\/#breadcrumb"},"inLanguage":"de","potentialAction":[{"@type":"ReadAction","target":["https:\/\/www.kirche-hettenhausen.de\/site\/events\/gottesdienst-estomihi-2\/"]}]},{"@type":"ImageObject","inLanguage":"de","@id":"https:\/\/www.kirche-hettenhausen.de\/site\/events\/gottesdienst-estomihi-2\/#primaryimage","url":"https:\/\/www.kirche-hettenhausen.de\/site\/wp-content\/uploads\/2022\/02\/20220227_120902-scaled.jpg","contentUrl":"https:\/\/www.kirche-hettenhausen.de\/site\/wp-content\/uploads\/2022\/02\/20220227_120902-scaled.jpg","width":2560,"height":2394,"caption":"(Foto: gotischer Schlussstein in der evangelischen Stadtkirche Treysa aus dem 14. Jh., mit Darstellung einer Schutzmantelmadonna – Pfr. Dieter Schindelmann)"},{"@type":"BreadcrumbList","@id":"https:\/\/www.kirche-hettenhausen.de\/site\/events\/gottesdienst-estomihi-2\/#breadcrumb","itemListElement":[{"@type":"ListItem","position":1,"name":"Startseite","item":"https:\/\/www.kirche-hettenhausen.de\/site\/"},{"@type":"ListItem","position":2,"name":"Veranstaltungen","item":"https:\/\/www.kirche-hettenhausen.de\/site\/events\/"},{"@type":"ListItem","position":3,"name":"Gottesdienst &#8222;Estomihi&#8220;"}]},{"@type":"WebSite","@id":"https:\/\/www.kirche-hettenhausen.de\/site\/#website","url":"https:\/\/www.kirche-hettenhausen.de\/site\/","name":"Ev.-luth. Kirchengemeinde Hettenhausen - Dalherda","description":"Homepage der Ev.-luth. Kirchengemeinde Hettenhausen - Dalherda","potentialAction":[{"@type":"SearchAction","target":{"@type":"EntryPoint","urlTemplate":"https:\/\/www.kirche-hettenhausen.de\/site\/?s={search_term_string}"},"query-input":{"@type":"PropertyValueSpecification","valueRequired":true,"valueName":"search_term_string"}}],"inLanguage":"de"}]}</script>
<!-- / Yoast SEO plugin. -->
