{"id":7794,"date":"2021-02-19T22:55:19","date_gmt":"2021-02-19T21:55:19","guid":{"rendered":"https:\/\/kirche-hettenhausen.de\/site\/?post_type=mec-events&#038;p=7794"},"modified":"2021-07-23T22:17:29","modified_gmt":"2021-07-23T20:17:29","slug":"singer-songwriter-gottesdienst-mit-andre-flimm","status":"publish","type":"mec-events","link":"https:\/\/www.kirche-hettenhausen.de\/site\/events\/singer-songwriter-gottesdienst-mit-andre-flimm\/","title":{"rendered":"Singer-Songwriter-Gottesdienst mit Andr\u00e9 Flimm"},"content":{"rendered":"<p>Die Gemeinden des Kooperationsraums Rh\u00f6n laden ein zum<\/p>\n<p>&nbsp;<\/p>\n<p style=\"text-align: center;\"><strong>Singer-Songwriter-Gottesdienst mit Andr\u00e9 Flimm<\/strong><\/p>\n<p style=\"text-align: center;\"><strong>am Sonntag, 11. April 2021 um 18:00 Uhr<\/strong><\/p>\n<p style=\"text-align: center;\"><strong>in der Barockkirche in Gersfeld<\/strong><\/p>\n<p>&nbsp;<\/p>\n<p>Aufgrund der aktuellen Situation stehen nur begrenzte Pl\u00e4tze in der Kirche und auf dem Kirchplatz zur Verf\u00fcgung. Deshalb bitten wir um Voranmeldung bei Nicole Henkel, unserer Verwaltungsassistentin f\u00fcr den Kooperationsraum, unter Telefon <a href=\"tel:+491516 8831113\">+49 (0) 1516 8831113<\/a> oder <a href=\"mailto:nicole.henkel@ekkw.de\" target=\"_blank\" rel=\"noopener\"><strong>nicole.henkel@ekkw.de<\/strong><\/a><\/p>\n<p>&nbsp;<\/p>\n<p>Parallel wird der Gottesdienst per Livestream \u00fcbertragen:<\/p>\n<h4 style=\"text-align: center;\"><a href=\"https:\/\/youtu.be\/6Gtx6zLB8Ys\" target=\"_blank\" rel=\"noopener\">https:\/\/youtu.be\/6Gtx6zLB8Ys<\/a><\/h4>\n<p>&nbsp;<\/p>\n<p><strong>1. Sonntag nach Ostern<\/strong><\/p>\n<p>&nbsp;<\/p>\n<p><strong>Wochenspruch<\/strong><br \/>\nGelobt sei Gott, der Vater unseres Herrn Jesus Christus, der uns nach seiner gro\u00dfen Barmherzigkeit wiedergeboren hat zu einer lebendigen Hoffnung durch die Auferstehung Jesu Christi von den Toten. <em>(1. Petr 1,3)<\/em><\/p>\n","protected":false},"excerpt":{"rendered":"<p>Die Gemeinden des Kooperationsraums Rh\u00f6n laden ein zum &nbsp; Singer-Songwriter-Gottesdienst mit Andr\u00e9 Flimm am Sonntag, 11. April 2021 um 18:00 Uhr in der Barockkirche in Gersfeld &nbsp; Aufgrund der aktuellen Situation stehen nur begrenzte Pl\u00e4tze in der Kirche und auf dem Kirchplatz zur Verf\u00fcgung. Deshalb bitten wir um Voranmeldung bei Nicole Henkel, unserer Verwaltungsassistentin f\u00fcr [&hellip;]<\/p>\n","protected":false},"author":2,"featured_media":7988,"comment_status":"closed","ping_status":"closed","template":"","tags":[32,33,30,95,36,67,39],"mec_category":[109],"class_list":["post-7794","mec-events","type-mec-events","status-publish","has-post-thumbnail","hentry","tag-corona","tag-gottesdienst","tag-kooperationsraum-rhoen","tag-livestream","tag-musik","tag-singen","tag-veranstaltungen","mec_category-gottesdienst"],"yoast_head":"<!-- This site is optimized with the Yoast SEO plugin v27.4 - https:\/\/yoast.com\/product\/yoast-seo-wordpress\/ -->\n<title>Singer-Songwriter-Gottesdienst mit Andr\u00e9 Flimm -<\/title>\n<meta name=\"description\" content=\"Ev.-luth. Kirchengemeinde Hettenhausen - Dalherda - Singer-Songwriter-Gottesdienst mit Andr\u00e9 Flimm\" \/>\n<meta name=\"robots\" content=\"index, follow, max-snippet:-1, max-image-preview:large, max-video-preview:-1\" \/>\n<link rel=\"canonical\" href=\"https:\/\/www.kirche-hettenhausen.de\/site\/events\/singer-songwriter-gottesdienst-mit-andre-flimm\/\" \/>\n<meta property=\"og:locale\" content=\"de_DE\" \/>\n<meta property=\"og:type\" content=\"article\" \/>\n<meta property=\"og:title\" content=\"Singer-Songwriter-Gottesdienst mit Andr\u00e9 Flimm -\" \/>\n<meta property=\"og:description\" content=\"Ev.-luth. Kirchengemeinde Hettenhausen - Dalherda - Singer-Songwriter-Gottesdienst mit Andr\u00e9 Flimm\" \/>\n<meta property=\"og:url\" content=\"https:\/\/www.kirche-hettenhausen.de\/site\/events\/singer-songwriter-gottesdienst-mit-andre-flimm\/\" \/>\n<meta property=\"og:site_name\" content=\"Ev.-luth. Kirchengemeinde Hettenhausen - Dalherda\" \/>\n<meta property=\"article:modified_time\" content=\"2021-07-23T20:17:29+00:00\" \/>\n<meta property=\"og:image\" content=\"https:\/\/www.kirche-hettenhausen.de\/site\/wp-content\/uploads\/2021\/03\/Kooperationsgottesdienst-Gersfeld-11.04.2021.jpg\" \/>\n\t<meta property=\"og:image:width\" content=\"360\" \/>\n\t<meta property=\"og:image:height\" content=\"504\" \/>\n\t<meta property=\"og:image:type\" content=\"image\/jpeg\" \/>\n<meta name=\"twitter:card\" content=\"summary_large_image\" \/>\n<meta name=\"twitter:label1\" content=\"Gesch\u00e4tzte Lesezeit\" \/>\n\t<meta name=\"twitter:data1\" content=\"1\u00a0Minute\" \/>\n<script type=\"application\/ld+json\" class=\"yoast-schema-graph\">{\"@context\":\"https:\\\/\\\/schema.org\",\"@graph\":[{\"@type\":\"WebPage\",\"@id\":\"https:\\\/\\\/www.kirche-hettenhausen.de\\\/site\\\/events\\\/singer-songwriter-gottesdienst-mit-andre-flimm\\\/\",\"url\":\"https:\\\/\\\/www.kirche-hettenhausen.de\\\/site\\\/events\\\/singer-songwriter-gottesdienst-mit-andre-flimm\\\/\",\"name\":\"Singer-Songwriter-Gottesdienst mit Andr\u00e9 Flimm -\",\"isPartOf\":{\"@id\":\"https:\\\/\\\/www.kirche-hettenhausen.de\\\/site\\\/#website\"},\"primaryImageOfPage\":{\"@id\":\"https:\\\/\\\/www.kirche-hettenhausen.de\\\/site\\\/events\\\/singer-songwriter-gottesdienst-mit-andre-flimm\\\/#primaryimage\"},\"image\":{\"@id\":\"https:\\\/\\\/www.kirche-hettenhausen.de\\\/site\\\/events\\\/singer-songwriter-gottesdienst-mit-andre-flimm\\\/#primaryimage\"},\"thumbnailUrl\":\"https:\\\/\\\/www.kirche-hettenhausen.de\\\/site\\\/wp-content\\\/uploads\\\/2021\\\/03\\\/Kooperationsgottesdienst-Gersfeld-11.04.2021.jpg\",\"datePublished\":\"2021-02-19T21:55:19+00:00\",\"dateModified\":\"2021-07-23T20:17:29+00:00\",\"description\":\"Ev.-luth. Kirchengemeinde Hettenhausen - Dalherda - Singer-Songwriter-Gottesdienst mit Andr\u00e9 Flimm\",\"breadcrumb\":{\"@id\":\"https:\\\/\\\/www.kirche-hettenhausen.de\\\/site\\\/events\\\/singer-songwriter-gottesdienst-mit-andre-flimm\\\/#breadcrumb\"},\"inLanguage\":\"de\",\"potentialAction\":[{\"@type\":\"ReadAction\",\"target\":[\"https:\\\/\\\/www.kirche-hettenhausen.de\\\/site\\\/events\\\/singer-songwriter-gottesdienst-mit-andre-flimm\\\/\"]}]},{\"@type\":\"ImageObject\",\"inLanguage\":\"de\",\"@id\":\"https:\\\/\\\/www.kirche-hettenhausen.de\\\/site\\\/events\\\/singer-songwriter-gottesdienst-mit-andre-flimm\\\/#primaryimage\",\"url\":\"https:\\\/\\\/www.kirche-hettenhausen.de\\\/site\\\/wp-content\\\/uploads\\\/2021\\\/03\\\/Kooperationsgottesdienst-Gersfeld-11.04.2021.jpg\",\"contentUrl\":\"https:\\\/\\\/www.kirche-hettenhausen.de\\\/site\\\/wp-content\\\/uploads\\\/2021\\\/03\\\/Kooperationsgottesdienst-Gersfeld-11.04.2021.jpg\",\"width\":360,\"height\":504},{\"@type\":\"BreadcrumbList\",\"@id\":\"https:\\\/\\\/www.kirche-hettenhausen.de\\\/site\\\/events\\\/singer-songwriter-gottesdienst-mit-andre-flimm\\\/#breadcrumb\",\"itemListElement\":[{\"@type\":\"ListItem\",\"position\":1,\"name\":\"Startseite\",\"item\":\"https:\\\/\\\/www.kirche-hettenhausen.de\\\/site\\\/\"},{\"@type\":\"ListItem\",\"position\":2,\"name\":\"Veranstaltungen\",\"item\":\"https:\\\/\\\/www.kirche-hettenhausen.de\\\/site\\\/events\\\/\"},{\"@type\":\"ListItem\",\"position\":3,\"name\":\"Singer-Songwriter-Gottesdienst mit Andr\u00e9 Flimm\"}]},{\"@type\":\"WebSite\",\"@id\":\"https:\\\/\\\/www.kirche-hettenhausen.de\\\/site\\\/#website\",\"url\":\"https:\\\/\\\/www.kirche-hettenhausen.de\\\/site\\\/\",\"name\":\"Ev.-luth. Kirchengemeinde Hettenhausen - Dalherda\",\"description\":\"Homepage der Ev.-luth. Kirchengemeinde Hettenhausen - Dalherda\",\"potentialAction\":[{\"@type\":\"SearchAction\",\"target\":{\"@type\":\"EntryPoint\",\"urlTemplate\":\"https:\\\/\\\/www.kirche-hettenhausen.de\\\/site\\\/?s={search_term_string}\"},\"query-input\":{\"@type\":\"PropertyValueSpecification\",\"valueRequired\":true,\"valueName\":\"search_term_string\"}}],\"inLanguage\":\"de\"}]}<\/script>\n<!-- \/ Yoast SEO plugin. -->","yoast_head_json":{"title":"Singer-Songwriter-Gottesdienst mit Andr\u00e9 Flimm -","description":"Ev.-luth. Kirchengemeinde Hettenhausen - Dalherda - Singer-Songwriter-Gottesdienst mit Andr\u00e9 Flimm","robots":{"index":"index","follow":"follow","max-snippet":"max-snippet:-1","max-image-preview":"max-image-preview:large","max-video-preview":"max-video-preview:-1"},"canonical":"https:\/\/www.kirche-hettenhausen.de\/site\/events\/singer-songwriter-gottesdienst-mit-andre-flimm\/","og_locale":"de_DE","og_type":"article","og_title":"Singer-Songwriter-Gottesdienst mit Andr\u00e9 Flimm -","og_description":"Ev.-luth. Kirchengemeinde Hettenhausen - Dalherda - Singer-Songwriter-Gottesdienst mit Andr\u00e9 Flimm","og_url":"https:\/\/www.kirche-hettenhausen.de\/site\/events\/singer-songwriter-gottesdienst-mit-andre-flimm\/","og_site_name":"Ev.-luth. Kirchengemeinde Hettenhausen - Dalherda","article_modified_time":"2021-07-23T20:17:29+00:00","og_image":[{"width":360,"height":504,"url":"https:\/\/www.kirche-hettenhausen.de\/site\/wp-content\/uploads\/2021\/03\/Kooperationsgottesdienst-Gersfeld-11.04.2021.jpg","type":"image\/jpeg"}],"twitter_card":"summary_large_image","twitter_misc":{"Gesch\u00e4tzte Lesezeit":"1\u00a0Minute"},"schema":{"@context":"https:\/\/schema.org","@graph":[{"@type":"WebPage","@id":"https:\/\/www.kirche-hettenhausen.de\/site\/events\/singer-songwriter-gottesdienst-mit-andre-flimm\/","url":"https:\/\/www.kirche-hettenhausen.de\/site\/events\/singer-songwriter-gottesdienst-mit-andre-flimm\/","name":"Singer-Songwriter-Gottesdienst mit Andr\u00e9 Flimm -","isPartOf":{"@id":"https:\/\/www.kirche-hettenhausen.de\/site\/#website"},"primaryImageOfPage":{"@id":"https:\/\/www.kirche-hettenhausen.de\/site\/events\/singer-songwriter-gottesdienst-mit-andre-flimm\/#primaryimage"},"image":{"@id":"https:\/\/www.kirche-hettenhausen.de\/site\/events\/singer-songwriter-gottesdienst-mit-andre-flimm\/#primaryimage"},"thumbnailUrl":"https:\/\/www.kirche-hettenhausen.de\/site\/wp-content\/uploads\/2021\/03\/Kooperationsgottesdienst-Gersfeld-11.04.2021.jpg","datePublished":"2021-02-19T21:55:19+00:00","dateModified":"2021-07-23T20:17:29+00:00","description":"Ev.-luth. Kirchengemeinde Hettenhausen - Dalherda - Singer-Songwriter-Gottesdienst mit Andr\u00e9 Flimm","breadcrumb":{"@id":"https:\/\/www.kirche-hettenhausen.de\/site\/events\/singer-songwriter-gottesdienst-mit-andre-flimm\/#breadcrumb"},"inLanguage":"de","potentialAction":[{"@type":"ReadAction","target":["https:\/\/www.kirche-hettenhausen.de\/site\/events\/singer-songwriter-gottesdienst-mit-andre-flimm\/"]}]},{"@type":"ImageObject","inLanguage":"de","@id":"https:\/\/www.kirche-hettenhausen.de\/site\/events\/singer-songwriter-gottesdienst-mit-andre-flimm\/#primaryimage","url":"https:\/\/www.kirche-hettenhausen.de\/site\/wp-content\/uploads\/2021\/03\/Kooperationsgottesdienst-Gersfeld-11.04.2021.jpg","contentUrl":"https:\/\/www.kirche-hettenhausen.de\/site\/wp-content\/uploads\/2021\/03\/Kooperationsgottesdienst-Gersfeld-11.04.2021.jpg","width":360,"height":504},{"@type":"BreadcrumbList","@id":"https:\/\/www.kirche-hettenhausen.de\/site\/events\/singer-songwriter-gottesdienst-mit-andre-flimm\/#breadcrumb","itemListElement":[{"@type":"ListItem","position":1,"name":"Startseite","item":"https:\/\/www.kirche-hettenhausen.de\/site\/"},{"@type":"ListItem","position":2,"name":"Veranstaltungen","item":"https:\/\/www.kirche-hettenhausen.de\/site\/events\/"},{"@type":"ListItem","position":3,"name":"Singer-Songwriter-Gottesdienst mit Andr\u00e9 Flimm"}]},{"@type":"WebSite","@id":"https:\/\/www.kirche-hettenhausen.de\/site\/#website","url":"https:\/\/www.kirche-hettenhausen.de\/site\/","name":"Ev.-luth. Kirchengemeinde Hettenhausen - Dalherda","description":"Homepage der Ev.-luth. Kirchengemeinde Hettenhausen - Dalherda","potentialAction":[{"@type":"SearchAction","target":{"@type":"EntryPoint","urlTemplate":"https:\/\/www.kirche-hettenhausen.de\/site\/?s={search_term_string}"},"query-input":{"@type":"PropertyValueSpecification","valueRequired":true,"valueName":"search_term_string"}}],"inLanguage":"de"}]}},"_links":{"self":[{"href":"https:\/\/www.kirche-hettenhausen.de\/site\/wp-json\/wp\/v2\/mec-events\/7794","targetHints":{"allow":["GET"]}}],"collection":[{"href":"https:\/\/www.kirche-hettenhausen.de\/site\/wp-json\/wp\/v2\/mec-events"}],"about":[{"href":"https:\/\/www.kirche-hettenhausen.de\/site\/wp-json\/wp\/v2\/types\/mec-events"}],"author":[{"embeddable":true,"href":"https:\/\/www.kirche-hettenhausen.de\/site\/wp-json\/wp\/v2\/users\/2"}],"replies":[{"embeddable":true,"href":"https:\/\/www.kirche-hettenhausen.de\/site\/wp-json\/wp\/v2\/comments?post=7794"}],"wp:featuredmedia":[{"embeddable":true,"href":"https:\/\/www.kirche-hettenhausen.de\/site\/wp-json\/wp\/v2\/media\/7988"}],"wp:attachment":[{"href":"https:\/\/www.kirche-hettenhausen.de\/site\/wp-json\/wp\/v2\/media?parent=7794"}],"wp:term":[{"taxonomy":"post_tag","embeddable":true,"href":"https:\/\/www.kirche-hettenhausen.de\/site\/wp-json\/wp\/v2\/tags?post=7794"},{"taxonomy":"mec_category","embeddable":true,"href":"https:\/\/www.kirche-hettenhausen.de\/site\/wp-json\/wp\/v2\/mec_category?post=7794"}],"curies":[{"name":"wp","href":"https:\/\/api.w.org\/{rel}","templated":true}]}}

Singer-Songwriter-Gottesdienst mit André Flimm

<p>Die Gemeinden des Kooperationsraums Rhön laden ein zum</p>
<p>&nbsp;</p>
<p style="text-align: center;"><strong>Singer-Songwriter-Gottesdienst mit André Flimm</strong></p>
<p style="text-align: center;"><strong>am Sonntag, 11. April 2021 um 18:00 Uhr</strong></p>
<p style="text-align: center;"><strong>in der Barockkirche in Gersfeld</strong></p>
<p>&nbsp;</p>
<p>Aufgrund der aktuellen Situation stehen nur begrenzte Plätze in der Kirche und auf dem Kirchplatz zur Verfügung. Deshalb bitten wir um Voranmeldung bei Nicole Henkel, unserer Verwaltungsassistentin für den Kooperationsraum, unter Telefon <a href="tel:+491516 8831113">+49 (0) 1516 8831113</a> oder <a href="mailto:nicole.henkel@ekkw.de" target="_blank" rel="noopener"><strong>nicole.henkel@ekkw.de</strong></a></p>
<p>&nbsp;</p>
<p>Parallel wird der Gottesdienst per Livestream übertragen:</p>
<h4 style="text-align: center;"><a href="https://youtu.be/6Gtx6zLB8Ys" target="_blank" rel="noopener">https://youtu.be/6Gtx6zLB8Ys</a></h4>
<p>&nbsp;</p>
<p><strong>1. Sonntag nach Ostern</strong></p>
<p>&nbsp;</p>
<p><strong>Wochenspruch</strong><br />
Gelobt sei Gott, der Vater unseres Herrn Jesus Christus, der uns nach seiner großen Barmherzigkeit wiedergeboren hat zu einer lebendigen Hoffnung durch die Auferstehung Jesu Christi von den Toten. <em>(1. Petr 1,3)</em></p>

<p>Die Gemeinden des Kooperationsraums Rhön laden ein zum &nbsp; Singer-Songwriter-Gottesdienst mit André Flimm am Sonntag, 11. April 2021 um 18:00 Uhr in der Barockkirche in Gersfeld &nbsp; Aufgrund der aktuellen Situation stehen nur begrenzte Plätze in der Kirche und auf dem Kirchplatz zur Verfügung. Deshalb bitten wir um Voranmeldung bei Nicole Henkel, unserer Verwaltungsassistentin für [&hellip;]</p>

<!-- This site is optimized with the Yoast SEO plugin v27.4 - https://yoast.com/product/yoast-seo-wordpress/ -->
<title>Singer-Songwriter-Gottesdienst mit André Flimm -</title>
<meta name="description" content="Ev.-luth. Kirchengemeinde Hettenhausen - Dalherda - Singer-Songwriter-Gottesdienst mit André Flimm" />
<meta name="robots" content="index, follow, max-snippet:-1, max-image-preview:large, max-video-preview:-1" />
<link rel="canonical" href="https://www.kirche-hettenhausen.de/site/events/singer-songwriter-gottesdienst-mit-andre-flimm/" />
<meta property="og:locale" content="de_DE" />
<meta property="og:type" content="article" />
<meta property="og:title" content="Singer-Songwriter-Gottesdienst mit André Flimm -" />
<meta property="og:description" content="Ev.-luth. Kirchengemeinde Hettenhausen - Dalherda - Singer-Songwriter-Gottesdienst mit André Flimm" />
<meta property="og:url" content="https://www.kirche-hettenhausen.de/site/events/singer-songwriter-gottesdienst-mit-andre-flimm/" />
<meta property="og:site_name" content="Ev.-luth. Kirchengemeinde Hettenhausen - Dalherda" />
<meta property="article:modified_time" content="2021-07-23T20:17:29+00:00" />
<meta property="og:image" content="https://www.kirche-hettenhausen.de/site/wp-content/uploads/2021/03/Kooperationsgottesdienst-Gersfeld-11.04.2021.jpg" />
	<meta property="og:image:width" content="360" />
	<meta property="og:image:height" content="504" />
	<meta property="og:image:type" content="image/jpeg" />
<meta name="twitter:card" content="summary_large_image" />
<meta name="twitter:label1" content="Geschätzte Lesezeit" />
	<meta name="twitter:data1" content="1 Minute" />
<script type="application/ld+json" class="yoast-schema-graph">{"@context":"https:\/\/schema.org","@graph":[{"@type":"WebPage","@id":"https:\/\/www.kirche-hettenhausen.de\/site\/events\/singer-songwriter-gottesdienst-mit-andre-flimm\/","url":"https:\/\/www.kirche-hettenhausen.de\/site\/events\/singer-songwriter-gottesdienst-mit-andre-flimm\/","name":"Singer-Songwriter-Gottesdienst mit André Flimm -","isPartOf":{"@id":"https:\/\/www.kirche-hettenhausen.de\/site\/#website"},"primaryImageOfPage":{"@id":"https:\/\/www.kirche-hettenhausen.de\/site\/events\/singer-songwriter-gottesdienst-mit-andre-flimm\/#primaryimage"},"image":{"@id":"https:\/\/www.kirche-hettenhausen.de\/site\/events\/singer-songwriter-gottesdienst-mit-andre-flimm\/#primaryimage"},"thumbnailUrl":"https:\/\/www.kirche-hettenhausen.de\/site\/wp-content\/uploads\/2021\/03\/Kooperationsgottesdienst-Gersfeld-11.04.2021.jpg","datePublished":"2021-02-19T21:55:19+00:00","dateModified":"2021-07-23T20:17:29+00:00","description":"Ev.-luth. Kirchengemeinde Hettenhausen - Dalherda - Singer-Songwriter-Gottesdienst mit André Flimm","breadcrumb":{"@id":"https:\/\/www.kirche-hettenhausen.de\/site\/events\/singer-songwriter-gottesdienst-mit-andre-flimm\/#breadcrumb"},"inLanguage":"de","potentialAction":[{"@type":"ReadAction","target":["https:\/\/www.kirche-hettenhausen.de\/site\/events\/singer-songwriter-gottesdienst-mit-andre-flimm\/"]}]},{"@type":"ImageObject","inLanguage":"de","@id":"https:\/\/www.kirche-hettenhausen.de\/site\/events\/singer-songwriter-gottesdienst-mit-andre-flimm\/#primaryimage","url":"https:\/\/www.kirche-hettenhausen.de\/site\/wp-content\/uploads\/2021\/03\/Kooperationsgottesdienst-Gersfeld-11.04.2021.jpg","contentUrl":"https:\/\/www.kirche-hettenhausen.de\/site\/wp-content\/uploads\/2021\/03\/Kooperationsgottesdienst-Gersfeld-11.04.2021.jpg","width":360,"height":504},{"@type":"BreadcrumbList","@id":"https:\/\/www.kirche-hettenhausen.de\/site\/events\/singer-songwriter-gottesdienst-mit-andre-flimm\/#breadcrumb","itemListElement":[{"@type":"ListItem","position":1,"name":"Startseite","item":"https:\/\/www.kirche-hettenhausen.de\/site\/"},{"@type":"ListItem","position":2,"name":"Veranstaltungen","item":"https:\/\/www.kirche-hettenhausen.de\/site\/events\/"},{"@type":"ListItem","position":3,"name":"Singer-Songwriter-Gottesdienst mit André Flimm"}]},{"@type":"WebSite","@id":"https:\/\/www.kirche-hettenhausen.de\/site\/#website","url":"https:\/\/www.kirche-hettenhausen.de\/site\/","name":"Ev.-luth. Kirchengemeinde Hettenhausen - Dalherda","description":"Homepage der Ev.-luth. Kirchengemeinde Hettenhausen - Dalherda","potentialAction":[{"@type":"SearchAction","target":{"@type":"EntryPoint","urlTemplate":"https:\/\/www.kirche-hettenhausen.de\/site\/?s={search_term_string}"},"query-input":{"@type":"PropertyValueSpecification","valueRequired":true,"valueName":"search_term_string"}}],"inLanguage":"de"}]}</script>
<!-- / Yoast SEO plugin. -->

Singer-Songwriter-Gottesdienst mit André Flimm -

Ev.-luth. Kirchengemeinde Hettenhausen - Dalherda - Singer-Songwriter-Gottesdienst mit André Flimm
