{"id":7746,"date":"2021-02-17T23:23:26","date_gmt":"2021-02-17T22:23:26","guid":{"rendered":"https:\/\/kirche-hettenhausen.de\/site\/?post_type=mec-events&#038;p=7746"},"modified":"2021-07-23T22:25:21","modified_gmt":"2021-07-23T20:25:21","slug":"gottesdienst-gruendonnerstag","status":"publish","type":"mec-events","link":"https:\/\/www.kirche-hettenhausen.de\/site\/events\/gottesdienst-gruendonnerstag\/","title":{"rendered":"Gottesdienst &#8222;Gr\u00fcndonnerstag&#8220;"},"content":{"rendered":"<p>Gottesdienste in der Ev.-luth. Pfarrkirche St. Georg Hettenhausen feiern wir regelm\u00e4\u00dfig an Sonn- und Feiertagen.<\/p>\n<p><strong>Gr\u00fcndonnerstag<\/strong> ist die deutschsprachige Bezeichnung f\u00fcr den f\u00fcnften Tag der Karwoche bzw. der heiligen Woche. An ihm gedenken die Christen des letzten Abendmahles Jesu mit den zw\u00f6lf Aposteln am Vorabend seiner Kreuzigung.<\/p>\n<p>&nbsp;<\/p>\n<p><strong>Tagesspruch<\/strong><br \/>\nEr hat ein Ged\u00e4chtnis gestiftet seiner Wunder, der gn\u00e4dige und barmherzige Herr. <em>(Ps 111,4)<\/em><\/p>\n","protected":false},"excerpt":{"rendered":"<p>Gottesdienste in der Ev.-luth. Pfarrkirche St. Georg Hettenhausen feiern wir regelm\u00e4\u00dfig an Sonn- und Feiertagen. Gr\u00fcndonnerstag ist die deutschsprachige Bezeichnung f\u00fcr den f\u00fcnften Tag der Karwoche bzw. der heiligen Woche. An ihm gedenken die Christen des letzten Abendmahles Jesu mit den zw\u00f6lf Aposteln am Vorabend seiner Kreuzigung. &nbsp; Tagesspruch Er hat ein Ged\u00e4chtnis gestiftet seiner [&hellip;]<\/p>\n","protected":false},"author":2,"featured_media":4096,"comment_status":"closed","ping_status":"closed","template":"","tags":[33,128,44,34],"mec_category":[109,113],"class_list":["post-7746","mec-events","type-mec-events","status-publish","has-post-thumbnail","hentry","tag-gottesdienst","tag-hettenhausen","tag-ostern","tag-pfarrkirche-st-georg","mec_category-gottesdienst","mec_category-gottesdienst-hettenhausen"],"yoast_head":"<!-- This site is optimized with the Yoast SEO plugin v27.4 - https:\/\/yoast.com\/product\/yoast-seo-wordpress\/ -->\n<title>Gottesdienst &quot;Gr\u00fcndonnerstag&quot; - Ev.-luth. Kirchengemeinde Hettenhausen - Dalherda<\/title>\n<meta name=\"description\" content=\"Ev.-luth. Kirchengemeinde Hettenhausen - Dalherda - Gottesdienst &quot;Gr\u00fcndonnerstag&quot;\" \/>\n<meta name=\"robots\" content=\"index, follow, max-snippet:-1, max-image-preview:large, max-video-preview:-1\" \/>\n<link rel=\"canonical\" href=\"https:\/\/www.kirche-hettenhausen.de\/site\/events\/gottesdienst-gruendonnerstag\/\" \/>\n<meta property=\"og:locale\" content=\"de_DE\" \/>\n<meta property=\"og:type\" content=\"article\" \/>\n<meta property=\"og:title\" content=\"Gottesdienst &quot;Gr\u00fcndonnerstag&quot; - Ev.-luth. Kirchengemeinde Hettenhausen - Dalherda\" \/>\n<meta property=\"og:description\" content=\"Ev.-luth. Kirchengemeinde Hettenhausen - Dalherda - Gottesdienst &quot;Gr\u00fcndonnerstag&quot;\" \/>\n<meta property=\"og:url\" content=\"https:\/\/www.kirche-hettenhausen.de\/site\/events\/gottesdienst-gruendonnerstag\/\" \/>\n<meta property=\"og:site_name\" content=\"Ev.-luth. Kirchengemeinde Hettenhausen - Dalherda\" \/>\n<meta property=\"article:modified_time\" content=\"2021-07-23T20:25:21+00:00\" \/>\n<meta property=\"og:image\" content=\"https:\/\/www.kirche-hettenhausen.de\/site\/wp-content\/uploads\/2020\/04\/IMG-20200409-WA0006.jpg\" \/>\n\t<meta property=\"og:image:width\" content=\"1200\" \/>\n\t<meta property=\"og:image:height\" content=\"1600\" \/>\n\t<meta property=\"og:image:type\" content=\"image\/jpeg\" \/>\n<meta name=\"twitter:card\" content=\"summary_large_image\" \/>\n<meta name=\"twitter:label1\" content=\"Gesch\u00e4tzte Lesezeit\" \/>\n\t<meta name=\"twitter:data1\" content=\"1\u00a0Minute\" \/>\n<script type=\"application\/ld+json\" class=\"yoast-schema-graph\">{\"@context\":\"https:\\\/\\\/schema.org\",\"@graph\":[{\"@type\":\"WebPage\",\"@id\":\"https:\\\/\\\/www.kirche-hettenhausen.de\\\/site\\\/events\\\/gottesdienst-gruendonnerstag\\\/\",\"url\":\"https:\\\/\\\/www.kirche-hettenhausen.de\\\/site\\\/events\\\/gottesdienst-gruendonnerstag\\\/\",\"name\":\"Gottesdienst \\\"Gr\u00fcndonnerstag\\\" - Ev.-luth. Kirchengemeinde Hettenhausen - Dalherda\",\"isPartOf\":{\"@id\":\"https:\\\/\\\/www.kirche-hettenhausen.de\\\/site\\\/#website\"},\"primaryImageOfPage\":{\"@id\":\"https:\\\/\\\/www.kirche-hettenhausen.de\\\/site\\\/events\\\/gottesdienst-gruendonnerstag\\\/#primaryimage\"},\"image\":{\"@id\":\"https:\\\/\\\/www.kirche-hettenhausen.de\\\/site\\\/events\\\/gottesdienst-gruendonnerstag\\\/#primaryimage\"},\"thumbnailUrl\":\"https:\\\/\\\/www.kirche-hettenhausen.de\\\/site\\\/wp-content\\\/uploads\\\/2020\\\/04\\\/IMG-20200409-WA0006.jpg\",\"datePublished\":\"2021-02-17T22:23:26+00:00\",\"dateModified\":\"2021-07-23T20:25:21+00:00\",\"description\":\"Ev.-luth. Kirchengemeinde Hettenhausen - Dalherda - Gottesdienst \\\"Gr\u00fcndonnerstag\\\"\",\"breadcrumb\":{\"@id\":\"https:\\\/\\\/www.kirche-hettenhausen.de\\\/site\\\/events\\\/gottesdienst-gruendonnerstag\\\/#breadcrumb\"},\"inLanguage\":\"de\",\"potentialAction\":[{\"@type\":\"ReadAction\",\"target\":[\"https:\\\/\\\/www.kirche-hettenhausen.de\\\/site\\\/events\\\/gottesdienst-gruendonnerstag\\\/\"]}]},{\"@type\":\"ImageObject\",\"inLanguage\":\"de\",\"@id\":\"https:\\\/\\\/www.kirche-hettenhausen.de\\\/site\\\/events\\\/gottesdienst-gruendonnerstag\\\/#primaryimage\",\"url\":\"https:\\\/\\\/www.kirche-hettenhausen.de\\\/site\\\/wp-content\\\/uploads\\\/2020\\\/04\\\/IMG-20200409-WA0006.jpg\",\"contentUrl\":\"https:\\\/\\\/www.kirche-hettenhausen.de\\\/site\\\/wp-content\\\/uploads\\\/2020\\\/04\\\/IMG-20200409-WA0006.jpg\",\"width\":1200,\"height\":1600,\"caption\":\"Ev.-luth. Pfarrkirche St. Georg Hettenhausen\"},{\"@type\":\"BreadcrumbList\",\"@id\":\"https:\\\/\\\/www.kirche-hettenhausen.de\\\/site\\\/events\\\/gottesdienst-gruendonnerstag\\\/#breadcrumb\",\"itemListElement\":[{\"@type\":\"ListItem\",\"position\":1,\"name\":\"Startseite\",\"item\":\"https:\\\/\\\/www.kirche-hettenhausen.de\\\/site\\\/\"},{\"@type\":\"ListItem\",\"position\":2,\"name\":\"Veranstaltungen\",\"item\":\"https:\\\/\\\/www.kirche-hettenhausen.de\\\/site\\\/events\\\/\"},{\"@type\":\"ListItem\",\"position\":3,\"name\":\"Gottesdienst &#8222;Gr\u00fcndonnerstag&#8220;\"}]},{\"@type\":\"WebSite\",\"@id\":\"https:\\\/\\\/www.kirche-hettenhausen.de\\\/site\\\/#website\",\"url\":\"https:\\\/\\\/www.kirche-hettenhausen.de\\\/site\\\/\",\"name\":\"Ev.-luth. Kirchengemeinde Hettenhausen - Dalherda\",\"description\":\"Homepage der Ev.-luth. Kirchengemeinde Hettenhausen - Dalherda\",\"potentialAction\":[{\"@type\":\"SearchAction\",\"target\":{\"@type\":\"EntryPoint\",\"urlTemplate\":\"https:\\\/\\\/www.kirche-hettenhausen.de\\\/site\\\/?s={search_term_string}\"},\"query-input\":{\"@type\":\"PropertyValueSpecification\",\"valueRequired\":true,\"valueName\":\"search_term_string\"}}],\"inLanguage\":\"de\"}]}<\/script>\n<!-- \/ Yoast SEO plugin. -->","yoast_head_json":{"title":"Gottesdienst \"Gr\u00fcndonnerstag\" - Ev.-luth. Kirchengemeinde Hettenhausen - Dalherda","description":"Ev.-luth. Kirchengemeinde Hettenhausen - Dalherda - Gottesdienst \"Gr\u00fcndonnerstag\"","robots":{"index":"index","follow":"follow","max-snippet":"max-snippet:-1","max-image-preview":"max-image-preview:large","max-video-preview":"max-video-preview:-1"},"canonical":"https:\/\/www.kirche-hettenhausen.de\/site\/events\/gottesdienst-gruendonnerstag\/","og_locale":"de_DE","og_type":"article","og_title":"Gottesdienst \"Gr\u00fcndonnerstag\" - Ev.-luth. Kirchengemeinde Hettenhausen - Dalherda","og_description":"Ev.-luth. Kirchengemeinde Hettenhausen - Dalherda - Gottesdienst \"Gr\u00fcndonnerstag\"","og_url":"https:\/\/www.kirche-hettenhausen.de\/site\/events\/gottesdienst-gruendonnerstag\/","og_site_name":"Ev.-luth. Kirchengemeinde Hettenhausen - Dalherda","article_modified_time":"2021-07-23T20:25:21+00:00","og_image":[{"width":1200,"height":1600,"url":"https:\/\/www.kirche-hettenhausen.de\/site\/wp-content\/uploads\/2020\/04\/IMG-20200409-WA0006.jpg","type":"image\/jpeg"}],"twitter_card":"summary_large_image","twitter_misc":{"Gesch\u00e4tzte Lesezeit":"1\u00a0Minute"},"schema":{"@context":"https:\/\/schema.org","@graph":[{"@type":"WebPage","@id":"https:\/\/www.kirche-hettenhausen.de\/site\/events\/gottesdienst-gruendonnerstag\/","url":"https:\/\/www.kirche-hettenhausen.de\/site\/events\/gottesdienst-gruendonnerstag\/","name":"Gottesdienst \"Gr\u00fcndonnerstag\" - Ev.-luth. Kirchengemeinde Hettenhausen - Dalherda","isPartOf":{"@id":"https:\/\/www.kirche-hettenhausen.de\/site\/#website"},"primaryImageOfPage":{"@id":"https:\/\/www.kirche-hettenhausen.de\/site\/events\/gottesdienst-gruendonnerstag\/#primaryimage"},"image":{"@id":"https:\/\/www.kirche-hettenhausen.de\/site\/events\/gottesdienst-gruendonnerstag\/#primaryimage"},"thumbnailUrl":"https:\/\/www.kirche-hettenhausen.de\/site\/wp-content\/uploads\/2020\/04\/IMG-20200409-WA0006.jpg","datePublished":"2021-02-17T22:23:26+00:00","dateModified":"2021-07-23T20:25:21+00:00","description":"Ev.-luth. Kirchengemeinde Hettenhausen - Dalherda - Gottesdienst \"Gr\u00fcndonnerstag\"","breadcrumb":{"@id":"https:\/\/www.kirche-hettenhausen.de\/site\/events\/gottesdienst-gruendonnerstag\/#breadcrumb"},"inLanguage":"de","potentialAction":[{"@type":"ReadAction","target":["https:\/\/www.kirche-hettenhausen.de\/site\/events\/gottesdienst-gruendonnerstag\/"]}]},{"@type":"ImageObject","inLanguage":"de","@id":"https:\/\/www.kirche-hettenhausen.de\/site\/events\/gottesdienst-gruendonnerstag\/#primaryimage","url":"https:\/\/www.kirche-hettenhausen.de\/site\/wp-content\/uploads\/2020\/04\/IMG-20200409-WA0006.jpg","contentUrl":"https:\/\/www.kirche-hettenhausen.de\/site\/wp-content\/uploads\/2020\/04\/IMG-20200409-WA0006.jpg","width":1200,"height":1600,"caption":"Ev.-luth. Pfarrkirche St. Georg Hettenhausen"},{"@type":"BreadcrumbList","@id":"https:\/\/www.kirche-hettenhausen.de\/site\/events\/gottesdienst-gruendonnerstag\/#breadcrumb","itemListElement":[{"@type":"ListItem","position":1,"name":"Startseite","item":"https:\/\/www.kirche-hettenhausen.de\/site\/"},{"@type":"ListItem","position":2,"name":"Veranstaltungen","item":"https:\/\/www.kirche-hettenhausen.de\/site\/events\/"},{"@type":"ListItem","position":3,"name":"Gottesdienst &#8222;Gr\u00fcndonnerstag&#8220;"}]},{"@type":"WebSite","@id":"https:\/\/www.kirche-hettenhausen.de\/site\/#website","url":"https:\/\/www.kirche-hettenhausen.de\/site\/","name":"Ev.-luth. Kirchengemeinde Hettenhausen - Dalherda","description":"Homepage der Ev.-luth. Kirchengemeinde Hettenhausen - Dalherda","potentialAction":[{"@type":"SearchAction","target":{"@type":"EntryPoint","urlTemplate":"https:\/\/www.kirche-hettenhausen.de\/site\/?s={search_term_string}"},"query-input":{"@type":"PropertyValueSpecification","valueRequired":true,"valueName":"search_term_string"}}],"inLanguage":"de"}]}},"_links":{"self":[{"href":"https:\/\/www.kirche-hettenhausen.de\/site\/wp-json\/wp\/v2\/mec-events\/7746","targetHints":{"allow":["GET"]}}],"collection":[{"href":"https:\/\/www.kirche-hettenhausen.de\/site\/wp-json\/wp\/v2\/mec-events"}],"about":[{"href":"https:\/\/www.kirche-hettenhausen.de\/site\/wp-json\/wp\/v2\/types\/mec-events"}],"author":[{"embeddable":true,"href":"https:\/\/www.kirche-hettenhausen.de\/site\/wp-json\/wp\/v2\/users\/2"}],"replies":[{"embeddable":true,"href":"https:\/\/www.kirche-hettenhausen.de\/site\/wp-json\/wp\/v2\/comments?post=7746"}],"wp:featuredmedia":[{"embeddable":true,"href":"https:\/\/www.kirche-hettenhausen.de\/site\/wp-json\/wp\/v2\/media\/4096"}],"wp:attachment":[{"href":"https:\/\/www.kirche-hettenhausen.de\/site\/wp-json\/wp\/v2\/media?parent=7746"}],"wp:term":[{"taxonomy":"post_tag","embeddable":true,"href":"https:\/\/www.kirche-hettenhausen.de\/site\/wp-json\/wp\/v2\/tags?post=7746"},{"taxonomy":"mec_category","embeddable":true,"href":"https:\/\/www.kirche-hettenhausen.de\/site\/wp-json\/wp\/v2\/mec_category?post=7746"}],"curies":[{"name":"wp","href":"https:\/\/api.w.org\/{rel}","templated":true}]}}

Gottesdienst &#8222;Gründonnerstag&#8220;

<p>Gottesdienste in der Ev.-luth. Pfarrkirche St. Georg Hettenhausen feiern wir regelmäßig an Sonn- und Feiertagen.</p>
<p><strong>Gründonnerstag</strong> ist die deutschsprachige Bezeichnung für den fünften Tag der Karwoche bzw. der heiligen Woche. An ihm gedenken die Christen des letzten Abendmahles Jesu mit den zwölf Aposteln am Vorabend seiner Kreuzigung.</p>
<p>&nbsp;</p>
<p><strong>Tagesspruch</strong><br />
Er hat ein Gedächtnis gestiftet seiner Wunder, der gnädige und barmherzige Herr. <em>(Ps 111,4)</em></p>

<p>Gottesdienste in der Ev.-luth. Pfarrkirche St. Georg Hettenhausen feiern wir regelmäßig an Sonn- und Feiertagen. Gründonnerstag ist die deutschsprachige Bezeichnung für den fünften Tag der Karwoche bzw. der heiligen Woche. An ihm gedenken die Christen des letzten Abendmahles Jesu mit den zwölf Aposteln am Vorabend seiner Kreuzigung. &nbsp; Tagesspruch Er hat ein Gedächtnis gestiftet seiner [&hellip;]</p>

<!-- This site is optimized with the Yoast SEO plugin v27.4 - https://yoast.com/product/yoast-seo-wordpress/ -->
<title>Gottesdienst &quot;Gründonnerstag&quot; - Ev.-luth. Kirchengemeinde Hettenhausen - Dalherda</title>
<meta name="description" content="Ev.-luth. Kirchengemeinde Hettenhausen - Dalherda - Gottesdienst &quot;Gründonnerstag&quot;" />
<meta name="robots" content="index, follow, max-snippet:-1, max-image-preview:large, max-video-preview:-1" />
<link rel="canonical" href="https://www.kirche-hettenhausen.de/site/events/gottesdienst-gruendonnerstag/" />
<meta property="og:locale" content="de_DE" />
<meta property="og:type" content="article" />
<meta property="og:title" content="Gottesdienst &quot;Gründonnerstag&quot; - Ev.-luth. Kirchengemeinde Hettenhausen - Dalherda" />
<meta property="og:description" content="Ev.-luth. Kirchengemeinde Hettenhausen - Dalherda - Gottesdienst &quot;Gründonnerstag&quot;" />
<meta property="og:url" content="https://www.kirche-hettenhausen.de/site/events/gottesdienst-gruendonnerstag/" />
<meta property="og:site_name" content="Ev.-luth. Kirchengemeinde Hettenhausen - Dalherda" />
<meta property="article:modified_time" content="2021-07-23T20:25:21+00:00" />
<meta property="og:image" content="https://www.kirche-hettenhausen.de/site/wp-content/uploads/2020/04/IMG-20200409-WA0006.jpg" />
	<meta property="og:image:width" content="1200" />
	<meta property="og:image:height" content="1600" />
	<meta property="og:image:type" content="image/jpeg" />
<meta name="twitter:card" content="summary_large_image" />
<meta name="twitter:label1" content="Geschätzte Lesezeit" />
	<meta name="twitter:data1" content="1 Minute" />
<script type="application/ld+json" class="yoast-schema-graph">{"@context":"https:\/\/schema.org","@graph":[{"@type":"WebPage","@id":"https:\/\/www.kirche-hettenhausen.de\/site\/events\/gottesdienst-gruendonnerstag\/","url":"https:\/\/www.kirche-hettenhausen.de\/site\/events\/gottesdienst-gruendonnerstag\/","name":"Gottesdienst \"Gründonnerstag\" - Ev.-luth. Kirchengemeinde Hettenhausen - Dalherda","isPartOf":{"@id":"https:\/\/www.kirche-hettenhausen.de\/site\/#website"},"primaryImageOfPage":{"@id":"https:\/\/www.kirche-hettenhausen.de\/site\/events\/gottesdienst-gruendonnerstag\/#primaryimage"},"image":{"@id":"https:\/\/www.kirche-hettenhausen.de\/site\/events\/gottesdienst-gruendonnerstag\/#primaryimage"},"thumbnailUrl":"https:\/\/www.kirche-hettenhausen.de\/site\/wp-content\/uploads\/2020\/04\/IMG-20200409-WA0006.jpg","datePublished":"2021-02-17T22:23:26+00:00","dateModified":"2021-07-23T20:25:21+00:00","description":"Ev.-luth. Kirchengemeinde Hettenhausen - Dalherda - Gottesdienst \"Gründonnerstag\"","breadcrumb":{"@id":"https:\/\/www.kirche-hettenhausen.de\/site\/events\/gottesdienst-gruendonnerstag\/#breadcrumb"},"inLanguage":"de","potentialAction":[{"@type":"ReadAction","target":["https:\/\/www.kirche-hettenhausen.de\/site\/events\/gottesdienst-gruendonnerstag\/"]}]},{"@type":"ImageObject","inLanguage":"de","@id":"https:\/\/www.kirche-hettenhausen.de\/site\/events\/gottesdienst-gruendonnerstag\/#primaryimage","url":"https:\/\/www.kirche-hettenhausen.de\/site\/wp-content\/uploads\/2020\/04\/IMG-20200409-WA0006.jpg","contentUrl":"https:\/\/www.kirche-hettenhausen.de\/site\/wp-content\/uploads\/2020\/04\/IMG-20200409-WA0006.jpg","width":1200,"height":1600,"caption":"Ev.-luth. Pfarrkirche St. Georg Hettenhausen"},{"@type":"BreadcrumbList","@id":"https:\/\/www.kirche-hettenhausen.de\/site\/events\/gottesdienst-gruendonnerstag\/#breadcrumb","itemListElement":[{"@type":"ListItem","position":1,"name":"Startseite","item":"https:\/\/www.kirche-hettenhausen.de\/site\/"},{"@type":"ListItem","position":2,"name":"Veranstaltungen","item":"https:\/\/www.kirche-hettenhausen.de\/site\/events\/"},{"@type":"ListItem","position":3,"name":"Gottesdienst &#8222;Gründonnerstag&#8220;"}]},{"@type":"WebSite","@id":"https:\/\/www.kirche-hettenhausen.de\/site\/#website","url":"https:\/\/www.kirche-hettenhausen.de\/site\/","name":"Ev.-luth. Kirchengemeinde Hettenhausen - Dalherda","description":"Homepage der Ev.-luth. Kirchengemeinde Hettenhausen - Dalherda","potentialAction":[{"@type":"SearchAction","target":{"@type":"EntryPoint","urlTemplate":"https:\/\/www.kirche-hettenhausen.de\/site\/?s={search_term_string}"},"query-input":{"@type":"PropertyValueSpecification","valueRequired":true,"valueName":"search_term_string"}}],"inLanguage":"de"}]}</script>
<!-- / Yoast SEO plugin. -->

Gottesdienst "Gründonnerstag" - Ev.-luth. Kirchengemeinde Hettenhausen - Dalherda

Ev.-luth. Kirchengemeinde Hettenhausen - Dalherda - Gottesdienst "Gründonnerstag"
