{"id":13004,"date":"2023-03-09T21:55:12","date_gmt":"2023-03-09T20:55:12","guid":{"rendered":"https:\/\/kirche-hettenhausen.de\/site\/?post_type=mec-events&#038;p=13004"},"modified":"2023-03-09T22:01:18","modified_gmt":"2023-03-09T21:01:18","slug":"reise-segen-am-himmelszelt-967","status":"publish","type":"mec-events","link":"https:\/\/www.kirche-hettenhausen.de\/site\/events\/reise-segen-am-himmelszelt-967\/","title":{"rendered":"Be(e)t-Zeit am Himmelszelt"},"content":{"rendered":"<div class=\"details__teaser\">Gedanken zum Mittag<\/div>\n<div class=\"details__program\">\n<p>Mittags um 12:00 Uhr l\u00e4dt die Evangelische Kirche zu einer 20-min\u00fctigen Andacht mit Musik und Gesang am Himmelszelt ein. Das Himmelszelt ist ein besonderer Ort zum Ausruhen und Aufbl\u00fchen mitten in der Natur. Die t\u00e4gliche Andacht besch\u00e4ftigt sich auf je eigene Weise mit dem Motto: \u201eDa bl\u00fche ich auf\u201c. In den 23 Wochenthemen wird dabei gefragt: Wo bl\u00fche ich auf? Was gibt mir Kraft? Das kann Familie, Sport, Musik, Heimwerken oder vieles andere sein. Lassen Sie sich \u00fcberraschen von der F\u00fclle an M\u00f6glichkeiten.<\/p>\n<\/div>\n","protected":false},"excerpt":{"rendered":"<p>Gedanken zum Mittag Mittags um 12:00 Uhr l\u00e4dt die Evangelische Kirche zu einer 20-min\u00fctigen Andacht mit Musik und Gesang am Himmelszelt ein. Das Himmelszelt ist ein besonderer Ort zum Ausruhen und Aufbl\u00fchen mitten in der Natur. Die t\u00e4gliche Andacht besch\u00e4ftigt sich auf je eigene Weise mit dem Motto: \u201eDa bl\u00fche ich auf\u201c. In den 23 [&hellip;]<\/p>\n","protected":false},"author":2,"featured_media":12797,"comment_status":"closed","ping_status":"closed","template":"","tags":[33,196,98],"mec_category":[109,202],"class_list":["post-13004","mec-events","type-mec-events","status-publish","has-post-thumbnail","hentry","tag-gottesdienst","tag-landesgartenschau-2023","tag-landeskirche","mec_category-gottesdienst","mec_category-landesgartenschau-2023"],"yoast_head":"<!-- This site is optimized with the Yoast SEO plugin v27.4 - https:\/\/yoast.com\/product\/yoast-seo-wordpress\/ -->\n<title>Be(e)t-Zeit am Himmelszelt - Ev.-luth. Kirchengemeinde Hettenhausen - Dalherda<\/title>\n<meta name=\"description\" content=\"Ev.-luth. Kirchengemeinde Hettenhausen - Dalherda - Be(e)t-Zeit am Himmelszelt -\" \/>\n<meta name=\"robots\" content=\"index, follow, max-snippet:-1, max-image-preview:large, max-video-preview:-1\" \/>\n<link rel=\"canonical\" href=\"https:\/\/www.kirche-hettenhausen.de\/site\/events\/reise-segen-am-himmelszelt-967\/\" \/>\n<meta property=\"og:locale\" content=\"de_DE\" \/>\n<meta property=\"og:type\" content=\"article\" \/>\n<meta property=\"og:title\" content=\"Be(e)t-Zeit am Himmelszelt - Ev.-luth. Kirchengemeinde Hettenhausen - Dalherda\" \/>\n<meta property=\"og:description\" content=\"Ev.-luth. Kirchengemeinde Hettenhausen - Dalherda - Be(e)t-Zeit am Himmelszelt -\" \/>\n<meta property=\"og:url\" content=\"https:\/\/www.kirche-hettenhausen.de\/site\/events\/reise-segen-am-himmelszelt-967\/\" \/>\n<meta property=\"og:site_name\" content=\"Ev.-luth. Kirchengemeinde Hettenhausen - Dalherda\" \/>\n<meta property=\"article:modified_time\" content=\"2023-03-09T21:01:18+00:00\" \/>\n<meta property=\"og:image\" content=\"https:\/\/www.kirche-hettenhausen.de\/site\/wp-content\/uploads\/2023\/01\/221102_himmelszelt.jpg\" \/>\n\t<meta property=\"og:image:width\" content=\"1274\" \/>\n\t<meta property=\"og:image:height\" content=\"1371\" \/>\n\t<meta property=\"og:image:type\" content=\"image\/jpeg\" \/>\n<meta name=\"twitter:card\" content=\"summary_large_image\" \/>\n<meta name=\"twitter:label1\" content=\"Gesch\u00e4tzte Lesezeit\" \/>\n\t<meta name=\"twitter:data1\" content=\"1\u00a0Minute\" \/>\n<script type=\"application\/ld+json\" class=\"yoast-schema-graph\">{\"@context\":\"https:\\\/\\\/schema.org\",\"@graph\":[{\"@type\":\"WebPage\",\"@id\":\"https:\\\/\\\/www.kirche-hettenhausen.de\\\/site\\\/events\\\/reise-segen-am-himmelszelt-967\\\/\",\"url\":\"https:\\\/\\\/www.kirche-hettenhausen.de\\\/site\\\/events\\\/reise-segen-am-himmelszelt-967\\\/\",\"name\":\"Be(e)t-Zeit am Himmelszelt - Ev.-luth. Kirchengemeinde Hettenhausen - Dalherda\",\"isPartOf\":{\"@id\":\"https:\\\/\\\/www.kirche-hettenhausen.de\\\/site\\\/#website\"},\"primaryImageOfPage\":{\"@id\":\"https:\\\/\\\/www.kirche-hettenhausen.de\\\/site\\\/events\\\/reise-segen-am-himmelszelt-967\\\/#primaryimage\"},\"image\":{\"@id\":\"https:\\\/\\\/www.kirche-hettenhausen.de\\\/site\\\/events\\\/reise-segen-am-himmelszelt-967\\\/#primaryimage\"},\"thumbnailUrl\":\"https:\\\/\\\/www.kirche-hettenhausen.de\\\/site\\\/wp-content\\\/uploads\\\/2023\\\/01\\\/221102_himmelszelt.jpg\",\"datePublished\":\"2023-03-09T20:55:12+00:00\",\"dateModified\":\"2023-03-09T21:01:18+00:00\",\"description\":\"Ev.-luth. Kirchengemeinde Hettenhausen - Dalherda - Be(e)t-Zeit am Himmelszelt -\",\"breadcrumb\":{\"@id\":\"https:\\\/\\\/www.kirche-hettenhausen.de\\\/site\\\/events\\\/reise-segen-am-himmelszelt-967\\\/#breadcrumb\"},\"inLanguage\":\"de\",\"potentialAction\":[{\"@type\":\"ReadAction\",\"target\":[\"https:\\\/\\\/www.kirche-hettenhausen.de\\\/site\\\/events\\\/reise-segen-am-himmelszelt-967\\\/\"]}]},{\"@type\":\"ImageObject\",\"inLanguage\":\"de\",\"@id\":\"https:\\\/\\\/www.kirche-hettenhausen.de\\\/site\\\/events\\\/reise-segen-am-himmelszelt-967\\\/#primaryimage\",\"url\":\"https:\\\/\\\/www.kirche-hettenhausen.de\\\/site\\\/wp-content\\\/uploads\\\/2023\\\/01\\\/221102_himmelszelt.jpg\",\"contentUrl\":\"https:\\\/\\\/www.kirche-hettenhausen.de\\\/site\\\/wp-content\\\/uploads\\\/2023\\\/01\\\/221102_himmelszelt.jpg\",\"width\":1274,\"height\":1371,\"caption\":\"Himmelszelt Landesgartenschau\"},{\"@type\":\"BreadcrumbList\",\"@id\":\"https:\\\/\\\/www.kirche-hettenhausen.de\\\/site\\\/events\\\/reise-segen-am-himmelszelt-967\\\/#breadcrumb\",\"itemListElement\":[{\"@type\":\"ListItem\",\"position\":1,\"name\":\"Startseite\",\"item\":\"https:\\\/\\\/www.kirche-hettenhausen.de\\\/site\\\/\"},{\"@type\":\"ListItem\",\"position\":2,\"name\":\"Veranstaltungen\",\"item\":\"https:\\\/\\\/www.kirche-hettenhausen.de\\\/site\\\/events\\\/\"},{\"@type\":\"ListItem\",\"position\":3,\"name\":\"Be(e)t-Zeit am Himmelszelt\"}]},{\"@type\":\"WebSite\",\"@id\":\"https:\\\/\\\/www.kirche-hettenhausen.de\\\/site\\\/#website\",\"url\":\"https:\\\/\\\/www.kirche-hettenhausen.de\\\/site\\\/\",\"name\":\"Ev.-luth. Kirchengemeinde Hettenhausen - Dalherda\",\"description\":\"Homepage der Ev.-luth. Kirchengemeinde Hettenhausen - Dalherda\",\"potentialAction\":[{\"@type\":\"SearchAction\",\"target\":{\"@type\":\"EntryPoint\",\"urlTemplate\":\"https:\\\/\\\/www.kirche-hettenhausen.de\\\/site\\\/?s={search_term_string}\"},\"query-input\":{\"@type\":\"PropertyValueSpecification\",\"valueRequired\":true,\"valueName\":\"search_term_string\"}}],\"inLanguage\":\"de\"}]}<\/script>\n<!-- \/ Yoast SEO plugin. -->","yoast_head_json":{"title":"Be(e)t-Zeit am Himmelszelt - Ev.-luth. Kirchengemeinde Hettenhausen - Dalherda","description":"Ev.-luth. Kirchengemeinde Hettenhausen - Dalherda - Be(e)t-Zeit am Himmelszelt -","robots":{"index":"index","follow":"follow","max-snippet":"max-snippet:-1","max-image-preview":"max-image-preview:large","max-video-preview":"max-video-preview:-1"},"canonical":"https:\/\/www.kirche-hettenhausen.de\/site\/events\/reise-segen-am-himmelszelt-967\/","og_locale":"de_DE","og_type":"article","og_title":"Be(e)t-Zeit am Himmelszelt - Ev.-luth. Kirchengemeinde Hettenhausen - Dalherda","og_description":"Ev.-luth. Kirchengemeinde Hettenhausen - Dalherda - Be(e)t-Zeit am Himmelszelt -","og_url":"https:\/\/www.kirche-hettenhausen.de\/site\/events\/reise-segen-am-himmelszelt-967\/","og_site_name":"Ev.-luth. Kirchengemeinde Hettenhausen - Dalherda","article_modified_time":"2023-03-09T21:01:18+00:00","og_image":[{"width":1274,"height":1371,"url":"https:\/\/www.kirche-hettenhausen.de\/site\/wp-content\/uploads\/2023\/01\/221102_himmelszelt.jpg","type":"image\/jpeg"}],"twitter_card":"summary_large_image","twitter_misc":{"Gesch\u00e4tzte Lesezeit":"1\u00a0Minute"},"schema":{"@context":"https:\/\/schema.org","@graph":[{"@type":"WebPage","@id":"https:\/\/www.kirche-hettenhausen.de\/site\/events\/reise-segen-am-himmelszelt-967\/","url":"https:\/\/www.kirche-hettenhausen.de\/site\/events\/reise-segen-am-himmelszelt-967\/","name":"Be(e)t-Zeit am Himmelszelt - Ev.-luth. Kirchengemeinde Hettenhausen - Dalherda","isPartOf":{"@id":"https:\/\/www.kirche-hettenhausen.de\/site\/#website"},"primaryImageOfPage":{"@id":"https:\/\/www.kirche-hettenhausen.de\/site\/events\/reise-segen-am-himmelszelt-967\/#primaryimage"},"image":{"@id":"https:\/\/www.kirche-hettenhausen.de\/site\/events\/reise-segen-am-himmelszelt-967\/#primaryimage"},"thumbnailUrl":"https:\/\/www.kirche-hettenhausen.de\/site\/wp-content\/uploads\/2023\/01\/221102_himmelszelt.jpg","datePublished":"2023-03-09T20:55:12+00:00","dateModified":"2023-03-09T21:01:18+00:00","description":"Ev.-luth. Kirchengemeinde Hettenhausen - Dalherda - Be(e)t-Zeit am Himmelszelt -","breadcrumb":{"@id":"https:\/\/www.kirche-hettenhausen.de\/site\/events\/reise-segen-am-himmelszelt-967\/#breadcrumb"},"inLanguage":"de","potentialAction":[{"@type":"ReadAction","target":["https:\/\/www.kirche-hettenhausen.de\/site\/events\/reise-segen-am-himmelszelt-967\/"]}]},{"@type":"ImageObject","inLanguage":"de","@id":"https:\/\/www.kirche-hettenhausen.de\/site\/events\/reise-segen-am-himmelszelt-967\/#primaryimage","url":"https:\/\/www.kirche-hettenhausen.de\/site\/wp-content\/uploads\/2023\/01\/221102_himmelszelt.jpg","contentUrl":"https:\/\/www.kirche-hettenhausen.de\/site\/wp-content\/uploads\/2023\/01\/221102_himmelszelt.jpg","width":1274,"height":1371,"caption":"Himmelszelt Landesgartenschau"},{"@type":"BreadcrumbList","@id":"https:\/\/www.kirche-hettenhausen.de\/site\/events\/reise-segen-am-himmelszelt-967\/#breadcrumb","itemListElement":[{"@type":"ListItem","position":1,"name":"Startseite","item":"https:\/\/www.kirche-hettenhausen.de\/site\/"},{"@type":"ListItem","position":2,"name":"Veranstaltungen","item":"https:\/\/www.kirche-hettenhausen.de\/site\/events\/"},{"@type":"ListItem","position":3,"name":"Be(e)t-Zeit am Himmelszelt"}]},{"@type":"WebSite","@id":"https:\/\/www.kirche-hettenhausen.de\/site\/#website","url":"https:\/\/www.kirche-hettenhausen.de\/site\/","name":"Ev.-luth. Kirchengemeinde Hettenhausen - Dalherda","description":"Homepage der Ev.-luth. Kirchengemeinde Hettenhausen - Dalherda","potentialAction":[{"@type":"SearchAction","target":{"@type":"EntryPoint","urlTemplate":"https:\/\/www.kirche-hettenhausen.de\/site\/?s={search_term_string}"},"query-input":{"@type":"PropertyValueSpecification","valueRequired":true,"valueName":"search_term_string"}}],"inLanguage":"de"}]}},"_links":{"self":[{"href":"https:\/\/www.kirche-hettenhausen.de\/site\/wp-json\/wp\/v2\/mec-events\/13004","targetHints":{"allow":["GET"]}}],"collection":[{"href":"https:\/\/www.kirche-hettenhausen.de\/site\/wp-json\/wp\/v2\/mec-events"}],"about":[{"href":"https:\/\/www.kirche-hettenhausen.de\/site\/wp-json\/wp\/v2\/types\/mec-events"}],"author":[{"embeddable":true,"href":"https:\/\/www.kirche-hettenhausen.de\/site\/wp-json\/wp\/v2\/users\/2"}],"replies":[{"embeddable":true,"href":"https:\/\/www.kirche-hettenhausen.de\/site\/wp-json\/wp\/v2\/comments?post=13004"}],"wp:featuredmedia":[{"embeddable":true,"href":"https:\/\/www.kirche-hettenhausen.de\/site\/wp-json\/wp\/v2\/media\/12797"}],"wp:attachment":[{"href":"https:\/\/www.kirche-hettenhausen.de\/site\/wp-json\/wp\/v2\/media?parent=13004"}],"wp:term":[{"taxonomy":"post_tag","embeddable":true,"href":"https:\/\/www.kirche-hettenhausen.de\/site\/wp-json\/wp\/v2\/tags?post=13004"},{"taxonomy":"mec_category","embeddable":true,"href":"https:\/\/www.kirche-hettenhausen.de\/site\/wp-json\/wp\/v2\/mec_category?post=13004"}],"curies":[{"name":"wp","href":"https:\/\/api.w.org\/{rel}","templated":true}]}}

<div class="details__teaser">Gedanken zum Mittag</div>
<div class="details__program">
<p>Mittags um 12:00 Uhr lädt die Evangelische Kirche zu einer 20-minütigen Andacht mit Musik und Gesang am Himmelszelt ein. Das Himmelszelt ist ein besonderer Ort zum Ausruhen und Aufblühen mitten in der Natur. Die tägliche Andacht beschäftigt sich auf je eigene Weise mit dem Motto: „Da blühe ich auf“. In den 23 Wochenthemen wird dabei gefragt: Wo blühe ich auf? Was gibt mir Kraft? Das kann Familie, Sport, Musik, Heimwerken oder vieles andere sein. Lassen Sie sich überraschen von der Fülle an Möglichkeiten.</p>
</div>

<p>Gedanken zum Mittag Mittags um 12:00 Uhr lädt die Evangelische Kirche zu einer 20-minütigen Andacht mit Musik und Gesang am Himmelszelt ein. Das Himmelszelt ist ein besonderer Ort zum Ausruhen und Aufblühen mitten in der Natur. Die tägliche Andacht beschäftigt sich auf je eigene Weise mit dem Motto: „Da blühe ich auf“. In den 23 [&hellip;]</p>

<!-- This site is optimized with the Yoast SEO plugin v27.4 - https://yoast.com/product/yoast-seo-wordpress/ -->
<title>Be(e)t-Zeit am Himmelszelt - Ev.-luth. Kirchengemeinde Hettenhausen - Dalherda</title>
<meta name="description" content="Ev.-luth. Kirchengemeinde Hettenhausen - Dalherda - Be(e)t-Zeit am Himmelszelt -" />
<meta name="robots" content="index, follow, max-snippet:-1, max-image-preview:large, max-video-preview:-1" />
<link rel="canonical" href="https://www.kirche-hettenhausen.de/site/events/reise-segen-am-himmelszelt-967/" />
<meta property="og:locale" content="de_DE" />
<meta property="og:type" content="article" />
<meta property="og:title" content="Be(e)t-Zeit am Himmelszelt - Ev.-luth. Kirchengemeinde Hettenhausen - Dalherda" />
<meta property="og:description" content="Ev.-luth. Kirchengemeinde Hettenhausen - Dalherda - Be(e)t-Zeit am Himmelszelt -" />
<meta property="og:url" content="https://www.kirche-hettenhausen.de/site/events/reise-segen-am-himmelszelt-967/" />
<meta property="og:site_name" content="Ev.-luth. Kirchengemeinde Hettenhausen - Dalherda" />
<meta property="article:modified_time" content="2023-03-09T21:01:18+00:00" />
<meta property="og:image" content="https://www.kirche-hettenhausen.de/site/wp-content/uploads/2023/01/221102_himmelszelt.jpg" />
	<meta property="og:image:width" content="1274" />
	<meta property="og:image:height" content="1371" />
	<meta property="og:image:type" content="image/jpeg" />
<meta name="twitter:card" content="summary_large_image" />
<meta name="twitter:label1" content="Geschätzte Lesezeit" />
	<meta name="twitter:data1" content="1 Minute" />
<script type="application/ld+json" class="yoast-schema-graph">{"@context":"https:\/\/schema.org","@graph":[{"@type":"WebPage","@id":"https:\/\/www.kirche-hettenhausen.de\/site\/events\/reise-segen-am-himmelszelt-967\/","url":"https:\/\/www.kirche-hettenhausen.de\/site\/events\/reise-segen-am-himmelszelt-967\/","name":"Be(e)t-Zeit am Himmelszelt - Ev.-luth. Kirchengemeinde Hettenhausen - Dalherda","isPartOf":{"@id":"https:\/\/www.kirche-hettenhausen.de\/site\/#website"},"primaryImageOfPage":{"@id":"https:\/\/www.kirche-hettenhausen.de\/site\/events\/reise-segen-am-himmelszelt-967\/#primaryimage"},"image":{"@id":"https:\/\/www.kirche-hettenhausen.de\/site\/events\/reise-segen-am-himmelszelt-967\/#primaryimage"},"thumbnailUrl":"https:\/\/www.kirche-hettenhausen.de\/site\/wp-content\/uploads\/2023\/01\/221102_himmelszelt.jpg","datePublished":"2023-03-09T20:55:12+00:00","dateModified":"2023-03-09T21:01:18+00:00","description":"Ev.-luth. Kirchengemeinde Hettenhausen - Dalherda - Be(e)t-Zeit am Himmelszelt -","breadcrumb":{"@id":"https:\/\/www.kirche-hettenhausen.de\/site\/events\/reise-segen-am-himmelszelt-967\/#breadcrumb"},"inLanguage":"de","potentialAction":[{"@type":"ReadAction","target":["https:\/\/www.kirche-hettenhausen.de\/site\/events\/reise-segen-am-himmelszelt-967\/"]}]},{"@type":"ImageObject","inLanguage":"de","@id":"https:\/\/www.kirche-hettenhausen.de\/site\/events\/reise-segen-am-himmelszelt-967\/#primaryimage","url":"https:\/\/www.kirche-hettenhausen.de\/site\/wp-content\/uploads\/2023\/01\/221102_himmelszelt.jpg","contentUrl":"https:\/\/www.kirche-hettenhausen.de\/site\/wp-content\/uploads\/2023\/01\/221102_himmelszelt.jpg","width":1274,"height":1371,"caption":"Himmelszelt Landesgartenschau"},{"@type":"BreadcrumbList","@id":"https:\/\/www.kirche-hettenhausen.de\/site\/events\/reise-segen-am-himmelszelt-967\/#breadcrumb","itemListElement":[{"@type":"ListItem","position":1,"name":"Startseite","item":"https:\/\/www.kirche-hettenhausen.de\/site\/"},{"@type":"ListItem","position":2,"name":"Veranstaltungen","item":"https:\/\/www.kirche-hettenhausen.de\/site\/events\/"},{"@type":"ListItem","position":3,"name":"Be(e)t-Zeit am Himmelszelt"}]},{"@type":"WebSite","@id":"https:\/\/www.kirche-hettenhausen.de\/site\/#website","url":"https:\/\/www.kirche-hettenhausen.de\/site\/","name":"Ev.-luth. Kirchengemeinde Hettenhausen - Dalherda","description":"Homepage der Ev.-luth. Kirchengemeinde Hettenhausen - Dalherda","potentialAction":[{"@type":"SearchAction","target":{"@type":"EntryPoint","urlTemplate":"https:\/\/www.kirche-hettenhausen.de\/site\/?s={search_term_string}"},"query-input":{"@type":"PropertyValueSpecification","valueRequired":true,"valueName":"search_term_string"}}],"inLanguage":"de"}]}</script>
<!-- / Yoast SEO plugin. -->
