{"id":12791,"date":"2023-01-16T22:33:52","date_gmt":"2023-01-16T21:33:52","guid":{"rendered":"https:\/\/kirche-hettenhausen.de\/site\/?post_type=mec-events&#038;p=12791"},"modified":"2023-03-14T22:29:59","modified_gmt":"2023-03-14T21:29:59","slug":"bob-dylan-konzert-gottesdienst","status":"publish","type":"mec-events","link":"https:\/\/www.kirche-hettenhausen.de\/site\/events\/bob-dylan-konzert-gottesdienst\/","title":{"rendered":"Bob Dylan-Konzert-Gottesdienst"},"content":{"rendered":"<p class=\"xmsonormal\"><span style=\"font-size: 14.0pt;\">Ein Bob Dylan-Konzert-Gottesdienst unter freiem Himmel ist ein ganz besonderes Angebot der Evangelischen Kirche auf der Landesgartenschau. <\/span><\/p>\n<p class=\"xmsonormal\"><span style=\"font-size: 14.0pt;\">Musiker Manfred Klink, der in Usingen lebt, aber aus Fulda stammt, wird einige von Dylans bekanntesten Lieder unterm Himmelzelt erklingen lassen. Er vermag dies mit virtuosen Gitarrenkl\u00e4ngen und einf\u00fchlsamem Gesang darzubieten.\u00a0 <\/span><\/p>\n<p class=\"xmsonormal\"><span style=\"font-size: 14.0pt;\">Die passenden Texte und Gedanken dazu spricht Pfarrer Frank Nico Jaeger aus Bad Hersfeld. Jaeger ist ein passionierter Dylan-Fan und sch\u00e4tzt nicht nur dessen Melodien, sondern vor allem die gro\u00dfartigen poetischen Texte des Literaturnobelpreistr\u00e4gers, die sich hervorragend f\u00fcr einen Konzertgottesdienst eignen.<\/span><\/p>\n","protected":false},"excerpt":{"rendered":"<p>Ein Bob Dylan-Konzert-Gottesdienst unter freiem Himmel ist ein ganz besonderes Angebot der Evangelischen Kirche auf der Landesgartenschau. Musiker Manfred Klink, der in Usingen lebt, aber aus Fulda stammt, wird einige von Dylans bekanntesten Lieder unterm Himmelzelt erklingen lassen. Er vermag dies mit virtuosen Gitarrenkl\u00e4ngen und einf\u00fchlsamem Gesang darzubieten.\u00a0 Die passenden Texte und Gedanken dazu spricht [&hellip;]<\/p>\n","protected":false},"author":2,"featured_media":13015,"comment_status":"closed","ping_status":"closed","template":"","tags":[33,196,98,36,67],"mec_category":[109,202,139],"class_list":["post-12791","mec-events","type-mec-events","status-publish","has-post-thumbnail","hentry","tag-gottesdienst","tag-landesgartenschau-2023","tag-landeskirche","tag-musik","tag-singen","mec_category-gottesdienst","mec_category-landesgartenschau-2023","mec_category-veranstaltungen-feste"],"yoast_head":"<!-- This site is optimized with the Yoast SEO plugin v27.4 - https:\/\/yoast.com\/product\/yoast-seo-wordpress\/ -->\n<title>Bob Dylan-Konzert-Gottesdienst - Ev.-luth. Kirchengemeinde Hettenhausen - Dalherda<\/title>\n<meta name=\"description\" content=\"Ev.-luth. Kirchengemeinde Hettenhausen - Dalherda - Bob Dylan-Konzert-Gottesdienst -\" \/>\n<meta name=\"robots\" content=\"index, follow, max-snippet:-1, max-image-preview:large, max-video-preview:-1\" \/>\n<link rel=\"canonical\" href=\"https:\/\/www.kirche-hettenhausen.de\/site\/events\/bob-dylan-konzert-gottesdienst\/\" \/>\n<meta property=\"og:locale\" content=\"de_DE\" \/>\n<meta property=\"og:type\" content=\"article\" \/>\n<meta property=\"og:title\" content=\"Bob Dylan-Konzert-Gottesdienst - Ev.-luth. Kirchengemeinde Hettenhausen - Dalherda\" \/>\n<meta property=\"og:description\" content=\"Ev.-luth. Kirchengemeinde Hettenhausen - Dalherda - Bob Dylan-Konzert-Gottesdienst -\" \/>\n<meta property=\"og:url\" content=\"https:\/\/www.kirche-hettenhausen.de\/site\/events\/bob-dylan-konzert-gottesdienst\/\" \/>\n<meta property=\"og:site_name\" content=\"Ev.-luth. Kirchengemeinde Hettenhausen - Dalherda\" \/>\n<meta property=\"article:modified_time\" content=\"2023-03-14T21:29:59+00:00\" \/>\n<meta property=\"og:image\" content=\"https:\/\/www.kirche-hettenhausen.de\/site\/wp-content\/uploads\/2023\/03\/2023_LGS_EKKW_BobDylanKonzertGottesdienst_01-05.jpg\" \/>\n\t<meta property=\"og:image:width\" content=\"1389\" \/>\n\t<meta property=\"og:image:height\" content=\"855\" \/>\n\t<meta property=\"og:image:type\" content=\"image\/jpeg\" \/>\n<meta name=\"twitter:card\" content=\"summary_large_image\" \/>\n<meta name=\"twitter:label1\" content=\"Gesch\u00e4tzte Lesezeit\" \/>\n\t<meta name=\"twitter:data1\" content=\"1\u00a0Minute\" \/>\n<script type=\"application\/ld+json\" class=\"yoast-schema-graph\">{\"@context\":\"https:\\\/\\\/schema.org\",\"@graph\":[{\"@type\":\"WebPage\",\"@id\":\"https:\\\/\\\/www.kirche-hettenhausen.de\\\/site\\\/events\\\/bob-dylan-konzert-gottesdienst\\\/\",\"url\":\"https:\\\/\\\/www.kirche-hettenhausen.de\\\/site\\\/events\\\/bob-dylan-konzert-gottesdienst\\\/\",\"name\":\"Bob Dylan-Konzert-Gottesdienst - Ev.-luth. Kirchengemeinde Hettenhausen - Dalherda\",\"isPartOf\":{\"@id\":\"https:\\\/\\\/www.kirche-hettenhausen.de\\\/site\\\/#website\"},\"primaryImageOfPage\":{\"@id\":\"https:\\\/\\\/www.kirche-hettenhausen.de\\\/site\\\/events\\\/bob-dylan-konzert-gottesdienst\\\/#primaryimage\"},\"image\":{\"@id\":\"https:\\\/\\\/www.kirche-hettenhausen.de\\\/site\\\/events\\\/bob-dylan-konzert-gottesdienst\\\/#primaryimage\"},\"thumbnailUrl\":\"https:\\\/\\\/www.kirche-hettenhausen.de\\\/site\\\/wp-content\\\/uploads\\\/2023\\\/03\\\/2023_LGS_EKKW_BobDylanKonzertGottesdienst_01-05.jpg\",\"datePublished\":\"2023-01-16T21:33:52+00:00\",\"dateModified\":\"2023-03-14T21:29:59+00:00\",\"description\":\"Ev.-luth. Kirchengemeinde Hettenhausen - Dalherda - Bob Dylan-Konzert-Gottesdienst -\",\"breadcrumb\":{\"@id\":\"https:\\\/\\\/www.kirche-hettenhausen.de\\\/site\\\/events\\\/bob-dylan-konzert-gottesdienst\\\/#breadcrumb\"},\"inLanguage\":\"de\",\"potentialAction\":[{\"@type\":\"ReadAction\",\"target\":[\"https:\\\/\\\/www.kirche-hettenhausen.de\\\/site\\\/events\\\/bob-dylan-konzert-gottesdienst\\\/\"]}]},{\"@type\":\"ImageObject\",\"inLanguage\":\"de\",\"@id\":\"https:\\\/\\\/www.kirche-hettenhausen.de\\\/site\\\/events\\\/bob-dylan-konzert-gottesdienst\\\/#primaryimage\",\"url\":\"https:\\\/\\\/www.kirche-hettenhausen.de\\\/site\\\/wp-content\\\/uploads\\\/2023\\\/03\\\/2023_LGS_EKKW_BobDylanKonzertGottesdienst_01-05.jpg\",\"contentUrl\":\"https:\\\/\\\/www.kirche-hettenhausen.de\\\/site\\\/wp-content\\\/uploads\\\/2023\\\/03\\\/2023_LGS_EKKW_BobDylanKonzertGottesdienst_01-05.jpg\",\"width\":1389,\"height\":855},{\"@type\":\"BreadcrumbList\",\"@id\":\"https:\\\/\\\/www.kirche-hettenhausen.de\\\/site\\\/events\\\/bob-dylan-konzert-gottesdienst\\\/#breadcrumb\",\"itemListElement\":[{\"@type\":\"ListItem\",\"position\":1,\"name\":\"Startseite\",\"item\":\"https:\\\/\\\/www.kirche-hettenhausen.de\\\/site\\\/\"},{\"@type\":\"ListItem\",\"position\":2,\"name\":\"Veranstaltungen\",\"item\":\"https:\\\/\\\/www.kirche-hettenhausen.de\\\/site\\\/events\\\/\"},{\"@type\":\"ListItem\",\"position\":3,\"name\":\"Bob Dylan-Konzert-Gottesdienst\"}]},{\"@type\":\"WebSite\",\"@id\":\"https:\\\/\\\/www.kirche-hettenhausen.de\\\/site\\\/#website\",\"url\":\"https:\\\/\\\/www.kirche-hettenhausen.de\\\/site\\\/\",\"name\":\"Ev.-luth. Kirchengemeinde Hettenhausen - Dalherda\",\"description\":\"Homepage der Ev.-luth. Kirchengemeinde Hettenhausen - Dalherda\",\"potentialAction\":[{\"@type\":\"SearchAction\",\"target\":{\"@type\":\"EntryPoint\",\"urlTemplate\":\"https:\\\/\\\/www.kirche-hettenhausen.de\\\/site\\\/?s={search_term_string}\"},\"query-input\":{\"@type\":\"PropertyValueSpecification\",\"valueRequired\":true,\"valueName\":\"search_term_string\"}}],\"inLanguage\":\"de\"}]}<\/script>\n<!-- \/ Yoast SEO plugin. -->","yoast_head_json":{"title":"Bob Dylan-Konzert-Gottesdienst - Ev.-luth. Kirchengemeinde Hettenhausen - Dalherda","description":"Ev.-luth. Kirchengemeinde Hettenhausen - Dalherda - Bob Dylan-Konzert-Gottesdienst -","robots":{"index":"index","follow":"follow","max-snippet":"max-snippet:-1","max-image-preview":"max-image-preview:large","max-video-preview":"max-video-preview:-1"},"canonical":"https:\/\/www.kirche-hettenhausen.de\/site\/events\/bob-dylan-konzert-gottesdienst\/","og_locale":"de_DE","og_type":"article","og_title":"Bob Dylan-Konzert-Gottesdienst - Ev.-luth. Kirchengemeinde Hettenhausen - Dalherda","og_description":"Ev.-luth. Kirchengemeinde Hettenhausen - Dalherda - Bob Dylan-Konzert-Gottesdienst -","og_url":"https:\/\/www.kirche-hettenhausen.de\/site\/events\/bob-dylan-konzert-gottesdienst\/","og_site_name":"Ev.-luth. Kirchengemeinde Hettenhausen - Dalherda","article_modified_time":"2023-03-14T21:29:59+00:00","og_image":[{"width":1389,"height":855,"url":"https:\/\/www.kirche-hettenhausen.de\/site\/wp-content\/uploads\/2023\/03\/2023_LGS_EKKW_BobDylanKonzertGottesdienst_01-05.jpg","type":"image\/jpeg"}],"twitter_card":"summary_large_image","twitter_misc":{"Gesch\u00e4tzte Lesezeit":"1\u00a0Minute"},"schema":{"@context":"https:\/\/schema.org","@graph":[{"@type":"WebPage","@id":"https:\/\/www.kirche-hettenhausen.de\/site\/events\/bob-dylan-konzert-gottesdienst\/","url":"https:\/\/www.kirche-hettenhausen.de\/site\/events\/bob-dylan-konzert-gottesdienst\/","name":"Bob Dylan-Konzert-Gottesdienst - Ev.-luth. Kirchengemeinde Hettenhausen - Dalherda","isPartOf":{"@id":"https:\/\/www.kirche-hettenhausen.de\/site\/#website"},"primaryImageOfPage":{"@id":"https:\/\/www.kirche-hettenhausen.de\/site\/events\/bob-dylan-konzert-gottesdienst\/#primaryimage"},"image":{"@id":"https:\/\/www.kirche-hettenhausen.de\/site\/events\/bob-dylan-konzert-gottesdienst\/#primaryimage"},"thumbnailUrl":"https:\/\/www.kirche-hettenhausen.de\/site\/wp-content\/uploads\/2023\/03\/2023_LGS_EKKW_BobDylanKonzertGottesdienst_01-05.jpg","datePublished":"2023-01-16T21:33:52+00:00","dateModified":"2023-03-14T21:29:59+00:00","description":"Ev.-luth. Kirchengemeinde Hettenhausen - Dalherda - Bob Dylan-Konzert-Gottesdienst -","breadcrumb":{"@id":"https:\/\/www.kirche-hettenhausen.de\/site\/events\/bob-dylan-konzert-gottesdienst\/#breadcrumb"},"inLanguage":"de","potentialAction":[{"@type":"ReadAction","target":["https:\/\/www.kirche-hettenhausen.de\/site\/events\/bob-dylan-konzert-gottesdienst\/"]}]},{"@type":"ImageObject","inLanguage":"de","@id":"https:\/\/www.kirche-hettenhausen.de\/site\/events\/bob-dylan-konzert-gottesdienst\/#primaryimage","url":"https:\/\/www.kirche-hettenhausen.de\/site\/wp-content\/uploads\/2023\/03\/2023_LGS_EKKW_BobDylanKonzertGottesdienst_01-05.jpg","contentUrl":"https:\/\/www.kirche-hettenhausen.de\/site\/wp-content\/uploads\/2023\/03\/2023_LGS_EKKW_BobDylanKonzertGottesdienst_01-05.jpg","width":1389,"height":855},{"@type":"BreadcrumbList","@id":"https:\/\/www.kirche-hettenhausen.de\/site\/events\/bob-dylan-konzert-gottesdienst\/#breadcrumb","itemListElement":[{"@type":"ListItem","position":1,"name":"Startseite","item":"https:\/\/www.kirche-hettenhausen.de\/site\/"},{"@type":"ListItem","position":2,"name":"Veranstaltungen","item":"https:\/\/www.kirche-hettenhausen.de\/site\/events\/"},{"@type":"ListItem","position":3,"name":"Bob Dylan-Konzert-Gottesdienst"}]},{"@type":"WebSite","@id":"https:\/\/www.kirche-hettenhausen.de\/site\/#website","url":"https:\/\/www.kirche-hettenhausen.de\/site\/","name":"Ev.-luth. Kirchengemeinde Hettenhausen - Dalherda","description":"Homepage der Ev.-luth. Kirchengemeinde Hettenhausen - Dalherda","potentialAction":[{"@type":"SearchAction","target":{"@type":"EntryPoint","urlTemplate":"https:\/\/www.kirche-hettenhausen.de\/site\/?s={search_term_string}"},"query-input":{"@type":"PropertyValueSpecification","valueRequired":true,"valueName":"search_term_string"}}],"inLanguage":"de"}]}},"_links":{"self":[{"href":"https:\/\/www.kirche-hettenhausen.de\/site\/wp-json\/wp\/v2\/mec-events\/12791","targetHints":{"allow":["GET"]}}],"collection":[{"href":"https:\/\/www.kirche-hettenhausen.de\/site\/wp-json\/wp\/v2\/mec-events"}],"about":[{"href":"https:\/\/www.kirche-hettenhausen.de\/site\/wp-json\/wp\/v2\/types\/mec-events"}],"author":[{"embeddable":true,"href":"https:\/\/www.kirche-hettenhausen.de\/site\/wp-json\/wp\/v2\/users\/2"}],"replies":[{"embeddable":true,"href":"https:\/\/www.kirche-hettenhausen.de\/site\/wp-json\/wp\/v2\/comments?post=12791"}],"wp:featuredmedia":[{"embeddable":true,"href":"https:\/\/www.kirche-hettenhausen.de\/site\/wp-json\/wp\/v2\/media\/13015"}],"wp:attachment":[{"href":"https:\/\/www.kirche-hettenhausen.de\/site\/wp-json\/wp\/v2\/media?parent=12791"}],"wp:term":[{"taxonomy":"post_tag","embeddable":true,"href":"https:\/\/www.kirche-hettenhausen.de\/site\/wp-json\/wp\/v2\/tags?post=12791"},{"taxonomy":"mec_category","embeddable":true,"href":"https:\/\/www.kirche-hettenhausen.de\/site\/wp-json\/wp\/v2\/mec_category?post=12791"}],"curies":[{"name":"wp","href":"https:\/\/api.w.org\/{rel}","templated":true}]}}

<p class="xmsonormal"><span style="font-size: 14.0pt;">Ein Bob Dylan-Konzert-Gottesdienst unter freiem Himmel ist ein ganz besonderes Angebot der Evangelischen Kirche auf der Landesgartenschau. </span></p>
<p class="xmsonormal"><span style="font-size: 14.0pt;">Musiker Manfred Klink, der in Usingen lebt, aber aus Fulda stammt, wird einige von Dylans bekanntesten Lieder unterm Himmelzelt erklingen lassen. Er vermag dies mit virtuosen Gitarrenklängen und einfühlsamem Gesang darzubieten.  </span></p>
<p class="xmsonormal"><span style="font-size: 14.0pt;">Die passenden Texte und Gedanken dazu spricht Pfarrer Frank Nico Jaeger aus Bad Hersfeld. Jaeger ist ein passionierter Dylan-Fan und schätzt nicht nur dessen Melodien, sondern vor allem die großartigen poetischen Texte des Literaturnobelpreisträgers, die sich hervorragend für einen Konzertgottesdienst eignen.</span></p>

<p>Ein Bob Dylan-Konzert-Gottesdienst unter freiem Himmel ist ein ganz besonderes Angebot der Evangelischen Kirche auf der Landesgartenschau. Musiker Manfred Klink, der in Usingen lebt, aber aus Fulda stammt, wird einige von Dylans bekanntesten Lieder unterm Himmelzelt erklingen lassen. Er vermag dies mit virtuosen Gitarrenklängen und einfühlsamem Gesang darzubieten.  Die passenden Texte und Gedanken dazu spricht [&hellip;]</p>

<!-- This site is optimized with the Yoast SEO plugin v27.4 - https://yoast.com/product/yoast-seo-wordpress/ -->
<title>Bob Dylan-Konzert-Gottesdienst - Ev.-luth. Kirchengemeinde Hettenhausen - Dalherda</title>
<meta name="description" content="Ev.-luth. Kirchengemeinde Hettenhausen - Dalherda - Bob Dylan-Konzert-Gottesdienst -" />
<meta name="robots" content="index, follow, max-snippet:-1, max-image-preview:large, max-video-preview:-1" />
<link rel="canonical" href="https://www.kirche-hettenhausen.de/site/events/bob-dylan-konzert-gottesdienst/" />
<meta property="og:locale" content="de_DE" />
<meta property="og:type" content="article" />
<meta property="og:title" content="Bob Dylan-Konzert-Gottesdienst - Ev.-luth. Kirchengemeinde Hettenhausen - Dalherda" />
<meta property="og:description" content="Ev.-luth. Kirchengemeinde Hettenhausen - Dalherda - Bob Dylan-Konzert-Gottesdienst -" />
<meta property="og:url" content="https://www.kirche-hettenhausen.de/site/events/bob-dylan-konzert-gottesdienst/" />
<meta property="og:site_name" content="Ev.-luth. Kirchengemeinde Hettenhausen - Dalherda" />
<meta property="article:modified_time" content="2023-03-14T21:29:59+00:00" />
<meta property="og:image" content="https://www.kirche-hettenhausen.de/site/wp-content/uploads/2023/03/2023_LGS_EKKW_BobDylanKonzertGottesdienst_01-05.jpg" />
	<meta property="og:image:width" content="1389" />
	<meta property="og:image:height" content="855" />
	<meta property="og:image:type" content="image/jpeg" />
<meta name="twitter:card" content="summary_large_image" />
<meta name="twitter:label1" content="Geschätzte Lesezeit" />
	<meta name="twitter:data1" content="1 Minute" />
<script type="application/ld+json" class="yoast-schema-graph">{"@context":"https:\/\/schema.org","@graph":[{"@type":"WebPage","@id":"https:\/\/www.kirche-hettenhausen.de\/site\/events\/bob-dylan-konzert-gottesdienst\/","url":"https:\/\/www.kirche-hettenhausen.de\/site\/events\/bob-dylan-konzert-gottesdienst\/","name":"Bob Dylan-Konzert-Gottesdienst - Ev.-luth. Kirchengemeinde Hettenhausen - Dalherda","isPartOf":{"@id":"https:\/\/www.kirche-hettenhausen.de\/site\/#website"},"primaryImageOfPage":{"@id":"https:\/\/www.kirche-hettenhausen.de\/site\/events\/bob-dylan-konzert-gottesdienst\/#primaryimage"},"image":{"@id":"https:\/\/www.kirche-hettenhausen.de\/site\/events\/bob-dylan-konzert-gottesdienst\/#primaryimage"},"thumbnailUrl":"https:\/\/www.kirche-hettenhausen.de\/site\/wp-content\/uploads\/2023\/03\/2023_LGS_EKKW_BobDylanKonzertGottesdienst_01-05.jpg","datePublished":"2023-01-16T21:33:52+00:00","dateModified":"2023-03-14T21:29:59+00:00","description":"Ev.-luth. Kirchengemeinde Hettenhausen - Dalherda - Bob Dylan-Konzert-Gottesdienst -","breadcrumb":{"@id":"https:\/\/www.kirche-hettenhausen.de\/site\/events\/bob-dylan-konzert-gottesdienst\/#breadcrumb"},"inLanguage":"de","potentialAction":[{"@type":"ReadAction","target":["https:\/\/www.kirche-hettenhausen.de\/site\/events\/bob-dylan-konzert-gottesdienst\/"]}]},{"@type":"ImageObject","inLanguage":"de","@id":"https:\/\/www.kirche-hettenhausen.de\/site\/events\/bob-dylan-konzert-gottesdienst\/#primaryimage","url":"https:\/\/www.kirche-hettenhausen.de\/site\/wp-content\/uploads\/2023\/03\/2023_LGS_EKKW_BobDylanKonzertGottesdienst_01-05.jpg","contentUrl":"https:\/\/www.kirche-hettenhausen.de\/site\/wp-content\/uploads\/2023\/03\/2023_LGS_EKKW_BobDylanKonzertGottesdienst_01-05.jpg","width":1389,"height":855},{"@type":"BreadcrumbList","@id":"https:\/\/www.kirche-hettenhausen.de\/site\/events\/bob-dylan-konzert-gottesdienst\/#breadcrumb","itemListElement":[{"@type":"ListItem","position":1,"name":"Startseite","item":"https:\/\/www.kirche-hettenhausen.de\/site\/"},{"@type":"ListItem","position":2,"name":"Veranstaltungen","item":"https:\/\/www.kirche-hettenhausen.de\/site\/events\/"},{"@type":"ListItem","position":3,"name":"Bob Dylan-Konzert-Gottesdienst"}]},{"@type":"WebSite","@id":"https:\/\/www.kirche-hettenhausen.de\/site\/#website","url":"https:\/\/www.kirche-hettenhausen.de\/site\/","name":"Ev.-luth. Kirchengemeinde Hettenhausen - Dalherda","description":"Homepage der Ev.-luth. Kirchengemeinde Hettenhausen - Dalherda","potentialAction":[{"@type":"SearchAction","target":{"@type":"EntryPoint","urlTemplate":"https:\/\/www.kirche-hettenhausen.de\/site\/?s={search_term_string}"},"query-input":{"@type":"PropertyValueSpecification","valueRequired":true,"valueName":"search_term_string"}}],"inLanguage":"de"}]}</script>
<!-- / Yoast SEO plugin. -->
