{"id":10932,"date":"2022-01-20T14:49:40","date_gmt":"2022-01-20T13:49:40","guid":{"rendered":"https:\/\/kirche-hettenhausen.de\/site\/?post_type=mec-events&#038;p=10932"},"modified":"2022-01-20T14:49:57","modified_gmt":"2022-01-20T13:49:57","slug":"gottesdienst-karfreitag-6","status":"publish","type":"mec-events","link":"https:\/\/www.kirche-hettenhausen.de\/site\/events\/gottesdienst-karfreitag-6\/","title":{"rendered":"Gottesdienst &#8222;Karfreitag&#8220;"},"content":{"rendered":"<p>Gottesdienste im Melanchthonhaus Poppenhausen feiern wir regelm\u00e4\u00dfig an Sonn- und Feiertagen.<\/p>\n<p><strong>Wichtig: Bitte beachten Sie die aktuell g\u00fcltigen Zugangs- und Hygieneregelungen, die momentan befolgt werden m\u00fcssen. Sie finden sie <a href=\"https:\/\/www.kirche-hettenhausen.de\/site\/2021\/12\/aktuelle-infos\/\">hier<\/a>. Weitere Infos entnehmen Sie bitte den aktuellen Ank\u00fcndigungen!<\/strong><\/p>\n<p>&nbsp;<\/p>\n<p>Der <strong>Karfreitag<\/strong> ist der Freitag vor Ostern. Er folgt auf den Gr\u00fcndonnerstag und geht dem Karsamstag voraus. Christen gedenken an diesem Tag des Leidens und Sterbens Jesu Christi am Kreuz. Der Karfreitag wird auch stiller Freitag oder hoher Freitag genannt.<\/p>\n<p>&nbsp;<\/p>\n<p><strong>Tagesspruch<\/strong><br \/>\nAlso hat Gott die Welt geliebt, dass er seinen eingeborenen Sohn gab, damit alle, die an ihn glauben, nicht verloren werden, sondern das ewige Leben haben. <em>(Joh 3,16)<\/em><\/p>\n","protected":false},"excerpt":{"rendered":"<p>Gottesdienste im Melanchthonhaus Poppenhausen feiern wir regelm\u00e4\u00dfig an Sonn- und Feiertagen. Wichtig: Bitte beachten Sie die aktuell g\u00fcltigen Zugangs- und Hygieneregelungen, die momentan befolgt werden m\u00fcssen. Sie finden sie hier. Weitere Infos entnehmen Sie bitte den aktuellen Ank\u00fcndigungen! &nbsp; Der Karfreitag ist der Freitag vor Ostern. Er folgt auf den Gr\u00fcndonnerstag und geht dem Karsamstag [&hellip;]<\/p>\n","protected":false},"author":2,"featured_media":7334,"comment_status":"closed","ping_status":"closed","template":"","tags":[33,44,103],"mec_category":[109,115],"class_list":["post-10932","mec-events","type-mec-events","status-publish","has-post-thumbnail","hentry","tag-gottesdienst","tag-ostern","tag-poppenhausen","mec_category-gottesdienst","mec_category-gottesdienst-poppenhausen"],"yoast_head":"<!-- This site is optimized with the Yoast SEO plugin v27.4 - https:\/\/yoast.com\/product\/yoast-seo-wordpress\/ -->\n<title>Gottesdienst &quot;Karfreitag&quot; - Ev.-luth. Kirchengemeinde Hettenhausen - Dalherda<\/title>\n<meta name=\"description\" content=\"Ev.-luth. Kirchengemeinde Hettenhausen - Dalherda - Gottesdienst &quot;Karfreitag&quot;\" \/>\n<meta name=\"robots\" content=\"index, follow, max-snippet:-1, max-image-preview:large, max-video-preview:-1\" \/>\n<link rel=\"canonical\" href=\"https:\/\/www.kirche-hettenhausen.de\/site\/events\/gottesdienst-karfreitag-6\/\" \/>\n<meta property=\"og:locale\" content=\"de_DE\" \/>\n<meta property=\"og:type\" content=\"article\" \/>\n<meta property=\"og:title\" content=\"Gottesdienst &quot;Karfreitag&quot; - Ev.-luth. Kirchengemeinde Hettenhausen - Dalherda\" \/>\n<meta property=\"og:description\" content=\"Ev.-luth. Kirchengemeinde Hettenhausen - Dalherda - Gottesdienst &quot;Karfreitag&quot;\" \/>\n<meta property=\"og:url\" content=\"https:\/\/www.kirche-hettenhausen.de\/site\/events\/gottesdienst-karfreitag-6\/\" \/>\n<meta property=\"og:site_name\" content=\"Ev.-luth. Kirchengemeinde Hettenhausen - Dalherda\" \/>\n<meta property=\"article:modified_time\" content=\"2022-01-20T13:49:57+00:00\" \/>\n<meta property=\"og:image\" content=\"https:\/\/www.kirche-hettenhausen.de\/site\/wp-content\/uploads\/2021\/01\/Melanchthonhaus-Poppenhausen_3.jpg\" \/>\n\t<meta property=\"og:image:width\" content=\"768\" \/>\n\t<meta property=\"og:image:height\" content=\"626\" \/>\n\t<meta property=\"og:image:type\" content=\"image\/jpeg\" \/>\n<meta name=\"twitter:card\" content=\"summary_large_image\" \/>\n<meta name=\"twitter:label1\" content=\"Gesch\u00e4tzte Lesezeit\" \/>\n\t<meta name=\"twitter:data1\" content=\"1\u00a0Minute\" \/>\n<script type=\"application\/ld+json\" class=\"yoast-schema-graph\">{\"@context\":\"https:\\\/\\\/schema.org\",\"@graph\":[{\"@type\":\"WebPage\",\"@id\":\"https:\\\/\\\/www.kirche-hettenhausen.de\\\/site\\\/events\\\/gottesdienst-karfreitag-6\\\/\",\"url\":\"https:\\\/\\\/www.kirche-hettenhausen.de\\\/site\\\/events\\\/gottesdienst-karfreitag-6\\\/\",\"name\":\"Gottesdienst \\\"Karfreitag\\\" - Ev.-luth. Kirchengemeinde Hettenhausen - Dalherda\",\"isPartOf\":{\"@id\":\"https:\\\/\\\/www.kirche-hettenhausen.de\\\/site\\\/#website\"},\"primaryImageOfPage\":{\"@id\":\"https:\\\/\\\/www.kirche-hettenhausen.de\\\/site\\\/events\\\/gottesdienst-karfreitag-6\\\/#primaryimage\"},\"image\":{\"@id\":\"https:\\\/\\\/www.kirche-hettenhausen.de\\\/site\\\/events\\\/gottesdienst-karfreitag-6\\\/#primaryimage\"},\"thumbnailUrl\":\"https:\\\/\\\/www.kirche-hettenhausen.de\\\/site\\\/wp-content\\\/uploads\\\/2021\\\/01\\\/Melanchthonhaus-Poppenhausen_3.jpg\",\"datePublished\":\"2022-01-20T13:49:40+00:00\",\"dateModified\":\"2022-01-20T13:49:57+00:00\",\"description\":\"Ev.-luth. Kirchengemeinde Hettenhausen - Dalherda - Gottesdienst \\\"Karfreitag\\\"\",\"breadcrumb\":{\"@id\":\"https:\\\/\\\/www.kirche-hettenhausen.de\\\/site\\\/events\\\/gottesdienst-karfreitag-6\\\/#breadcrumb\"},\"inLanguage\":\"de\",\"potentialAction\":[{\"@type\":\"ReadAction\",\"target\":[\"https:\\\/\\\/www.kirche-hettenhausen.de\\\/site\\\/events\\\/gottesdienst-karfreitag-6\\\/\"]}]},{\"@type\":\"ImageObject\",\"inLanguage\":\"de\",\"@id\":\"https:\\\/\\\/www.kirche-hettenhausen.de\\\/site\\\/events\\\/gottesdienst-karfreitag-6\\\/#primaryimage\",\"url\":\"https:\\\/\\\/www.kirche-hettenhausen.de\\\/site\\\/wp-content\\\/uploads\\\/2021\\\/01\\\/Melanchthonhaus-Poppenhausen_3.jpg\",\"contentUrl\":\"https:\\\/\\\/www.kirche-hettenhausen.de\\\/site\\\/wp-content\\\/uploads\\\/2021\\\/01\\\/Melanchthonhaus-Poppenhausen_3.jpg\",\"width\":768,\"height\":626,\"caption\":\"Melanchthonhaus Glockenturm\"},{\"@type\":\"BreadcrumbList\",\"@id\":\"https:\\\/\\\/www.kirche-hettenhausen.de\\\/site\\\/events\\\/gottesdienst-karfreitag-6\\\/#breadcrumb\",\"itemListElement\":[{\"@type\":\"ListItem\",\"position\":1,\"name\":\"Startseite\",\"item\":\"https:\\\/\\\/www.kirche-hettenhausen.de\\\/site\\\/\"},{\"@type\":\"ListItem\",\"position\":2,\"name\":\"Veranstaltungen\",\"item\":\"https:\\\/\\\/www.kirche-hettenhausen.de\\\/site\\\/events\\\/\"},{\"@type\":\"ListItem\",\"position\":3,\"name\":\"Gottesdienst &#8222;Karfreitag&#8220;\"}]},{\"@type\":\"WebSite\",\"@id\":\"https:\\\/\\\/www.kirche-hettenhausen.de\\\/site\\\/#website\",\"url\":\"https:\\\/\\\/www.kirche-hettenhausen.de\\\/site\\\/\",\"name\":\"Ev.-luth. Kirchengemeinde Hettenhausen - Dalherda\",\"description\":\"Homepage der Ev.-luth. Kirchengemeinde Hettenhausen - Dalherda\",\"potentialAction\":[{\"@type\":\"SearchAction\",\"target\":{\"@type\":\"EntryPoint\",\"urlTemplate\":\"https:\\\/\\\/www.kirche-hettenhausen.de\\\/site\\\/?s={search_term_string}\"},\"query-input\":{\"@type\":\"PropertyValueSpecification\",\"valueRequired\":true,\"valueName\":\"search_term_string\"}}],\"inLanguage\":\"de\"}]}<\/script>\n<!-- \/ Yoast SEO plugin. -->","yoast_head_json":{"title":"Gottesdienst \"Karfreitag\" - Ev.-luth. Kirchengemeinde Hettenhausen - Dalherda","description":"Ev.-luth. Kirchengemeinde Hettenhausen - Dalherda - Gottesdienst \"Karfreitag\"","robots":{"index":"index","follow":"follow","max-snippet":"max-snippet:-1","max-image-preview":"max-image-preview:large","max-video-preview":"max-video-preview:-1"},"canonical":"https:\/\/www.kirche-hettenhausen.de\/site\/events\/gottesdienst-karfreitag-6\/","og_locale":"de_DE","og_type":"article","og_title":"Gottesdienst \"Karfreitag\" - Ev.-luth. Kirchengemeinde Hettenhausen - Dalherda","og_description":"Ev.-luth. Kirchengemeinde Hettenhausen - Dalherda - Gottesdienst \"Karfreitag\"","og_url":"https:\/\/www.kirche-hettenhausen.de\/site\/events\/gottesdienst-karfreitag-6\/","og_site_name":"Ev.-luth. Kirchengemeinde Hettenhausen - Dalherda","article_modified_time":"2022-01-20T13:49:57+00:00","og_image":[{"width":768,"height":626,"url":"https:\/\/www.kirche-hettenhausen.de\/site\/wp-content\/uploads\/2021\/01\/Melanchthonhaus-Poppenhausen_3.jpg","type":"image\/jpeg"}],"twitter_card":"summary_large_image","twitter_misc":{"Gesch\u00e4tzte Lesezeit":"1\u00a0Minute"},"schema":{"@context":"https:\/\/schema.org","@graph":[{"@type":"WebPage","@id":"https:\/\/www.kirche-hettenhausen.de\/site\/events\/gottesdienst-karfreitag-6\/","url":"https:\/\/www.kirche-hettenhausen.de\/site\/events\/gottesdienst-karfreitag-6\/","name":"Gottesdienst \"Karfreitag\" - Ev.-luth. Kirchengemeinde Hettenhausen - Dalherda","isPartOf":{"@id":"https:\/\/www.kirche-hettenhausen.de\/site\/#website"},"primaryImageOfPage":{"@id":"https:\/\/www.kirche-hettenhausen.de\/site\/events\/gottesdienst-karfreitag-6\/#primaryimage"},"image":{"@id":"https:\/\/www.kirche-hettenhausen.de\/site\/events\/gottesdienst-karfreitag-6\/#primaryimage"},"thumbnailUrl":"https:\/\/www.kirche-hettenhausen.de\/site\/wp-content\/uploads\/2021\/01\/Melanchthonhaus-Poppenhausen_3.jpg","datePublished":"2022-01-20T13:49:40+00:00","dateModified":"2022-01-20T13:49:57+00:00","description":"Ev.-luth. Kirchengemeinde Hettenhausen - Dalherda - Gottesdienst \"Karfreitag\"","breadcrumb":{"@id":"https:\/\/www.kirche-hettenhausen.de\/site\/events\/gottesdienst-karfreitag-6\/#breadcrumb"},"inLanguage":"de","potentialAction":[{"@type":"ReadAction","target":["https:\/\/www.kirche-hettenhausen.de\/site\/events\/gottesdienst-karfreitag-6\/"]}]},{"@type":"ImageObject","inLanguage":"de","@id":"https:\/\/www.kirche-hettenhausen.de\/site\/events\/gottesdienst-karfreitag-6\/#primaryimage","url":"https:\/\/www.kirche-hettenhausen.de\/site\/wp-content\/uploads\/2021\/01\/Melanchthonhaus-Poppenhausen_3.jpg","contentUrl":"https:\/\/www.kirche-hettenhausen.de\/site\/wp-content\/uploads\/2021\/01\/Melanchthonhaus-Poppenhausen_3.jpg","width":768,"height":626,"caption":"Melanchthonhaus Glockenturm"},{"@type":"BreadcrumbList","@id":"https:\/\/www.kirche-hettenhausen.de\/site\/events\/gottesdienst-karfreitag-6\/#breadcrumb","itemListElement":[{"@type":"ListItem","position":1,"name":"Startseite","item":"https:\/\/www.kirche-hettenhausen.de\/site\/"},{"@type":"ListItem","position":2,"name":"Veranstaltungen","item":"https:\/\/www.kirche-hettenhausen.de\/site\/events\/"},{"@type":"ListItem","position":3,"name":"Gottesdienst &#8222;Karfreitag&#8220;"}]},{"@type":"WebSite","@id":"https:\/\/www.kirche-hettenhausen.de\/site\/#website","url":"https:\/\/www.kirche-hettenhausen.de\/site\/","name":"Ev.-luth. Kirchengemeinde Hettenhausen - Dalherda","description":"Homepage der Ev.-luth. Kirchengemeinde Hettenhausen - Dalherda","potentialAction":[{"@type":"SearchAction","target":{"@type":"EntryPoint","urlTemplate":"https:\/\/www.kirche-hettenhausen.de\/site\/?s={search_term_string}"},"query-input":{"@type":"PropertyValueSpecification","valueRequired":true,"valueName":"search_term_string"}}],"inLanguage":"de"}]}},"_links":{"self":[{"href":"https:\/\/www.kirche-hettenhausen.de\/site\/wp-json\/wp\/v2\/mec-events\/10932","targetHints":{"allow":["GET"]}}],"collection":[{"href":"https:\/\/www.kirche-hettenhausen.de\/site\/wp-json\/wp\/v2\/mec-events"}],"about":[{"href":"https:\/\/www.kirche-hettenhausen.de\/site\/wp-json\/wp\/v2\/types\/mec-events"}],"author":[{"embeddable":true,"href":"https:\/\/www.kirche-hettenhausen.de\/site\/wp-json\/wp\/v2\/users\/2"}],"replies":[{"embeddable":true,"href":"https:\/\/www.kirche-hettenhausen.de\/site\/wp-json\/wp\/v2\/comments?post=10932"}],"wp:featuredmedia":[{"embeddable":true,"href":"https:\/\/www.kirche-hettenhausen.de\/site\/wp-json\/wp\/v2\/media\/7334"}],"wp:attachment":[{"href":"https:\/\/www.kirche-hettenhausen.de\/site\/wp-json\/wp\/v2\/media?parent=10932"}],"wp:term":[{"taxonomy":"post_tag","embeddable":true,"href":"https:\/\/www.kirche-hettenhausen.de\/site\/wp-json\/wp\/v2\/tags?post=10932"},{"taxonomy":"mec_category","embeddable":true,"href":"https:\/\/www.kirche-hettenhausen.de\/site\/wp-json\/wp\/v2\/mec_category?post=10932"}],"curies":[{"name":"wp","href":"https:\/\/api.w.org\/{rel}","templated":true}]}}

<p>Gottesdienste im Melanchthonhaus Poppenhausen feiern wir regelmäßig an Sonn- und Feiertagen.</p>
<p><strong>Wichtig: Bitte beachten Sie die aktuell gültigen Zugangs- und Hygieneregelungen, die momentan befolgt werden müssen. Sie finden sie <a href="https://www.kirche-hettenhausen.de/site/2021/12/aktuelle-infos/">hier</a>. Weitere Infos entnehmen Sie bitte den aktuellen Ankündigungen!</strong></p>
<p>&nbsp;</p>
<p>Der <strong>Karfreitag</strong> ist der Freitag vor Ostern. Er folgt auf den Gründonnerstag und geht dem Karsamstag voraus. Christen gedenken an diesem Tag des Leidens und Sterbens Jesu Christi am Kreuz. Der Karfreitag wird auch stiller Freitag oder hoher Freitag genannt.</p>
<p>&nbsp;</p>
<p><strong>Tagesspruch</strong><br />
Also hat Gott die Welt geliebt, dass er seinen eingeborenen Sohn gab, damit alle, die an ihn glauben, nicht verloren werden, sondern das ewige Leben haben. <em>(Joh 3,16)</em></p>

<p>Gottesdienste im Melanchthonhaus Poppenhausen feiern wir regelmäßig an Sonn- und Feiertagen. Wichtig: Bitte beachten Sie die aktuell gültigen Zugangs- und Hygieneregelungen, die momentan befolgt werden müssen. Sie finden sie hier. Weitere Infos entnehmen Sie bitte den aktuellen Ankündigungen! &nbsp; Der Karfreitag ist der Freitag vor Ostern. Er folgt auf den Gründonnerstag und geht dem Karsamstag [&hellip;]</p>

<!-- This site is optimized with the Yoast SEO plugin v27.4 - https://yoast.com/product/yoast-seo-wordpress/ -->
<title>Gottesdienst &quot;Karfreitag&quot; - Ev.-luth. Kirchengemeinde Hettenhausen - Dalherda</title>
<meta name="description" content="Ev.-luth. Kirchengemeinde Hettenhausen - Dalherda - Gottesdienst &quot;Karfreitag&quot;" />
<meta name="robots" content="index, follow, max-snippet:-1, max-image-preview:large, max-video-preview:-1" />
<link rel="canonical" href="https://www.kirche-hettenhausen.de/site/events/gottesdienst-karfreitag-6/" />
<meta property="og:locale" content="de_DE" />
<meta property="og:type" content="article" />
<meta property="og:title" content="Gottesdienst &quot;Karfreitag&quot; - Ev.-luth. Kirchengemeinde Hettenhausen - Dalherda" />
<meta property="og:description" content="Ev.-luth. Kirchengemeinde Hettenhausen - Dalherda - Gottesdienst &quot;Karfreitag&quot;" />
<meta property="og:url" content="https://www.kirche-hettenhausen.de/site/events/gottesdienst-karfreitag-6/" />
<meta property="og:site_name" content="Ev.-luth. Kirchengemeinde Hettenhausen - Dalherda" />
<meta property="article:modified_time" content="2022-01-20T13:49:57+00:00" />
<meta property="og:image" content="https://www.kirche-hettenhausen.de/site/wp-content/uploads/2021/01/Melanchthonhaus-Poppenhausen_3.jpg" />
	<meta property="og:image:width" content="768" />
	<meta property="og:image:height" content="626" />
	<meta property="og:image:type" content="image/jpeg" />
<meta name="twitter:card" content="summary_large_image" />
<meta name="twitter:label1" content="Geschätzte Lesezeit" />
	<meta name="twitter:data1" content="1 Minute" />
<script type="application/ld+json" class="yoast-schema-graph">{"@context":"https:\/\/schema.org","@graph":[{"@type":"WebPage","@id":"https:\/\/www.kirche-hettenhausen.de\/site\/events\/gottesdienst-karfreitag-6\/","url":"https:\/\/www.kirche-hettenhausen.de\/site\/events\/gottesdienst-karfreitag-6\/","name":"Gottesdienst \"Karfreitag\" - Ev.-luth. Kirchengemeinde Hettenhausen - Dalherda","isPartOf":{"@id":"https:\/\/www.kirche-hettenhausen.de\/site\/#website"},"primaryImageOfPage":{"@id":"https:\/\/www.kirche-hettenhausen.de\/site\/events\/gottesdienst-karfreitag-6\/#primaryimage"},"image":{"@id":"https:\/\/www.kirche-hettenhausen.de\/site\/events\/gottesdienst-karfreitag-6\/#primaryimage"},"thumbnailUrl":"https:\/\/www.kirche-hettenhausen.de\/site\/wp-content\/uploads\/2021\/01\/Melanchthonhaus-Poppenhausen_3.jpg","datePublished":"2022-01-20T13:49:40+00:00","dateModified":"2022-01-20T13:49:57+00:00","description":"Ev.-luth. Kirchengemeinde Hettenhausen - Dalherda - Gottesdienst \"Karfreitag\"","breadcrumb":{"@id":"https:\/\/www.kirche-hettenhausen.de\/site\/events\/gottesdienst-karfreitag-6\/#breadcrumb"},"inLanguage":"de","potentialAction":[{"@type":"ReadAction","target":["https:\/\/www.kirche-hettenhausen.de\/site\/events\/gottesdienst-karfreitag-6\/"]}]},{"@type":"ImageObject","inLanguage":"de","@id":"https:\/\/www.kirche-hettenhausen.de\/site\/events\/gottesdienst-karfreitag-6\/#primaryimage","url":"https:\/\/www.kirche-hettenhausen.de\/site\/wp-content\/uploads\/2021\/01\/Melanchthonhaus-Poppenhausen_3.jpg","contentUrl":"https:\/\/www.kirche-hettenhausen.de\/site\/wp-content\/uploads\/2021\/01\/Melanchthonhaus-Poppenhausen_3.jpg","width":768,"height":626,"caption":"Melanchthonhaus Glockenturm"},{"@type":"BreadcrumbList","@id":"https:\/\/www.kirche-hettenhausen.de\/site\/events\/gottesdienst-karfreitag-6\/#breadcrumb","itemListElement":[{"@type":"ListItem","position":1,"name":"Startseite","item":"https:\/\/www.kirche-hettenhausen.de\/site\/"},{"@type":"ListItem","position":2,"name":"Veranstaltungen","item":"https:\/\/www.kirche-hettenhausen.de\/site\/events\/"},{"@type":"ListItem","position":3,"name":"Gottesdienst &#8222;Karfreitag&#8220;"}]},{"@type":"WebSite","@id":"https:\/\/www.kirche-hettenhausen.de\/site\/#website","url":"https:\/\/www.kirche-hettenhausen.de\/site\/","name":"Ev.-luth. Kirchengemeinde Hettenhausen - Dalherda","description":"Homepage der Ev.-luth. Kirchengemeinde Hettenhausen - Dalherda","potentialAction":[{"@type":"SearchAction","target":{"@type":"EntryPoint","urlTemplate":"https:\/\/www.kirche-hettenhausen.de\/site\/?s={search_term_string}"},"query-input":{"@type":"PropertyValueSpecification","valueRequired":true,"valueName":"search_term_string"}}],"inLanguage":"de"}]}</script>
<!-- / Yoast SEO plugin. -->
