{"version":"1.0","provider_name":"Ev.-luth. Kirchengemeinde Hettenhausen - Dalherda","provider_url":"https:\/\/www.kirche-hettenhausen.de\/site","author_name":"Marion Friedrich","author_url":"https:\/\/www.kirche-hettenhausen.de\/site\/author\/m-friedrichkirche-hettenhausen-de\/","title":"Gemeindereise nach Paris - Ev.-luth. Kirchengemeinde Hettenhausen - Dalherda","type":"rich","width":600,"height":338,"html":"<blockquote class=\"wp-embedded-content\" data-secret=\"GaESd5iFM4\"><a href=\"https:\/\/www.kirche-hettenhausen.de\/site\/2013\/07\/gemeindereise-nach-paris\/\">Gemeindereise nach Paris<\/a><\/blockquote><iframe sandbox=\"allow-scripts\" security=\"restricted\" src=\"https:\/\/www.kirche-hettenhausen.de\/site\/2013\/07\/gemeindereise-nach-paris\/embed\/#?secret=GaESd5iFM4\" width=\"600\" height=\"338\" title=\"&#8222;Gemeindereise nach Paris&#8220; &#8211; Ev.-luth. Kirchengemeinde Hettenhausen - Dalherda\" data-secret=\"GaESd5iFM4\" frameborder=\"0\" marginwidth=\"0\" marginheight=\"0\" scrolling=\"no\" class=\"wp-embedded-content\"><\/iframe><script type=\"text\/javascript\">\n\/* <![CDATA[ *\/\n\/*! This file is auto-generated *\/\n!function(d,l){\"use strict\";l.querySelector&&d.addEventListener&&\"undefined\"!=typeof URL&&(d.wp=d.wp||{},d.wp.receiveEmbedMessage||(d.wp.receiveEmbedMessage=function(e){var t=e.data;if((t||t.secret||t.message||t.value)&&!\/[^a-zA-Z0-9]\/.test(t.secret)){for(var s,r,n,a=l.querySelectorAll('iframe[data-secret=\"'+t.secret+'\"]'),o=l.querySelectorAll('blockquote[data-secret=\"'+t.secret+'\"]'),c=new RegExp(\"^https?:$\",\"i\"),i=0;i<o.length;i++)o[i].style.display=\"none\";for(i=0;i<a.length;i++)s=a[i],e.source===s.contentWindow&&(s.removeAttribute(\"style\"),\"height\"===t.message?(1e3<(r=parseInt(t.value,10))?r=1e3:~~r<200&&(r=200),s.height=r):\"link\"===t.message&&(r=new URL(s.getAttribute(\"src\")),n=new URL(t.value),c.test(n.protocol))&&n.host===r.host&&l.activeElement===s&&(d.top.location.href=t.value))}},d.addEventListener(\"message\",d.wp.receiveEmbedMessage,!1),l.addEventListener(\"DOMContentLoaded\",function(){for(var e,t,s=l.querySelectorAll(\"iframe.wp-embedded-content\"),r=0;r<s.length;r++)(t=(e=s[r]).getAttribute(\"data-secret\"))||(t=Math.random().toString(36).substring(2,12),e.src+=\"#?secret=\"+t,e.setAttribute(\"data-secret\",t)),e.contentWindow.postMessage({message:\"ready\",secret:t},\"*\")},!1)))}(window,document);\n\/\/# sourceURL=https:\/\/www.kirche-hettenhausen.de\/site\/wp-includes\/js\/wp-embed.min.js\n\/* ]]> *\/\n<\/script>\n","thumbnail_url":"https:\/\/www.kirche-hettenhausen.de\/site\/wp-content\/uploads\/2019\/04\/SAM_0241_n.jpg","thumbnail_width":275,"thumbnail_height":199,"description":"Am 12. Juni 2013 machten wir uns um kurz vor 6 Uhr, eine Stunde fr\u00fcher als urspr\u00fcnglich geplant, mit 18 Teilnehmern auf den Weg nach Paris, dem Ziel unserer diesj\u00e4hri\u00adgen Gemeindereise. Die Bahnfahrt f\u00fchrte uns zun\u00e4chst \u00fcber Fulda und Frankfurt, bis wir dann gegen 13 Uhr am Gare de l\u2019Est in Paris an\u00adkamen. Dort erwartete [&hellip;]"}

Am 12. Juni 2013 machten wir uns um kurz vor 6 Uhr, eine Stunde früher als ursprünglich geplant, mit 18 Teilnehmern auf den Weg nach Paris, dem Ziel unserer diesjähri­gen Gemeindereise. Die Bahnfahrt führte uns zunächst über Fulda und Frankfurt, bis wir dann gegen 13 Uhr am Gare de l’Est in Paris an­kamen. Dort erwartete [&hellip;]
